INSERT INTO "MATRIX_VERSION" VALUES(14093,12052,'2022');
INSERT INTO "MATRIX_VERSION" VALUES(14094,12053,'2020');
INSERT INTO "MATRIX_VERSION" VALUES(14095,12053,'2022');
INSERT INTO "MATRIX_VERSION" VALUES(14096,12054,'2020');
INSERT INTO "MATRIX_VERSION" VALUES(14097,12054,'2022');
INSERT INTO "MATRIX_VERSION" VALUES(14098,12055,'2020');
INSERT INTO "MATRIX_VERSION" VALUES(14099,12055,'2022');
INSERT INTO "MATRIX_VERSION" VALUES(14100,12056,'2020');
INSERT INTO "MATRIX_VERSION" VALUES(14101,12056,'2022');
INSERT INTO "MATRIX_VERSION" VALUES(14102,12057,'2020');
INSERT INTO "MATRIX_VERSION" VALUES(14103,12057,'2022');
INSERT INTO "MATRIX_VERSION" VALUES(14104,12058,'2020');
INSERT INTO "MATRIX_VERSION" VALUES(14105,12059,'2020');
INSERT INTO "MATRIX_VERSION" VALUES(14106,12059,'2022');
INSERT INTO "MATRIX_VERSION" VALUES(14107,12061,'2020');
INSERT INTO "MATRIX_VERSION" VALUES(14108,12061,'2022');
INSERT INTO "MATRIX_VERSION" VALUES(14109,12062,'2020');
INSERT INTO "MATRIX_VERSION" VALUES(14110,12063,'2020');
INSERT INTO "MATRIX_VERSION" VALUES(14111,12064,'2020');
INSERT INTO "MATRIX_VERSION" VALUES(14112,12064,'2022');
INSERT INTO "MATRIX_VERSION" VALUES(14113,12065,'2020');
INSERT INTO "MATRIX_VERSION" VALUES(14114,12065,'2022');
INSERT INTO "MATRIX_VERSION" VALUES(14115,12066,'2020');
INSERT INTO "MATRIX_VERSION" VALUES(14116,12066,'2022');
INSERT INTO "MATRIX_VERSION" VALUES(14117,12067,'2020');
INSERT INTO "MATRIX_VERSION" VALUES(14118,12067,'2022');
INSERT INTO "MATRIX_VERSION" VALUES(14119,12068,'2020');
INSERT INTO "MATRIX_VERSION" VALUES(14120,12070,'2020');
INSERT INTO "MATRIX_VERSION" VALUES(14121,12070,'2022');
INSERT INTO "MATRIX_VERSION" VALUES(14122,12072,'2020');
INSERT INTO "MATRIX_VERSION" VALUES(14123,12072,'2022');
INSERT INTO "MATRIX_VERSION" VALUES(14124,12073,'2020');
INSERT INTO "MATRIX_VERSION" VALUES(14125,12073,'2022');
INSERT INTO "MATRIX_VERSION" VALUES(14126,12074,'2020');
INSERT INTO "MATRIX_VERSION" VALUES(14127,12074,'2022');
INSERT INTO "MATRIX_VERSION" VALUES(14128,12075,'2020');
INSERT INTO "MATRIX_VERSION" VALUES(14129,12075,'2022');
INSERT INTO "MATRIX_VERSION" VALUES(14130,12076,'2020');
INSERT INTO "MATRIX_VERSION" VALUES(14131,12076,'2022');
INSERT INTO "MATRIX_VERSION" VALUES(14132,12077,'2020');
INSERT INTO "MATRIX_VERSION" VALUES(14133,12077,'2022');
INSERT INTO "MATRIX_VERSION" VALUES(14134,12078,'2020');
INSERT INTO "MATRIX_VERSION" VALUES(14135,12079,'2020');
INSERT INTO "MATRIX_VERSION" VALUES(14136,12080,'2020');
INSERT INTO "MATRIX_VERSION" VALUES(14137,12080,'2022');
INSERT INTO "MATRIX_VERSION" VALUES(14138,12081,'2020');
INSERT INTO "MATRIX_VERSION" VALUES(14139,12082,'2020');
INSERT INTO "MATRIX_VERSION" VALUES(14140,12082,'2022');
INSERT INTO "MATRIX_VERSION" VALUES(14141,12086,'2020');
INSERT INTO "MATRIX_VERSION" VALUES(14142,12086,'2022');
INSERT INTO "MATRIX_VERSION" VALUES(14143,12087,'2020');
INSERT INTO "MATRIX_VERSION" VALUES(14144,12087,'2022');
INSERT INTO "MATRIX_VERSION" VALUES(14145,12088,'2020');
INSERT INTO "MATRIX_VERSION" VALUES(14146,12088,'2022');
INSERT INTO "MATRIX_VERSION" VALUES(14147,12089,'2020');
INSERT INTO "MATRIX_VERSION" VALUES(14148,12089,'2022');
INSERT INTO "MATRIX_VERSION" VALUES(14149,12091,'2020');
INSERT INTO "MATRIX_VERSION" VALUES(14150,12091,'2022');
INSERT INTO "MATRIX_VERSION" VALUES(14151,12092,'2020');
INSERT INTO "MATRIX_VERSION" VALUES(14152,12092,'2022');
INSERT INTO "MATRIX_VERSION" VALUES(14153,12093,'2020');
INSERT INTO "MATRIX_VERSION" VALUES(14154,12093,'2022');
INSERT INTO "MATRIX_VERSION" VALUES(14155,12094,'2020');
INSERT INTO "MATRIX_VERSION" VALUES(14156,12094,'2022');
INSERT INTO "MATRIX_VERSION" VALUES(14157,12095,'2020');
INSERT INTO "MATRIX_VERSION" VALUES(14158,12095,'2022');
INSERT INTO "MATRIX_VERSION" VALUES(14159,12096,'2020');
INSERT INTO "MATRIX_VERSION" VALUES(14160,12096,'2022');
INSERT INTO "MATRIX_VERSION" VALUES(14161,12097,'2020');
INSERT INTO "MATRIX_VERSION" VALUES(14162,12097,'2022');
INSERT INTO "MATRIX_VERSION" VALUES(14163,12098,'2020');
INSERT INTO "MATRIX_VERSION" VALUES(14164,12098,'2022');
INSERT INTO "MATRIX_VERSION" VALUES(14165,12099,'2020');
INSERT INTO "MATRIX_VERSION" VALUES(14166,12099,'2022');
INSERT INTO "MATRIX_VERSION" VALUES(14167,12100,'2020');
INSERT INTO "MATRIX_VERSION" VALUES(14168,12101,'2020');
INSERT INTO "MATRIX_VERSION" VALUES(14169,12101,'2022');
INSERT INTO "MATRIX_VERSION" VALUES(14170,12102,'2020');
INSERT INTO "MATRIX_VERSION" VALUES(14171,12102,'2022');
INSERT INTO "MATRIX_VERSION" VALUES(14172,12103,'2020');
INSERT INTO "MATRIX_VERSION" VALUES(14173,12103,'2022');
INSERT INTO "MATRIX_VERSION" VALUES(14174,12104,'2020');
INSERT INTO "MATRIX_VERSION" VALUES(14175,12104,'2022');
INSERT INTO "MATRIX_VERSION" VALUES(14176,12105,'2020');
INSERT INTO "MATRIX_VERSION" VALUES(14177,12105,'2022');
INSERT INTO "MATRIX_VERSION" VALUES(14178,12106,'2020');
INSERT INTO "MATRIX_VERSION" VALUES(14179,12106,'2022');
INSERT INTO "MATRIX_VERSION" VALUES(14180,12107,'2020');
INSERT INTO "MATRIX_VERSION" VALUES(14181,12107,'2022');
INSERT INTO "MATRIX_VERSION" VALUES(14182,12108,'2020');
INSERT INTO "MATRIX_VERSION" VALUES(14183,12108,'2022');
INSERT INTO "MATRIX_VERSION" VALUES(14184,12110,'2020');
INSERT INTO "MATRIX_VERSION" VALUES(14185,12110,'2022');
INSERT INTO "MATRIX_VERSION" VALUES(14186,12111,'2020');
INSERT INTO "MATRIX_VERSION" VALUES(14187,12111,'2022');
INSERT INTO "MATRIX_VERSION" VALUES(14188,12112,'2020');
INSERT INTO "MATRIX_VERSION" VALUES(14189,12112,'2022');
INSERT INTO "MATRIX_VERSION" VALUES(14190,12113,'2020');
INSERT INTO "MATRIX_VERSION" VALUES(14191,12114,'2020');
INSERT INTO "MATRIX_VERSION" VALUES(14192,12114,'2022');
INSERT INTO "MATRIX_VERSION" VALUES(14193,12115,'2020');
INSERT INTO "MATRIX_VERSION" VALUES(14194,12115,'2022');
INSERT INTO "MATRIX_VERSION" VALUES(14195,12116,'2020');
INSERT INTO "MATRIX_VERSION" VALUES(14196,12116,'2022');
INSERT INTO "MATRIX_VERSION" VALUES(14197,12117,'2020');
INSERT INTO "MATRIX_VERSION" VALUES(14198,12117,'2022');
INSERT INTO "MATRIX_VERSION" VALUES(14199,12118,'2020');
INSERT INTO "MATRIX_VERSION" VALUES(14200,12118,'2022');
INSERT INTO "MATRIX_VERSION" VALUES(14201,12119,'2020');
INSERT INTO "MATRIX_VERSION" VALUES(14202,12119,'2022');
INSERT INTO "MATRIX_VERSION" VALUES(14203,12120,'2020');
INSERT INTO "MATRIX_VERSION" VALUES(14204,12120,'2022');
INSERT INTO "MATRIX_VERSION" VALUES(14205,12122,'2020');
INSERT INTO "MATRIX_VERSION" VALUES(14206,12122,'2022');
INSERT INTO "MATRIX_VERSION" VALUES(14207,12126,'2020');
INSERT INTO "MATRIX_VERSION" VALUES(14208,12127,'2020');
INSERT INTO "MATRIX_VERSION" VALUES(14209,12127,'2022');
INSERT INTO "MATRIX_VERSION" VALUES(14210,12128,'2020');
INSERT INTO "MATRIX_VERSION" VALUES(14211,12128,'2022');
INSERT INTO "MATRIX_VERSION" VALUES(14212,12129,'2020');
INSERT INTO "MATRIX_VERSION" VALUES(14213,12129,'2022');
INSERT INTO "MATRIX_VERSION" VALUES(14214,12130,'2020');
INSERT INTO "MATRIX_VERSION" VALUES(14215,12130,'2022');
INSERT INTO "MATRIX_VERSION" VALUES(14216,12131,'2020');
INSERT INTO "MATRIX_VERSION" VALUES(14217,12131,'2022');
INSERT INTO "MATRIX_VERSION" VALUES(14218,12132,'2020');
INSERT INTO "MATRIX_VERSION" VALUES(14219,12133,'2020');
INSERT INTO "MATRIX_VERSION" VALUES(14220,12133,'2022');
INSERT INTO "MATRIX_VERSION" VALUES(14221,12134,'2020');
INSERT INTO "MATRIX_VERSION" VALUES(14222,12134,'2022');
INSERT INTO "MATRIX_VERSION" VALUES(14223,12135,'2020');
INSERT INTO "MATRIX_VERSION" VALUES(14224,12136,'2020');
INSERT INTO "MATRIX_VERSION" VALUES(14225,12139,'2020');
INSERT INTO "MATRIX_VERSION" VALUES(14226,12139,'2022');
INSERT INTO "MATRIX_VERSION" VALUES(14227,12140,'2020');
INSERT INTO "MATRIX_VERSION" VALUES(14228,12140,'2022');
INSERT INTO "MATRIX_VERSION" VALUES(14229,12141,'2020');
INSERT INTO "MATRIX_VERSION" VALUES(14230,12141,'2022');
INSERT INTO "MATRIX_VERSION" VALUES(14231,12142,'2020');
INSERT INTO "MATRIX_VERSION" VALUES(14232,12142,'2022');
INSERT INTO "MATRIX_VERSION" VALUES(14233,12143,'2020');
INSERT INTO "MATRIX_VERSION" VALUES(14234,12143,'2022');
INSERT INTO "MATRIX_VERSION" VALUES(14235,12144,'2020');
INSERT INTO "MATRIX_VERSION" VALUES(14236,12144,'2022');
INSERT INTO "MATRIX_VERSION" VALUES(14237,12147,'2020');
INSERT INTO "MATRIX_VERSION" VALUES(14238,12147,'2022');
INSERT INTO "MATRIX_VERSION" VALUES(14239,12148,'2020');
INSERT INTO "MATRIX_VERSION" VALUES(14240,12148,'2022');
INSERT INTO "MATRIX_VERSION" VALUES(14241,12149,'2020');
INSERT INTO "MATRIX_VERSION" VALUES(14242,12149,'2022');
INSERT INTO "MATRIX_VERSION" VALUES(14243,12150,'2020');
INSERT INTO "MATRIX_VERSION" VALUES(14244,12150,'2022');
INSERT INTO "MATRIX_VERSION" VALUES(14245,12151,'2020');
INSERT INTO "MATRIX_VERSION" VALUES(14246,12151,'2022');
INSERT INTO "MATRIX_VERSION" VALUES(14247,12152,'2020');
INSERT INTO "MATRIX_VERSION" VALUES(14248,12153,'2020');
INSERT INTO "MATRIX_VERSION" VALUES(14249,12153,'2022');
INSERT INTO "MATRIX_VERSION" VALUES(14250,12154,'2020');
INSERT INTO "MATRIX_VERSION" VALUES(14251,12154,'2022');
INSERT INTO "MATRIX_VERSION" VALUES(14252,12155,'2020');
INSERT INTO "MATRIX_VERSION" VALUES(14253,12156,'2020');
INSERT INTO "MATRIX_VERSION" VALUES(14254,12156,'2022');
INSERT INTO "MATRIX_VERSION" VALUES(14255,12157,'2020');
INSERT INTO "MATRIX_VERSION" VALUES(14256,12159,'2020');
INSERT INTO "MATRIX_VERSION" VALUES(14257,12159,'2022');
INSERT INTO "MATRIX_VERSION" VALUES(14258,12160,'2020');
INSERT INTO "MATRIX_VERSION" VALUES(14259,12160,'2022');
INSERT INTO "MATRIX_VERSION" VALUES(14260,12161,'2020');
INSERT INTO "MATRIX_VERSION" VALUES(14261,12161,'2022');
INSERT INTO "MATRIX_VERSION" VALUES(14262,12162,'2020');
INSERT INTO "MATRIX_VERSION" VALUES(14263,12162,'2022');
INSERT INTO "MATRIX_VERSION" VALUES(14264,12164,'2020');
INSERT INTO "MATRIX_VERSION" VALUES(14265,12165,'2020');
INSERT INTO "MATRIX_VERSION" VALUES(14266,12165,'2022');
INSERT INTO "MATRIX_VERSION" VALUES(14267,12166,'2020');
INSERT INTO "MATRIX_VERSION" VALUES(14268,12166,'2022');
INSERT INTO "MATRIX_VERSION" VALUES(14269,12168,'2020');
INSERT INTO "MATRIX_VERSION" VALUES(14270,12168,'2022');
INSERT INTO "MATRIX_VERSION" VALUES(14271,12169,'2020');
INSERT INTO "MATRIX_VERSION" VALUES(14272,12169,'2022');
INSERT INTO "MATRIX_VERSION" VALUES(14273,12170,'2020');
INSERT INTO "MATRIX_VERSION" VALUES(14274,12170,'2022');
INSERT INTO "MATRIX_VERSION" VALUES(14275,12171,'2020');
INSERT INTO "MATRIX_VERSION" VALUES(14276,12171,'2022');
INSERT INTO "MATRIX_VERSION" VALUES(14277,12172,'2020');
INSERT INTO "MATRIX_VERSION" VALUES(14278,12173,'2020');
INSERT INTO "MATRIX_VERSION" VALUES(14279,12173,'2022');
INSERT INTO "MATRIX_VERSION" VALUES(14280,12174,'2020');
INSERT INTO "MATRIX_VERSION" VALUES(14281,12174,'2022');
INSERT INTO "MATRIX_VERSION" VALUES(14282,12175,'2020');
INSERT INTO "MATRIX_VERSION" VALUES(14283,12175,'2022');
INSERT INTO "MATRIX_VERSION" VALUES(14284,12176,'2020');
INSERT INTO "MATRIX_VERSION" VALUES(14285,12177,'2020');
INSERT INTO "MATRIX_VERSION" VALUES(14286,12177,'2022');
INSERT INTO "MATRIX_VERSION" VALUES(14287,12178,'2020');
INSERT INTO "MATRIX_VERSION" VALUES(14288,12178,'2022');
INSERT INTO "MATRIX_VERSION" VALUES(14289,12179,'2020');
INSERT INTO "MATRIX_VERSION" VALUES(14290,12180,'2020');
INSERT INTO "MATRIX_VERSION" VALUES(14291,12180,'2022');
INSERT INTO "MATRIX_VERSION" VALUES(14292,12181,'2020');
INSERT INTO "MATRIX_VERSION" VALUES(14293,12181,'2022');
INSERT INTO "MATRIX_VERSION" VALUES(14294,12182,'2020');
INSERT INTO "MATRIX_VERSION" VALUES(14295,12182,'2022');
INSERT INTO "MATRIX_VERSION" VALUES(14296,12183,'2020');
INSERT INTO "MATRIX_VERSION" VALUES(14297,12184,'2020');
INSERT INTO "MATRIX_VERSION" VALUES(14298,12184,'2022');
INSERT INTO "MATRIX_VERSION" VALUES(14299,12185,'2020');
INSERT INTO "MATRIX_VERSION" VALUES(14300,12186,'2020');
INSERT INTO "MATRIX_VERSION" VALUES(14301,12186,'2022');
INSERT INTO "MATRIX_VERSION" VALUES(14302,12187,'2020');
INSERT INTO "MATRIX_VERSION" VALUES(14303,12187,'2022');
INSERT INTO "MATRIX_VERSION" VALUES(14304,12188,'2020');
INSERT INTO "MATRIX_VERSION" VALUES(14305,12188,'2022');
INSERT INTO "MATRIX_VERSION" VALUES(14306,12189,'2020');
INSERT INTO "MATRIX_VERSION" VALUES(14307,12189,'2022');
INSERT INTO "MATRIX_VERSION" VALUES(14308,12190,'2020');
INSERT INTO "MATRIX_VERSION" VALUES(14309,12191,'2020');
INSERT INTO "MATRIX_VERSION" VALUES(14310,12191,'2022');
INSERT INTO "MATRIX_VERSION" VALUES(14311,12192,'2020');
INSERT INTO "MATRIX_VERSION" VALUES(14312,12192,'2022');
INSERT INTO "MATRIX_VERSION" VALUES(14313,12194,'2020');
INSERT INTO "MATRIX_VERSION" VALUES(14314,12194,'2022');
INSERT INTO "MATRIX_VERSION" VALUES(14315,12195,'2020');
INSERT INTO "MATRIX_VERSION" VALUES(14316,12195,'2022');
INSERT INTO "MATRIX_VERSION" VALUES(14317,12196,'2020');
INSERT INTO "MATRIX_VERSION" VALUES(14318,12196,'2022');
INSERT INTO "MATRIX_VERSION" VALUES(14319,12200,'2020');
INSERT INTO "MATRIX_VERSION" VALUES(14320,12203,'2020');
INSERT INTO "MATRIX_VERSION" VALUES(14321,12204,'2020');
INSERT INTO "MATRIX_VERSION" VALUES(14322,12205,'2020');
INSERT INTO "MATRIX_VERSION" VALUES(14323,12205,'2022');
INSERT INTO "MATRIX_VERSION" VALUES(14324,12206,'2020');
INSERT INTO "MATRIX_VERSION" VALUES(14325,12207,'2020');
INSERT INTO "MATRIX_VERSION" VALUES(14326,12207,'2022');
INSERT INTO "MATRIX_VERSION" VALUES(14327,12212,'2020');
INSERT INTO "MATRIX_VERSION" VALUES(14328,12212,'2022');
INSERT INTO "MATRIX_VERSION" VALUES(14329,12213,'2020');
INSERT INTO "MATRIX_VERSION" VALUES(14330,12214,'2020');
INSERT INTO "MATRIX_VERSION" VALUES(14331,12214,'2022');
INSERT INTO "MATRIX_VERSION" VALUES(14332,12215,'2020');
INSERT INTO "MATRIX_VERSION" VALUES(14333,12215,'2022');
INSERT INTO "MATRIX_VERSION" VALUES(14334,12216,'2020');
INSERT INTO "MATRIX_VERSION" VALUES(14335,12216,'2022');
INSERT INTO "MATRIX_VERSION" VALUES(14336,12217,'2020');
INSERT INTO "MATRIX_VERSION" VALUES(14337,12217,'2022');
INSERT INTO "MATRIX_VERSION" VALUES(14338,12218,'2020');
INSERT INTO "MATRIX_VERSION" VALUES(14339,12218,'2022');
INSERT INTO "MATRIX_VERSION" VALUES(14340,12219,'2020');
INSERT INTO "MATRIX_VERSION" VALUES(14341,12219,'2022');
INSERT INTO "MATRIX_VERSION" VALUES(14342,12220,'2020');
INSERT INTO "MATRIX_VERSION" VALUES(14343,12220,'2022');
INSERT INTO "MATRIX_VERSION" VALUES(14344,12221,'2020');
INSERT INTO "MATRIX_VERSION" VALUES(14345,12221,'2022');
INSERT INTO "MATRIX_VERSION" VALUES(14346,12222,'2020');
INSERT INTO "MATRIX_VERSION" VALUES(14347,12222,'2022');
INSERT INTO "MATRIX_VERSION" VALUES(14348,12223,'2020');
INSERT INTO "MATRIX_VERSION" VALUES(14349,12223,'2022');
INSERT INTO "MATRIX_VERSION" VALUES(14350,12224,'2020');
INSERT INTO "MATRIX_VERSION" VALUES(14351,12224,'2022');
INSERT INTO "MATRIX_VERSION" VALUES(14352,12225,'2020');
INSERT INTO "MATRIX_VERSION" VALUES(14353,12225,'2022');
INSERT INTO "MATRIX_VERSION" VALUES(14354,12226,'2020');
INSERT INTO "MATRIX_VERSION" VALUES(14355,12226,'2022');
INSERT INTO "MATRIX_VERSION" VALUES(14356,12227,'2020');
INSERT INTO "MATRIX_VERSION" VALUES(14357,12227,'2022');
INSERT INTO "MATRIX_VERSION" VALUES(14358,12228,'2020');
INSERT INTO "MATRIX_VERSION" VALUES(14359,12228,'2022');
INSERT INTO "MATRIX_VERSION" VALUES(14360,12229,'2020');
INSERT INTO "MATRIX_VERSION" VALUES(14361,12229,'2022');
INSERT INTO "MATRIX_VERSION" VALUES(14362,12230,'2020');
INSERT INTO "MATRIX_VERSION" VALUES(14363,12230,'2022');
INSERT INTO "MATRIX_VERSION" VALUES(14364,12231,'2020');
INSERT INTO "MATRIX_VERSION" VALUES(14365,12231,'2022');
INSERT INTO "MATRIX_VERSION" VALUES(14366,12232,'2020');
INSERT INTO "MATRIX_VERSION" VALUES(14367,12232,'2022');
INSERT INTO "MATRIX_VERSION" VALUES(14368,12233,'2020');
INSERT INTO "MATRIX_VERSION" VALUES(14369,12233,'2022');
INSERT INTO "MATRIX_VERSION" VALUES(14370,12234,'2020');
INSERT INTO "MATRIX_VERSION" VALUES(14371,12234,'2022');
INSERT INTO "MATRIX_VERSION" VALUES(14372,12235,'2020');
INSERT INTO "MATRIX_VERSION" VALUES(14373,12235,'2022');
INSERT INTO "MATRIX_VERSION" VALUES(14374,12236,'2020');
INSERT INTO "MATRIX_VERSION" VALUES(14375,12236,'2022');
INSERT INTO "MATRIX_VERSION" VALUES(14376,12237,'2020');
INSERT INTO "MATRIX_VERSION" VALUES(14377,12237,'2022');
INSERT INTO "MATRIX_VERSION" VALUES(14378,12238,'2020');
INSERT INTO "MATRIX_VERSION" VALUES(14379,12238,'2022');
INSERT INTO "MATRIX_VERSION" VALUES(14380,12239,'2020');
INSERT INTO "MATRIX_VERSION" VALUES(14381,12239,'2022');
INSERT INTO "MATRIX_VERSION" VALUES(14382,12240,'2020');
INSERT INTO "MATRIX_VERSION" VALUES(14383,12240,'2022');
INSERT INTO "MATRIX_VERSION" VALUES(14384,12241,'2020');
INSERT INTO "MATRIX_VERSION" VALUES(14385,12241,'2022');
INSERT INTO "MATRIX_VERSION" VALUES(14386,12242,'2020');
INSERT INTO "MATRIX_VERSION" VALUES(14387,12242,'2022');
INSERT INTO "MATRIX_VERSION" VALUES(14388,12243,'2020');
INSERT INTO "MATRIX_VERSION" VALUES(14389,12243,'2022');
INSERT INTO "MATRIX_VERSION" VALUES(14390,12244,'2020');
INSERT INTO "MATRIX_VERSION" VALUES(14391,12244,'2022');
INSERT INTO "MATRIX_VERSION" VALUES(14392,12245,'2020');
INSERT INTO "MATRIX_VERSION" VALUES(14393,12245,'2022');
INSERT INTO "MATRIX_VERSION" VALUES(14394,12246,'2020');
INSERT INTO "MATRIX_VERSION" VALUES(14395,12246,'2022');
INSERT INTO "MATRIX_VERSION" VALUES(14396,12247,'2020');
INSERT INTO "MATRIX_VERSION" VALUES(14397,12247,'2022');
INSERT INTO "MATRIX_VERSION" VALUES(14398,12248,'2020');
INSERT INTO "MATRIX_VERSION" VALUES(14399,12248,'2022');
INSERT INTO "MATRIX_VERSION" VALUES(14400,12249,'2020');
INSERT INTO "MATRIX_VERSION" VALUES(14401,12249,'2022');
INSERT INTO "MATRIX_VERSION" VALUES(14402,12250,'2020');
INSERT INTO "MATRIX_VERSION" VALUES(14403,12250,'2022');
INSERT INTO "MATRIX_VERSION" VALUES(14404,12251,'2020');
INSERT INTO "MATRIX_VERSION" VALUES(14405,12251,'2022');
INSERT INTO "MATRIX_VERSION" VALUES(14406,12252,'2020');
INSERT INTO "MATRIX_VERSION" VALUES(14407,12252,'2022');
INSERT INTO "MATRIX_VERSION" VALUES(14408,12253,'2020');
INSERT INTO "MATRIX_VERSION" VALUES(14409,12253,'2022');
INSERT INTO "MATRIX_VERSION" VALUES(14410,12254,'2020');
INSERT INTO "MATRIX_VERSION" VALUES(14411,12254,'2022');
INSERT INTO "MATRIX_VERSION" VALUES(14412,12255,'2020');
INSERT INTO "MATRIX_VERSION" VALUES(14413,12255,'2022');
INSERT INTO "MATRIX_VERSION" VALUES(14414,12256,'2020');
INSERT INTO "MATRIX_VERSION" VALUES(14415,12256,'2022');
INSERT INTO "MATRIX_VERSION" VALUES(14416,12257,'2020');
INSERT INTO "MATRIX_VERSION" VALUES(14417,12257,'2022');
INSERT INTO "MATRIX_VERSION" VALUES(14418,12258,'2020');
INSERT INTO "MATRIX_VERSION" VALUES(14419,12258,'2022');
INSERT INTO "MATRIX_VERSION" VALUES(14420,12259,'2020');
INSERT INTO "MATRIX_VERSION" VALUES(14421,12259,'2022');
INSERT INTO "MATRIX_VERSION" VALUES(14422,12260,'2020');
INSERT INTO "MATRIX_VERSION" VALUES(14423,12260,'2022');
INSERT INTO "MATRIX_VERSION" VALUES(14424,12261,'2020');
INSERT INTO "MATRIX_VERSION" VALUES(14425,12261,'2022');
INSERT INTO "MATRIX_VERSION" VALUES(14426,12262,'2020');
INSERT INTO "MATRIX_VERSION" VALUES(14427,12262,'2022');
INSERT INTO "MATRIX_VERSION" VALUES(14428,12263,'2020');
INSERT INTO "MATRIX_VERSION" VALUES(14429,12263,'2022');
INSERT INTO "MATRIX_VERSION" VALUES(14430,12264,'2020');
INSERT INTO "MATRIX_VERSION" VALUES(14431,12264,'2022');
INSERT INTO "MATRIX_VERSION" VALUES(14432,12265,'2020');
INSERT INTO "MATRIX_VERSION" VALUES(14433,12265,'2022');
INSERT INTO "MATRIX_VERSION" VALUES(14434,12266,'2020');
INSERT INTO "MATRIX_VERSION" VALUES(14435,12266,'2022');
INSERT INTO "MATRIX_VERSION" VALUES(14436,12267,'2020');
INSERT INTO "MATRIX_VERSION" VALUES(14437,12267,'2022');
INSERT INTO "MATRIX_VERSION" VALUES(14438,12268,'2020');
INSERT INTO "MATRIX_VERSION" VALUES(14439,12268,'2022');
INSERT INTO "MATRIX_VERSION" VALUES(14440,12269,'2020');
INSERT INTO "MATRIX_VERSION" VALUES(14441,12269,'2022');
INSERT INTO "MATRIX_VERSION" VALUES(14442,12270,'2020');
INSERT INTO "MATRIX_VERSION" VALUES(14443,12270,'2022');
INSERT INTO "MATRIX_VERSION" VALUES(14444,12271,'2020');
INSERT INTO "MATRIX_VERSION" VALUES(14445,12271,'2022');
INSERT INTO "MATRIX_VERSION" VALUES(14446,12272,'2020');
INSERT INTO "MATRIX_VERSION" VALUES(14447,12272,'2022');
INSERT INTO "MATRIX_VERSION" VALUES(14448,12273,'2020');
INSERT INTO "MATRIX_VERSION" VALUES(14449,12273,'2022');
INSERT INTO "MATRIX_VERSION" VALUES(14450,12274,'2020');
INSERT INTO "MATRIX_VERSION" VALUES(14451,12274,'2022');
INSERT INTO "MATRIX_VERSION" VALUES(14452,12276,'2020');
INSERT INTO "MATRIX_VERSION" VALUES(14453,12276,'2022');
INSERT INTO "MATRIX_VERSION" VALUES(14454,12277,'2020');
INSERT INTO "MATRIX_VERSION" VALUES(14455,12277,'2022');
INSERT INTO "MATRIX_VERSION" VALUES(14456,12278,'2020');
INSERT INTO "MATRIX_VERSION" VALUES(14457,12278,'2022');
INSERT INTO "MATRIX_VERSION" VALUES(14458,12279,'2020');
INSERT INTO "MATRIX_VERSION" VALUES(14459,12279,'2022');
INSERT INTO "MATRIX_VERSION" VALUES(14460,12280,'2020');
INSERT INTO "MATRIX_VERSION" VALUES(14461,12280,'2022');
INSERT INTO "MATRIX_VERSION" VALUES(14462,12281,'2020');
INSERT INTO "MATRIX_VERSION" VALUES(14463,12281,'2022');
INSERT INTO "MATRIX_VERSION" VALUES(14464,12282,'2020');
INSERT INTO "MATRIX_VERSION" VALUES(14465,12282,'2022');
INSERT INTO "MATRIX_VERSION" VALUES(14466,12283,'2020');
INSERT INTO "MATRIX_VERSION" VALUES(14467,12283,'2022');
INSERT INTO "MATRIX_VERSION" VALUES(14468,12284,'2020');
INSERT INTO "MATRIX_VERSION" VALUES(14469,12284,'2022');
INSERT INTO "MATRIX_VERSION" VALUES(14470,12285,'2020');
INSERT INTO "MATRIX_VERSION" VALUES(14471,12286,'2020');
INSERT INTO "MATRIX_VERSION" VALUES(14472,12286,'2022');
INSERT INTO "MATRIX_VERSION" VALUES(14473,12287,'2020');
INSERT INTO "MATRIX_VERSION" VALUES(14474,12287,'2022');
INSERT INTO "MATRIX_VERSION" VALUES(14475,12288,'2020');
INSERT INTO "MATRIX_VERSION" VALUES(14476,12288,'2022');
INSERT INTO "MATRIX_VERSION" VALUES(14477,12289,'2020');
INSERT INTO "MATRIX_VERSION" VALUES(14478,12289,'2022');
INSERT INTO "MATRIX_VERSION" VALUES(14479,12290,'2020');
INSERT INTO "MATRIX_VERSION" VALUES(14480,12290,'2022');
INSERT INTO "MATRIX_VERSION" VALUES(14481,12291,'2020');
INSERT INTO "MATRIX_VERSION" VALUES(14482,12291,'2022');
INSERT INTO "MATRIX_VERSION" VALUES(14483,12292,'2020');
INSERT INTO "MATRIX_VERSION" VALUES(14484,12292,'2022');
INSERT INTO "MATRIX_VERSION" VALUES(14485,12293,'2020');
INSERT INTO "MATRIX_VERSION" VALUES(14486,12293,'2022');
INSERT INTO "MATRIX_VERSION" VALUES(14487,12294,'2020');
INSERT INTO "MATRIX_VERSION" VALUES(14488,12294,'2022');
INSERT INTO "MATRIX_VERSION" VALUES(14489,12295,'2020');
INSERT INTO "MATRIX_VERSION" VALUES(14490,12295,'2022');
INSERT INTO "MATRIX_VERSION" VALUES(14491,12296,'2020');
INSERT INTO "MATRIX_VERSION" VALUES(14492,12296,'2022');
INSERT INTO "MATRIX_VERSION" VALUES(14493,12297,'2020');
INSERT INTO "MATRIX_VERSION" VALUES(14494,12298,'2020');
INSERT INTO "MATRIX_VERSION" VALUES(14495,12298,'2022');
INSERT INTO "MATRIX_VERSION" VALUES(14496,12299,'2020');
INSERT INTO "MATRIX_VERSION" VALUES(14497,12299,'2022');
INSERT INTO "MATRIX_VERSION" VALUES(14498,12300,'2020');
INSERT INTO "MATRIX_VERSION" VALUES(14499,12300,'2022');
INSERT INTO "MATRIX_VERSION" VALUES(14500,12301,'2020');
INSERT INTO "MATRIX_VERSION" VALUES(14501,12301,'2022');
INSERT INTO "MATRIX_VERSION" VALUES(14502,12302,'2020');
INSERT INTO "MATRIX_VERSION" VALUES(14503,12303,'2020');
INSERT INTO "MATRIX_VERSION" VALUES(14504,12304,'2020');
INSERT INTO "MATRIX_VERSION" VALUES(14505,12304,'2022');
INSERT INTO "MATRIX_VERSION" VALUES(14506,12305,'2020');
INSERT INTO "MATRIX_VERSION" VALUES(14507,12306,'2020');
INSERT INTO "MATRIX_VERSION" VALUES(14508,12307,'2020');
INSERT INTO "MATRIX_VERSION" VALUES(14509,12308,'2020');
INSERT INTO "MATRIX_VERSION" VALUES(14510,12308,'2022');
INSERT INTO "MATRIX_VERSION" VALUES(14511,12309,'2020');
INSERT INTO "MATRIX_VERSION" VALUES(14512,12309,'2022');
INSERT INTO "MATRIX_VERSION" VALUES(14513,12310,'2020');
INSERT INTO "MATRIX_VERSION" VALUES(14514,12310,'2022');
INSERT INTO "MATRIX_VERSION" VALUES(14515,12311,'2020');
INSERT INTO "MATRIX_VERSION" VALUES(14516,12312,'2020');
INSERT INTO "MATRIX_VERSION" VALUES(14517,12312,'2022');
INSERT INTO "MATRIX_VERSION" VALUES(14518,12313,'2020');
INSERT INTO "MATRIX_VERSION" VALUES(14519,12313,'2022');
INSERT INTO "MATRIX_VERSION" VALUES(14520,12314,'2020');
INSERT INTO "MATRIX_VERSION" VALUES(14521,12315,'2020');
INSERT INTO "MATRIX_VERSION" VALUES(14522,12315,'2022');
INSERT INTO "MATRIX_VERSION" VALUES(14523,12316,'2020');
INSERT INTO "MATRIX_VERSION" VALUES(14524,12316,'2022');
INSERT INTO "MATRIX_VERSION" VALUES(14525,12317,'2020');
INSERT INTO "MATRIX_VERSION" VALUES(14526,12318,'2020');
INSERT INTO "MATRIX_VERSION" VALUES(14527,12319,'2020');
INSERT INTO "MATRIX_VERSION" VALUES(14528,12319,'2022');
INSERT INTO "MATRIX_VERSION" VALUES(14529,12320,'2020');
INSERT INTO "MATRIX_VERSION" VALUES(14530,12320,'2022');
INSERT INTO "MATRIX_VERSION" VALUES(14531,12321,'2020');
INSERT INTO "MATRIX_VERSION" VALUES(14532,12321,'2022');
INSERT INTO "MATRIX_VERSION" VALUES(14533,12322,'2020');
INSERT INTO "MATRIX_VERSION" VALUES(14534,12322,'2022');
INSERT INTO "MATRIX_VERSION" VALUES(14535,12323,'2020');
INSERT INTO "MATRIX_VERSION" VALUES(14536,12323,'2022');
INSERT INTO "MATRIX_VERSION" VALUES(14537,12324,'2020');
INSERT INTO "MATRIX_VERSION" VALUES(14538,12325,'2020');
INSERT INTO "MATRIX_VERSION" VALUES(14539,12326,'2020');
INSERT INTO "MATRIX_VERSION" VALUES(14540,12326,'2022');
INSERT INTO "MATRIX_VERSION" VALUES(14541,12327,'2020');
INSERT INTO "MATRIX_VERSION" VALUES(14542,12327,'2022');
INSERT INTO "MATRIX_VERSION" VALUES(14543,12328,'2020');
INSERT INTO "MATRIX_VERSION" VALUES(14544,12328,'2022');
INSERT INTO "MATRIX_VERSION" VALUES(14545,12329,'2020');
INSERT INTO "MATRIX_VERSION" VALUES(14546,12329,'2022');
INSERT INTO "MATRIX_VERSION" VALUES(14547,12330,'2020');
INSERT INTO "MATRIX_VERSION" VALUES(14548,12331,'2020');
INSERT INTO "MATRIX_VERSION" VALUES(14549,12331,'2022');
INSERT INTO "MATRIX_VERSION" VALUES(14550,12332,'2020');
INSERT INTO "MATRIX_VERSION" VALUES(14551,12332,'2022');
INSERT INTO "MATRIX_VERSION" VALUES(14552,12333,'2020');
INSERT INTO "MATRIX_VERSION" VALUES(14553,12333,'2022');
INSERT INTO "MATRIX_VERSION" VALUES(14554,12334,'2020');
INSERT INTO "MATRIX_VERSION" VALUES(14555,12335,'2020');
INSERT INTO "MATRIX_VERSION" VALUES(14556,12336,'2020');
INSERT INTO "MATRIX_VERSION" VALUES(14557,12336,'2022');
INSERT INTO "MATRIX_VERSION" VALUES(14558,12337,'2020');
INSERT INTO "MATRIX_VERSION" VALUES(14559,12338,'2020');
INSERT INTO "MATRIX_VERSION" VALUES(14560,12339,'2020');
INSERT INTO "MATRIX_VERSION" VALUES(14561,12340,'2020');
INSERT INTO "MATRIX_VERSION" VALUES(14562,12341,'2020');
INSERT INTO "MATRIX_VERSION" VALUES(14563,12342,'2020');
INSERT INTO "MATRIX_VERSION" VALUES(14564,12343,'2020');
INSERT INTO "MATRIX_VERSION" VALUES(14565,12344,'2020');
INSERT INTO "MATRIX_VERSION" VALUES(14566,12345,'2020');
INSERT INTO "MATRIX_VERSION" VALUES(14567,12346,'2020');
INSERT INTO "MATRIX_VERSION" VALUES(14568,12347,'2020');
INSERT INTO "MATRIX_VERSION" VALUES(14569,12347,'2022');
INSERT INTO "MATRIX_VERSION" VALUES(14570,12348,'2020');
INSERT INTO "MATRIX_VERSION" VALUES(14571,12349,'2020');
INSERT INTO "MATRIX_VERSION" VALUES(14572,12349,'2022');
INSERT INTO "MATRIX_VERSION" VALUES(14573,12350,'2020');
INSERT INTO "MATRIX_VERSION" VALUES(14574,12350,'2022');
INSERT INTO "MATRIX_VERSION" VALUES(14575,12351,'2020');
INSERT INTO "MATRIX_VERSION" VALUES(14576,12351,'2022');
INSERT INTO "MATRIX_VERSION" VALUES(14577,12352,'2020');
INSERT INTO "MATRIX_VERSION" VALUES(14578,12353,'2020');
INSERT INTO "MATRIX_VERSION" VALUES(14579,12353,'2022');
INSERT INTO "MATRIX_VERSION" VALUES(14580,12354,'2020');
INSERT INTO "MATRIX_VERSION" VALUES(14581,12355,'2020');
INSERT INTO "MATRIX_VERSION" VALUES(14582,12355,'2022');
INSERT INTO "MATRIX_VERSION" VALUES(14583,12356,'2020');
INSERT INTO "MATRIX_VERSION" VALUES(14584,12357,'2020');
INSERT INTO "MATRIX_VERSION" VALUES(14585,12358,'2020');
INSERT INTO "MATRIX_VERSION" VALUES(14586,12358,'2022');
INSERT INTO "MATRIX_VERSION" VALUES(14587,12359,'2020');
INSERT INTO "MATRIX_VERSION" VALUES(14588,12360,'2020');
INSERT INTO "MATRIX_VERSION" VALUES(14589,12361,'2020');
INSERT INTO "MATRIX_VERSION" VALUES(14590,12362,'2020');
INSERT INTO "MATRIX_VERSION" VALUES(14591,12363,'2020');
INSERT INTO "MATRIX_VERSION" VALUES(14592,12364,'2020');
INSERT INTO "MATRIX_VERSION" VALUES(14593,12365,'2020');
INSERT INTO "MATRIX_VERSION" VALUES(14594,12366,'2020');
INSERT INTO "MATRIX_VERSION" VALUES(14595,12367,'2020');
INSERT INTO "MATRIX_VERSION" VALUES(14596,12368,'2020');
INSERT INTO "MATRIX_VERSION" VALUES(14597,12369,'2020');
INSERT INTO "MATRIX_VERSION" VALUES(14598,12370,'2020');
INSERT INTO "MATRIX_VERSION" VALUES(14599,12371,'2020');
INSERT INTO "MATRIX_VERSION" VALUES(14600,12372,'2020');
INSERT INTO "MATRIX_VERSION" VALUES(14601,12373,'2020');
INSERT INTO "MATRIX_VERSION" VALUES(14602,12374,'2020');
INSERT INTO "MATRIX_VERSION" VALUES(14603,12375,'2020');
INSERT INTO "MATRIX_VERSION" VALUES(14604,12375,'2022');
INSERT INTO "MATRIX_VERSION" VALUES(14605,12376,'2020');
INSERT INTO "MATRIX_VERSION" VALUES(14606,12377,'2020');
INSERT INTO "MATRIX_VERSION" VALUES(14607,12378,'2020');
INSERT INTO "MATRIX_VERSION" VALUES(14608,12379,'2020');
INSERT INTO "MATRIX_VERSION" VALUES(14609,12379,'2022');
INSERT INTO "MATRIX_VERSION" VALUES(14610,12380,'2020');
INSERT INTO "MATRIX_VERSION" VALUES(14611,12380,'2022');
INSERT INTO "MATRIX_VERSION" VALUES(14612,12381,'2020');
INSERT INTO "MATRIX_VERSION" VALUES(14613,12381,'2022');
INSERT INTO "MATRIX_VERSION" VALUES(14614,12382,'2020');
INSERT INTO "MATRIX_VERSION" VALUES(14615,12382,'2022');
INSERT INTO "MATRIX_VERSION" VALUES(14616,12383,'2020');
INSERT INTO "MATRIX_VERSION" VALUES(14617,12383,'2022');
INSERT INTO "MATRIX_VERSION" VALUES(14618,12384,'2020');
INSERT INTO "MATRIX_VERSION" VALUES(14619,12384,'2022');
INSERT INTO "MATRIX_VERSION" VALUES(14620,12386,'2020');
INSERT INTO "MATRIX_VERSION" VALUES(14621,12386,'2022');
INSERT INTO "MATRIX_VERSION" VALUES(14622,12387,'2020');
INSERT INTO "MATRIX_VERSION" VALUES(14623,12387,'2022');
INSERT INTO "MATRIX_VERSION" VALUES(14624,12388,'2020');
INSERT INTO "MATRIX_VERSION" VALUES(14625,12388,'2022');
INSERT INTO "MATRIX_VERSION" VALUES(14626,12389,'2020');
INSERT INTO "MATRIX_VERSION" VALUES(14627,12389,'2022');
INSERT INTO "MATRIX_VERSION" VALUES(14628,12390,'2020');
INSERT INTO "MATRIX_VERSION" VALUES(14629,12390,'2022');
INSERT INTO "MATRIX_VERSION" VALUES(14630,12391,'2020');
INSERT INTO "MATRIX_VERSION" VALUES(14631,12391,'2022');
INSERT INTO "MATRIX_VERSION" VALUES(14632,12392,'2020');
INSERT INTO "MATRIX_VERSION" VALUES(14633,12392,'2022');
INSERT INTO "MATRIX_VERSION" VALUES(14634,12393,'2020');
INSERT INTO "MATRIX_VERSION" VALUES(14635,12393,'2022');
INSERT INTO "MATRIX_VERSION" VALUES(14636,12394,'2020');
INSERT INTO "MATRIX_VERSION" VALUES(14637,12394,'2022');
INSERT INTO "MATRIX_VERSION" VALUES(14638,12395,'2020');
INSERT INTO "MATRIX_VERSION" VALUES(14639,12395,'2022');
INSERT INTO "MATRIX_VERSION" VALUES(14640,12396,'2020');
INSERT INTO "MATRIX_VERSION" VALUES(14641,12396,'2022');
INSERT INTO "MATRIX_VERSION" VALUES(14642,12397,'2020');
INSERT INTO "MATRIX_VERSION" VALUES(14643,12397,'2022');
INSERT INTO "MATRIX_VERSION" VALUES(14644,12398,'2020');
INSERT INTO "MATRIX_VERSION" VALUES(14645,12398,'2022');
INSERT INTO "MATRIX_VERSION" VALUES(14646,12399,'2020');
INSERT INTO "MATRIX_VERSION" VALUES(14647,12399,'2022');
INSERT INTO "MATRIX_VERSION" VALUES(14648,12400,'2020');
INSERT INTO "MATRIX_VERSION" VALUES(14649,12400,'2022');
INSERT INTO "MATRIX_VERSION" VALUES(14650,12401,'2020');
INSERT INTO "MATRIX_VERSION" VALUES(14651,12401,'2022');
INSERT INTO "MATRIX_VERSION" VALUES(14652,12402,'2020');
INSERT INTO "MATRIX_VERSION" VALUES(14653,12402,'2022');
INSERT INTO "MATRIX_VERSION" VALUES(14654,12403,'2020');
INSERT INTO "MATRIX_VERSION" VALUES(14655,12403,'2022');
INSERT INTO "MATRIX_VERSION" VALUES(14656,12404,'2020');
INSERT INTO "MATRIX_VERSION" VALUES(14657,12404,'2022');
INSERT INTO "MATRIX_VERSION" VALUES(14658,12405,'2020');
INSERT INTO "MATRIX_VERSION" VALUES(14659,12405,'2022');
INSERT INTO "MATRIX_VERSION" VALUES(14660,12406,'2020');
INSERT INTO "MATRIX_VERSION" VALUES(14661,12406,'2022');
INSERT INTO "MATRIX_VERSION" VALUES(14662,12407,'2020');
INSERT INTO "MATRIX_VERSION" VALUES(14663,12407,'2022');
INSERT INTO "MATRIX_VERSION" VALUES(14664,12408,'2020');
INSERT INTO "MATRIX_VERSION" VALUES(14665,12408,'2022');
INSERT INTO "MATRIX_VERSION" VALUES(14666,12409,'2020');
INSERT INTO "MATRIX_VERSION" VALUES(14667,12409,'2022');
INSERT INTO "MATRIX_VERSION" VALUES(14668,12410,'2020');
INSERT INTO "MATRIX_VERSION" VALUES(14669,12410,'2022');
INSERT INTO "MATRIX_VERSION" VALUES(14670,12411,'2020');
INSERT INTO "MATRIX_VERSION" VALUES(14671,12411,'2022');
INSERT INTO "MATRIX_VERSION" VALUES(14672,12412,'2020');
INSERT INTO "MATRIX_VERSION" VALUES(14673,12412,'2022');
INSERT INTO "MATRIX_VERSION" VALUES(14674,12413,'2020');
INSERT INTO "MATRIX_VERSION" VALUES(14675,12413,'2022');
INSERT INTO "MATRIX_VERSION" VALUES(14676,12414,'2020');
INSERT INTO "MATRIX_VERSION" VALUES(14677,12414,'2022');
INSERT INTO "MATRIX_VERSION" VALUES(14678,12415,'2020');
INSERT INTO "MATRIX_VERSION" VALUES(14679,12415,'2022');
INSERT INTO "MATRIX_VERSION" VALUES(14680,12416,'2020');
INSERT INTO "MATRIX_VERSION" VALUES(14681,12416,'2022');
INSERT INTO "MATRIX_VERSION" VALUES(14682,12417,'2020');
INSERT INTO "MATRIX_VERSION" VALUES(14683,12417,'2022');
INSERT INTO "MATRIX_VERSION" VALUES(14684,12418,'2020');
INSERT INTO "MATRIX_VERSION" VALUES(14685,12418,'2022');
INSERT INTO "MATRIX_VERSION" VALUES(14686,12419,'2020');
INSERT INTO "MATRIX_VERSION" VALUES(14687,12419,'2022');
INSERT INTO "MATRIX_VERSION" VALUES(14688,12420,'2020');
INSERT INTO "MATRIX_VERSION" VALUES(14689,12420,'2022');
INSERT INTO "MATRIX_VERSION" VALUES(14690,12421,'2020');
INSERT INTO "MATRIX_VERSION" VALUES(14691,12421,'2022');
INSERT INTO "MATRIX_VERSION" VALUES(14692,12422,'2020');
INSERT INTO "MATRIX_VERSION" VALUES(14693,12422,'2022');
INSERT INTO "MATRIX_VERSION" VALUES(14694,12423,'2020');
INSERT INTO "MATRIX_VERSION" VALUES(14695,12423,'2022');
INSERT INTO "MATRIX_VERSION" VALUES(14696,12424,'2020');
INSERT INTO "MATRIX_VERSION" VALUES(14697,12424,'2022');
INSERT INTO "MATRIX_VERSION" VALUES(14698,12425,'2020');
INSERT INTO "MATRIX_VERSION" VALUES(14699,12425,'2022');
INSERT INTO "MATRIX_VERSION" VALUES(14700,12426,'2020');
INSERT INTO "MATRIX_VERSION" VALUES(14701,12426,'2022');
INSERT INTO "MATRIX_VERSION" VALUES(14702,12427,'2020');
INSERT INTO "MATRIX_VERSION" VALUES(14703,12427,'2022');
INSERT INTO "MATRIX_VERSION" VALUES(14704,12428,'2020');
INSERT INTO "MATRIX_VERSION" VALUES(14705,12428,'2022');
INSERT INTO "MATRIX_VERSION" VALUES(14706,12429,'2020');
INSERT INTO "MATRIX_VERSION" VALUES(14707,12429,'2022');
INSERT INTO "MATRIX_VERSION" VALUES(14708,12430,'2020');
INSERT INTO "MATRIX_VERSION" VALUES(14709,12430,'2022');
INSERT INTO "MATRIX_VERSION" VALUES(14710,12431,'2020');
INSERT INTO "MATRIX_VERSION" VALUES(14711,12431,'2022');
INSERT INTO "MATRIX_VERSION" VALUES(14712,12432,'2020');
INSERT INTO "MATRIX_VERSION" VALUES(14713,12432,'2022');
INSERT INTO "MATRIX_VERSION" VALUES(14714,12433,'2020');
INSERT INTO "MATRIX_VERSION" VALUES(14715,12433,'2022');
INSERT INTO "MATRIX_VERSION" VALUES(14716,12434,'2020');
INSERT INTO "MATRIX_VERSION" VALUES(14717,12434,'2022');
INSERT INTO "MATRIX_VERSION" VALUES(14718,12435,'2020');
INSERT INTO "MATRIX_VERSION" VALUES(14719,12435,'2022');
INSERT INTO "MATRIX_VERSION" VALUES(14720,12436,'2020');
INSERT INTO "MATRIX_VERSION" VALUES(14721,12436,'2022');
INSERT INTO "MATRIX_VERSION" VALUES(14722,12437,'2020');
INSERT INTO "MATRIX_VERSION" VALUES(14723,12437,'2022');
INSERT INTO "MATRIX_VERSION" VALUES(14724,12438,'2020');
INSERT INTO "MATRIX_VERSION" VALUES(14725,12438,'2022');
INSERT INTO "MATRIX_VERSION" VALUES(14726,12439,'2020');
INSERT INTO "MATRIX_VERSION" VALUES(14727,12439,'2022');
INSERT INTO "MATRIX_VERSION" VALUES(14728,12440,'2020');
INSERT INTO "MATRIX_VERSION" VALUES(14729,12440,'2022');
INSERT INTO "MATRIX_VERSION" VALUES(14730,12441,'2020');
INSERT INTO "MATRIX_VERSION" VALUES(14731,12441,'2022');
INSERT INTO "MATRIX_VERSION" VALUES(14732,12442,'2020');
INSERT INTO "MATRIX_VERSION" VALUES(14733,12442,'2022');
INSERT INTO "MATRIX_VERSION" VALUES(14734,12443,'2020');
INSERT INTO "MATRIX_VERSION" VALUES(14735,12443,'2022');
INSERT INTO "MATRIX_VERSION" VALUES(14736,12444,'2020');
INSERT INTO "MATRIX_VERSION" VALUES(14737,12444,'2022');
INSERT INTO "MATRIX_VERSION" VALUES(14738,12445,'2020');
INSERT INTO "MATRIX_VERSION" VALUES(14739,12445,'2022');
INSERT INTO "MATRIX_VERSION" VALUES(14740,12446,'2020');
INSERT INTO "MATRIX_VERSION" VALUES(14741,12446,'2022');
INSERT INTO "MATRIX_VERSION" VALUES(14742,12447,'2020');
INSERT INTO "MATRIX_VERSION" VALUES(14743,12447,'2022');
INSERT INTO "MATRIX_VERSION" VALUES(14744,12448,'2020');
INSERT INTO "MATRIX_VERSION" VALUES(14745,12448,'2022');
INSERT INTO "MATRIX_VERSION" VALUES(14746,12449,'2020');
INSERT INTO "MATRIX_VERSION" VALUES(14747,12449,'2022');
INSERT INTO "MATRIX_VERSION" VALUES(14748,12450,'2020');
INSERT INTO "MATRIX_VERSION" VALUES(14749,12450,'2022');
INSERT INTO "MATRIX_VERSION" VALUES(14750,12451,'2020');
INSERT INTO "MATRIX_VERSION" VALUES(14751,12451,'2022');
INSERT INTO "MATRIX_VERSION" VALUES(14752,12452,'2020');
INSERT INTO "MATRIX_VERSION" VALUES(14753,12452,'2022');
INSERT INTO "MATRIX_VERSION" VALUES(14754,12453,'2020');
INSERT INTO "MATRIX_VERSION" VALUES(14755,12453,'2022');
INSERT INTO "MATRIX_VERSION" VALUES(14756,12454,'2020');
INSERT INTO "MATRIX_VERSION" VALUES(14757,12454,'2022');
INSERT INTO "MATRIX_VERSION" VALUES(14758,12455,'2020');
INSERT INTO "MATRIX_VERSION" VALUES(14759,12455,'2022');
INSERT INTO "MATRIX_VERSION" VALUES(14760,12456,'2020');
INSERT INTO "MATRIX_VERSION" VALUES(14761,12456,'2022');
INSERT INTO "MATRIX_VERSION" VALUES(14762,12457,'2020');
INSERT INTO "MATRIX_VERSION" VALUES(14763,12457,'2022');
INSERT INTO "MATRIX_VERSION" VALUES(14764,12458,'2020');
INSERT INTO "MATRIX_VERSION" VALUES(14765,12458,'2022');
INSERT INTO "MATRIX_VERSION" VALUES(14766,12459,'2020');
INSERT INTO "MATRIX_VERSION" VALUES(14767,12459,'2022');
INSERT INTO "MATRIX_VERSION" VALUES(14768,12460,'2020');
INSERT INTO "MATRIX_VERSION" VALUES(14769,12460,'2022');
INSERT INTO "MATRIX_VERSION" VALUES(14770,12461,'2020');
INSERT INTO "MATRIX_VERSION" VALUES(14771,12461,'2022');
INSERT INTO "MATRIX_VERSION" VALUES(14772,12462,'2020');
INSERT INTO "MATRIX_VERSION" VALUES(14773,12462,'2022');
INSERT INTO "MATRIX_VERSION" VALUES(14774,12463,'2020');
INSERT INTO "MATRIX_VERSION" VALUES(14775,12463,'2022');
INSERT INTO "MATRIX_VERSION" VALUES(14776,12464,'2020');
INSERT INTO "MATRIX_VERSION" VALUES(14777,12464,'2022');
INSERT INTO "MATRIX_VERSION" VALUES(14778,12465,'2020');
INSERT INTO "MATRIX_VERSION" VALUES(14779,12465,'2022');
INSERT INTO "MATRIX_VERSION" VALUES(14780,12466,'2020');
INSERT INTO "MATRIX_VERSION" VALUES(14781,12466,'2022');
INSERT INTO "MATRIX_VERSION" VALUES(14782,12467,'2020');
INSERT INTO "MATRIX_VERSION" VALUES(14783,12467,'2022');
INSERT INTO "MATRIX_VERSION" VALUES(14784,12468,'2020');
INSERT INTO "MATRIX_VERSION" VALUES(14785,12468,'2022');
INSERT INTO "MATRIX_VERSION" VALUES(14786,12469,'2020');
INSERT INTO "MATRIX_VERSION" VALUES(14787,12469,'2022');
INSERT INTO "MATRIX_VERSION" VALUES(14788,12470,'2020');
INSERT INTO "MATRIX_VERSION" VALUES(14789,12470,'2022');
INSERT INTO "MATRIX_VERSION" VALUES(14790,12471,'2020');
INSERT INTO "MATRIX_VERSION" VALUES(14791,12471,'2022');
INSERT INTO "MATRIX_VERSION" VALUES(14792,12472,'2020');
INSERT INTO "MATRIX_VERSION" VALUES(14793,12472,'2022');
INSERT INTO "MATRIX_VERSION" VALUES(14794,12473,'2020');
INSERT INTO "MATRIX_VERSION" VALUES(14795,12473,'2022');
INSERT INTO "MATRIX_VERSION" VALUES(14796,12474,'2020');
INSERT INTO "MATRIX_VERSION" VALUES(14797,12474,'2022');
INSERT INTO "MATRIX_VERSION" VALUES(14798,12475,'2020');
INSERT INTO "MATRIX_VERSION" VALUES(14799,12475,'2022');
INSERT INTO "MATRIX_VERSION" VALUES(14800,12476,'2020');
INSERT INTO "MATRIX_VERSION" VALUES(14801,12476,'2022');
INSERT INTO "MATRIX_VERSION" VALUES(14802,12477,'2020');
INSERT INTO "MATRIX_VERSION" VALUES(14803,12477,'2022');
INSERT INTO "MATRIX_VERSION" VALUES(14804,12478,'2020');
INSERT INTO "MATRIX_VERSION" VALUES(14805,12478,'2022');
INSERT INTO "MATRIX_VERSION" VALUES(14806,12479,'2020');
INSERT INTO "MATRIX_VERSION" VALUES(14807,12479,'2022');
INSERT INTO "MATRIX_VERSION" VALUES(14808,12480,'2020');
INSERT INTO "MATRIX_VERSION" VALUES(14809,12480,'2022');
INSERT INTO "MATRIX_VERSION" VALUES(14810,12481,'2020');
INSERT INTO "MATRIX_VERSION" VALUES(14811,12481,'2022');
INSERT INTO "MATRIX_VERSION" VALUES(14812,12482,'2020');
INSERT INTO "MATRIX_VERSION" VALUES(14813,12482,'2022');
INSERT INTO "MATRIX_VERSION" VALUES(14814,12483,'2020');
INSERT INTO "MATRIX_VERSION" VALUES(14815,12483,'2022');
INSERT INTO "MATRIX_VERSION" VALUES(14816,12484,'2020');
INSERT INTO "MATRIX_VERSION" VALUES(14817,12484,'2022');
INSERT INTO "MATRIX_VERSION" VALUES(14818,12485,'2020');
INSERT INTO "MATRIX_VERSION" VALUES(14819,12485,'2022');
INSERT INTO "MATRIX_VERSION" VALUES(14820,12486,'2020');
INSERT INTO "MATRIX_VERSION" VALUES(14821,12486,'2022');
INSERT INTO "MATRIX_VERSION" VALUES(14822,12487,'2020');
INSERT INTO "MATRIX_VERSION" VALUES(14823,12487,'2022');
INSERT INTO "MATRIX_VERSION" VALUES(14824,12488,'2020');
INSERT INTO "MATRIX_VERSION" VALUES(14825,12488,'2022');
INSERT INTO "MATRIX_VERSION" VALUES(14826,12489,'2020');
INSERT INTO "MATRIX_VERSION" VALUES(14827,12489,'2022');
INSERT INTO "MATRIX_VERSION" VALUES(14828,12490,'2020');
INSERT INTO "MATRIX_VERSION" VALUES(14829,12490,'2022');
INSERT INTO "MATRIX_VERSION" VALUES(14830,12491,'2020');
INSERT INTO "MATRIX_VERSION" VALUES(14831,12491,'2022');
INSERT INTO "MATRIX_VERSION" VALUES(14832,12492,'2020');
INSERT INTO "MATRIX_VERSION" VALUES(14833,12492,'2022');
INSERT INTO "MATRIX_VERSION" VALUES(14834,12493,'2020');
INSERT INTO "MATRIX_VERSION" VALUES(14835,12493,'2022');
INSERT INTO "MATRIX_VERSION" VALUES(14836,12494,'2020');
INSERT INTO "MATRIX_VERSION" VALUES(14837,12494,'2022');
INSERT INTO "MATRIX_VERSION" VALUES(14838,12495,'2020');
INSERT INTO "MATRIX_VERSION" VALUES(14839,12495,'2022');
INSERT INTO "MATRIX_VERSION" VALUES(14840,12496,'2020');
INSERT INTO "MATRIX_VERSION" VALUES(14841,12496,'2022');
INSERT INTO "MATRIX_VERSION" VALUES(14842,12497,'2020');
INSERT INTO "MATRIX_VERSION" VALUES(14843,12497,'2022');
INSERT INTO "MATRIX_VERSION" VALUES(14844,12498,'2020');
INSERT INTO "MATRIX_VERSION" VALUES(14845,12498,'2022');
INSERT INTO "MATRIX_VERSION" VALUES(14846,12499,'2020');
INSERT INTO "MATRIX_VERSION" VALUES(14847,12499,'2022');
INSERT INTO "MATRIX_VERSION" VALUES(14848,12500,'2020');
INSERT INTO "MATRIX_VERSION" VALUES(14849,12500,'2022');
INSERT INTO "MATRIX_VERSION" VALUES(14850,12501,'2020');
INSERT INTO "MATRIX_VERSION" VALUES(14851,12501,'2022');
INSERT INTO "MATRIX_VERSION" VALUES(14852,12502,'2020');
INSERT INTO "MATRIX_VERSION" VALUES(14853,12502,'2022');
INSERT INTO "MATRIX_VERSION" VALUES(14854,12503,'2020');
INSERT INTO "MATRIX_VERSION" VALUES(14855,12503,'2022');
INSERT INTO "MATRIX_VERSION" VALUES(14856,12504,'2020');
INSERT INTO "MATRIX_VERSION" VALUES(14857,12504,'2022');
INSERT INTO "MATRIX_VERSION" VALUES(14858,12505,'2020');
INSERT INTO "MATRIX_VERSION" VALUES(14859,12505,'2022');
INSERT INTO "MATRIX_VERSION" VALUES(14860,12506,'2020');
INSERT INTO "MATRIX_VERSION" VALUES(14861,12506,'2022');
INSERT INTO "MATRIX_VERSION" VALUES(14862,12507,'2020');
INSERT INTO "MATRIX_VERSION" VALUES(14863,12507,'2022');
INSERT INTO "MATRIX_VERSION" VALUES(14864,12508,'2020');
INSERT INTO "MATRIX_VERSION" VALUES(14865,12509,'2020');
INSERT INTO "MATRIX_VERSION" VALUES(14866,12509,'2022');
CREATE INDEX "idx_MATRIX_VERSION_BASE_ID" ON "MATRIX_VERSION" (`ID`,`RELEASE`);
COMMIT;
PRAGMA foreign_keys=OFF;
BEGIN TRANSACTION;
CREATE TABLE `TAX` (
  `TAX_ID` integer NOT NULL
,  `SPECIES` varchar(250) DEFAULT NULL
,  PRIMARY KEY (`TAX_ID`)
);
INSERT INTO "TAX" VALUES(2850,'Phaeodactylum tricornutum');
INSERT INTO "TAX" VALUES(3218,'Physcomitrella patens');
INSERT INTO "TAX" VALUES(3483,'Cannabis sativa');
INSERT INTO "TAX" VALUES(3694,'Populus trichocarpa');
INSERT INTO "TAX" VALUES(3702,'Arabidopsis thaliana');
INSERT INTO "TAX" VALUES(3747,'Fragaria x ananassa');
INSERT INTO "TAX" VALUES(3847,'Glycine max');
INSERT INTO "TAX" VALUES(3880,'Medicago truncatula');
INSERT INTO "TAX" VALUES(3888,'Pisum sativum');
INSERT INTO "TAX" VALUES(4081,'Solanum lycopersicum');
INSERT INTO "TAX" VALUES(4094,'Nicotiana sp.');
INSERT INTO "TAX" VALUES(4102,'Petunia x hybrida');
INSERT INTO "TAX" VALUES(4151,'Antirrhinum majus');
INSERT INTO "TAX" VALUES(4513,'Hordeum vulgare');
INSERT INTO "TAX" VALUES(4530,'Oryza sativa');
INSERT INTO "TAX" VALUES(4565,'Triticum aestivum');
INSERT INTO "TAX" VALUES(4577,'Zea mays');
INSERT INTO "TAX" VALUES(4896,'Schizosaccharomyces pombe');
INSERT INTO "TAX" VALUES(4932,'Saccharomyces cerevisiae');
INSERT INTO "TAX" VALUES(5037,'Ajellomyces capsulatus');
INSERT INTO "TAX" VALUES(5141,'Neurospora crassa');
INSERT INTO "TAX" VALUES(5207,'Filobasidiella neoformans');
INSERT INTO "TAX" VALUES(5297,'Puccinia graminis');
INSERT INTO "TAX" VALUES(5334,'Schizophyllum commune');
INSERT INTO "TAX" VALUES(5518,'Gibberella zeae');
INSERT INTO "TAX" VALUES(6183,'Schistosoma mansoni');
INSERT INTO "TAX" VALUES(6238,'Caenorhabditis briggsae');
INSERT INTO "TAX" VALUES(6239,'Caenorhabditis elegans');
INSERT INTO "TAX" VALUES(7227,'Drosophila melanogaster');
INSERT INTO "TAX" VALUES(7729,'Halocynthia roretzi');
INSERT INTO "TAX" VALUES(7742,'Vertebrata');
INSERT INTO "TAX" VALUES(8022,'Oncorhynchus mykiss');
INSERT INTO "TAX" VALUES(8355,'Xenopus laevis');
INSERT INTO "TAX" VALUES(8364,'Xenopus (Silurana) tropicalis');
INSERT INTO "TAX" VALUES(9031,'Gallus gallus');
INSERT INTO "TAX" VALUES(9103,'Meleagris gallopavo');
INSERT INTO "TAX" VALUES(9606,'Homo sapiens');
INSERT INTO "TAX" VALUES(9913,'Bos taurus');
INSERT INTO "TAX" VALUES(9986,'Oryctolagus cuniculus');
INSERT INTO "TAX" VALUES(10090,'Mus musculus');
INSERT INTO "TAX" VALUES(10116,'Rattus norvegicus');
INSERT INTO "TAX" VALUES(10117,'Rattus rattus');
INSERT INTO "TAX" VALUES(13616,'Monodelphis domestica');
INSERT INTO "TAX" VALUES(39946,'Oryza sativa Indica Group');
INSERT INTO "TAX" VALUES(39947,'Oryza sativa Japonica Group');
INSERT INTO "TAX" VALUES(44689,'Dictyostelium discoideum');
INSERT INTO "TAX" VALUES(45351,'Nematostella vectensis');
INSERT INTO "TAX" VALUES(64495,'Rhizopus oryzae');
INSERT INTO "TAX" VALUES(70448,'Ostreococcus tauri');
INSERT INTO "TAX" VALUES(81972,'Arabidopsis lyrata subsp. lyrata');
INSERT INTO "TAX" VALUES(162425,'Emericella nidulans');
INSERT INTO "TAX" VALUES(164328,'Phytophthora ramorum');
INSERT INTO "TAX" VALUES(559292,'Saccharomyces cerevisiae S288c');
COMMIT;
PRAGMA foreign_keys=OFF;
BEGIN TRANSACTION;
CREATE TABLE `TAX_EXT` (
  `TAX_ID` integer NOT NULL DEFAULT '0'
,  `NAME` varchar(255) DEFAULT NULL
,  PRIMARY KEY (`TAX_ID`)
);
INSERT INTO "TAX_EXT" VALUES(3483,'hemp');
INSERT INTO "TAX_EXT" VALUES(3694,'black cottonwood');
INSERT INTO "TAX_EXT" VALUES(3702,'thale cress');
INSERT INTO "TAX_EXT" VALUES(3747,'strawberry');
INSERT INTO "TAX_EXT" VALUES(3847,'soybean');
INSERT INTO "TAX_EXT" VALUES(3880,'barrel medic');
INSERT INTO "TAX_EXT" VALUES(3888,'pea');
INSERT INTO "TAX_EXT" VALUES(4151,'snapdragon');
INSERT INTO "TAX_EXT" VALUES(4530,'rice');
INSERT INTO "TAX_EXT" VALUES(4565,'bread wheat');
INSERT INTO "TAX_EXT" VALUES(4896,'fission yeast');
INSERT INTO "TAX_EXT" VALUES(4932,'baker''s yeast');
INSERT INTO "TAX_EXT" VALUES(7227,'fruit fly');
INSERT INTO "TAX_EXT" VALUES(7742,'vertebrates');
INSERT INTO "TAX_EXT" VALUES(8022,'rainbow trout');
INSERT INTO "TAX_EXT" VALUES(8355,'African clawed frog');
INSERT INTO "TAX_EXT" VALUES(8364,'western clawed frog');
INSERT INTO "TAX_EXT" VALUES(9031,'chicken');
INSERT INTO "TAX_EXT" VALUES(9103,'turkey');
INSERT INTO "TAX_EXT" VALUES(9606,'human');
INSERT INTO "TAX_EXT" VALUES(9913,'cattle');
INSERT INTO "TAX_EXT" VALUES(9986,'rabbit');
INSERT INTO "TAX_EXT" VALUES(10090,'house mouse');
INSERT INTO "TAX_EXT" VALUES(10116,'Norway rat');
INSERT INTO "TAX_EXT" VALUES(10117,'black rat');
INSERT INTO "TAX_EXT" VALUES(13616,'gray short-tailed opossum');
INSERT INTO "TAX_EXT" VALUES(39946,'long-grained rice');
INSERT INTO "TAX_EXT" VALUES(39947,'Japanese rice');
INSERT INTO "TAX_EXT" VALUES(45351,'starlet sea anemone');
INSERT INTO "TAX_EXT" VALUES(164328,'Sudden oak death agent');
COMMIT;
PRAGMA foreign_keys=OFF;
BEGIN TRANSACTION;
CREATE TABLE `TFFM` (
  `ID` integer NOT NULL PRIMARY KEY AUTOINCREMENT
,  `BASE_ID` varchar(16) NOT NULL
,  `VERSION` integer NOT NULL
,  `MATRIX_BASE_ID` varchar(16) NOT NULL
,  `MATRIX_VERSION` integer NOT NULL
,  `NAME` varchar(255) NOT NULL
,  `LOG_P_1ST_ORDER` float DEFAULT NULL
,  `LOG_P_DETAILED` float DEFAULT NULL
,  `EXPERIMENT_NAME` varchar(255) DEFAULT NULL
);
INSERT INTO "TFFM" VALUES(1,'TFFM0091',1,'MA0002',2,'RUNX1',-1042.13,-1004.13,'Runx1_GSE22178_jl_AM_mm9_processed');
INSERT INTO "TFFM" VALUES(2,'TFFM0111',1,'MA0003',3,'TFAP2A',-5692.29,-5185.55,'wgEncodeAwgTfbsSydhHelas3Ap2alphaUniPk.narrowPeak');
INSERT INTO "TFFM" VALUES(3,'TFFM0001',1,'MA0007',3,'Ar',-5953.68,-5279.01,'AR_GSE28264_LNCaP_DHT_hg18_processed');
INSERT INTO "TFFM" VALUES(4,'TFFM0084',1,'MA0014',2,'PAX5',-5742.02,-5622.64,'wgEncodeAwgTfbsHaibGm12878Pax5c20Pcr1xUniPk.narrowPeak');
INSERT INTO "TFFM" VALUES(5,'TFFM0012',1,'MA0018',2,'CREB1',-1042.27,-917.584,'wgEncodeAwgTfbsHaibA549Creb1sc240V0416102Dex100nmUniPk.narrowPeak');
INSERT INTO "TFFM" VALUES(6,'TFFM0016',1,'MA0024',3,'E2F1',-813.257,-696.441,'wgEncodeAwgTfbsSydhMcf7Hae2f1UcdUniPk.narrowPeak');
INSERT INTO "TFFM" VALUES(7,'TFFM0023',1,'MA0028',2,'ELK1',-1805.85,-1804.08,'wgEncodeAwgTfbsSydhHelas3Elk112771IggrabUniPk.narrowPeak');
INSERT INTO "TFFM" VALUES(8,'TFFM0040',1,'MA0035',3,'Gata1',-23524.0,-23048.0,'wgEncodeSydhTfbsMelGata1IggratPk.narrowPeak');
INSERT INTO "TFFM" VALUES(9,'TFFM0041',1,'MA0036',2,'GATA2',-7731.69,-7447.66,'wgEncodeAwgTfbsSydhShsy5yGata2UcdUniPk.narrowPeak');
INSERT INTO "TFFM" VALUES(10,'TFFM0042',1,'MA0037',2,'GATA3',-3539.75,-3761.22,'GATA3_GSE29073_MCF-7_none_hg18_processed');
INSERT INTO "TFFM" VALUES(11,'TFFM0056',1,'MA0039',2,'Klf4',-3451.72,-3445.53,'Klf4_GSE11431_jl_AM_mm8_processed');
INSERT INTO "TFFM" VALUES(12,'TFFM0036',1,'MA0047',2,'Foxa2',-24765.6,-24313.5,'wgEncodeAwgTfbsHaibHepg2Foxa2sc6554V0416101UniPk.narrowPeak');
INSERT INTO "TFFM" VALUES(13,'TFFM0049',1,'MA0050',2,'IRF1',-1248.64,-1249.91,'wgEncodeAwgTfbsSydhK562Irf1Ifna6hUniPk.narrowPeak');
INSERT INTO "TFFM" VALUES(14,'TFFM0060',1,'MA0052',3,'MEF2A',-1924.65,-1879.08,'wgEncodeAwgTfbsHaibK562Mef2aV0416101UniPk.narrowPeak');
INSERT INTO "TFFM" VALUES(15,'TFFM0059',1,'MA0058',3,'MAX',-18451.7,-18066.2,'wgEncodeAwgTfbsHaibK562MaxV0416102UniPk.narrowPeak');
INSERT INTO "TFFM" VALUES(16,'TFFM0074',1,'MA0060',2,'NFYA',-2978.81,-2865.78,'NFY_GSE26439_jl_AM_hg18_processed');
INSERT INTO "TFFM" VALUES(17,'TFFM0039',1,'MA0062',2,'Gabpa',-4151.57,-4116.48,'wgEncodeAwgTfbsHaibK562GabpV0416101UniPk.narrowPeak');
INSERT INTO "TFFM" VALUES(18,'TFFM0076',1,'MA0063',1,'Nkx2-5',-465.489,-568.695,'Nkx2_5_GSE21529_jl_AM_mm9_processed');
INSERT INTO "TFFM" VALUES(19,'TFFM0086',1,'MA0066',1,'PPARG',-2182.07,-2635.13,'PPARg_GSE25836_adipocyte_NA_hg18_processed');
INSERT INTO "TFFM" VALUES(20,'TFFM0024',1,'MA0076',2,'ELK4',-1768.4,-1731.37,'wgEncodeAwgTfbsSydhHelas3Elk4UcdUniPk.narrowPeak');
INSERT INTO "TFFM" VALUES(21,'TFFM0097',1,'MA0079',3,'SP1',-712.651,-720.642,'wgEncodeAwgTfbsHaibH1hescSp1Pcr1xUniPk.narrowPeak');
INSERT INTO "TFFM" VALUES(22,'TFFM0099',1,'MA0080',4,'SPI1',-76347.7,-74739.5,'Pu1-Spi1_GSE21512_macrophage_NA_mm8_processed');
INSERT INTO "TFFM" VALUES(23,'TFFM0100',1,'MA0083',3,'SRF',-3752.45,-3752.45,'wgEncodeAwgTfbsHaibHepg2SrfV0416101UniPk.narrowPeak');
INSERT INTO "TFFM" VALUES(24,'TFFM0129',1,'MA0088',2,'ZNF143',-800.461,-792.625,'wgEncodeAwgTfbsSydhHelas3Znf143IggrabUniPk.narrowPeak');
INSERT INTO "TFFM" VALUES(25,'TFFM0122',1,'MA0093',2,'USF1',-38580.0,-39065.9,'wgEncodeAwgTfbsHaibH1hescUsf1Pcr1xUniPk.narrowPeak');
INSERT INTO "TFFM" VALUES(26,'TFFM0124',1,'MA0095',2,'YY1',-9501.11,-9480.09,'wgEncodeAwgTfbsHaibK562Yy1V0416102UniPk.narrowPeak');
INSERT INTO "TFFM" VALUES(27,'TFFM0030',1,'MA0098',3,'ETS1',-1248.64,-1320.63,'Ets1_GSE29362_jl_AM_mm9_processed');
INSERT INTO "TFFM" VALUES(28,'TFFM0064',1,'MA0100',2,'Myb',-1064.0,-1071.7,'wgEncodeSydhTfbsMelCmybsc7874IggrabPk.narrowPeak');
INSERT INTO "TFFM" VALUES(29,'TFFM0009',1,'MA0102',3,'CEBPA',-22946.5,-23165.7,'CEBPA_GSE29195_U937_BIO_hg18_processed');
INSERT INTO "TFFM" VALUES(30,'TFFM0127',1,'MA0103',2,'ZEB1',-957.769,-926.366,'wgEncodeAwgTfbsHaibGm12878Zeb1sc25388V0416102UniPk.narrowPeak');
INSERT INTO "TFFM" VALUES(31,'TFFM0067',1,'MA0104',3,'Mycn',-1265.39,-1335.19,'nMyc_GSE11431_jl_AM_mm8_processed');
INSERT INTO "TFFM" VALUES(32,'TFFM0073',1,'MA0105',4,'NFKB1',-5927.69,-5898.08,'wgEncodeAwgTfbsSydhGm12891NfkbTnfaIggrabUniPk.narrowPeak');
INSERT INTO "TFFM" VALUES(33,'TFFM0119',1,'MA0106',3,'TP53',-1642.75,-1650.38,'p53-pS15_GSE21939_U2OS_5nM-Actinomycin-D--Sigma--for-24-hours_hg18_processed');
INSERT INTO "TFFM" VALUES(34,'TFFM0106',1,'MA0108',2,'TBP',-202.328,-164.002,'wgEncodeSydhTfbsMelTbpIggmusPk.narrowPeak');
INSERT INTO "TFFM" VALUES(35,'TFFM0026',1,'MA0112',3,'ESR1',-14453.0,-13398.9,'ERA_GSE25021_MCF7_oestrogen_hg18_processed');
INSERT INTO "TFFM" VALUES(36,'TFFM0080',1,'MA0113',3,'NR3C1',-8669.44,-8658.76,'wgEncodeAwgTfbsHaibA549GrPcr1xDex50nmUniPk.narrowPeak');
INSERT INTO "TFFM" VALUES(37,'TFFM0045',1,'MA0114',3,'Hnf4a',-15836.8,-15732.8,'HNF4A_GSE25021_HepG2_NA_hg18_processed');
INSERT INTO "TFFM" VALUES(38,'TFFM0078',1,'MA0124',2,'Nkx3-1',-359.328,-371.166,'NKX31_GSE28264_jl_AM_hg18_processed');
INSERT INTO "TFFM" VALUES(39,'TFFM0101',1,'MA0137',3,'STAT1',-2467.92,-2522.71,'wgEncodeAwgTfbsSydhHelas3Stat1Ifng30UniPk.narrowPeak');
INSERT INTO "TFFM" VALUES(40,'TFFM0088',1,'MA0138',2,'REST',-13939.4,-13995.0,'wgEncodeAwgTfbsHaibH1hescNrsfV0416102UniPk.narrowPeak');
INSERT INTO "TFFM" VALUES(41,'TFFM0014',1,'MA0139',1,'CTCF',-87772.8,-86597.0,'wgEncodeSydhTfbsCh12CtcfbIggrabPk.narrowPeak');
INSERT INTO "TFFM" VALUES(42,'TFFM0029',1,'MA0141',3,'ESRRB',-11938.7,-12049.3,'Esrrb_GSE11431_jl_AM_mm8_processed');
INSERT INTO "TFFM" VALUES(43,'TFFM0095',1,'MA0143',3,'Sox2',-1571.68,-1535.24,'Sox2_GSE11431_jl_AM_mm8_processed');
INSERT INTO "TFFM" VALUES(44,'TFFM0102',1,'MA0144',2,'STAT3',-13724.4,-14198.2,'wgEncodeAwgTfbsSydhMcf10aesStat3TamUniPk.narrowPeak');
INSERT INTO "TFFM" VALUES(45,'TFFM0128',1,'MA0146',2,'Zfx',-586.015,-458.9,'Zfx_GSE11431_jl_AM_mm8_processed');
INSERT INTO "TFFM" VALUES(46,'TFFM0066',1,'MA0147',2,'Myc',-7883.0,-8056.8,'wgEncodeAwgTfbsSydhMcf10aesCmycEtoh01HvdUniPk.narrowPeak');
INSERT INTO "TFFM" VALUES(47,'TFFM0035',1,'MA0148',3,'FOXA1',-28445.6,-28572.2,'wgEncodeAwgTfbsHaibHepg2Foxa1sc6553V0416101UniPk.narrowPeak');
INSERT INTO "TFFM" VALUES(48,'TFFM0071',1,'MA0150',2,'Nfe2l2',-1010.22,-1003.28,'wgEncodeSydhTfbsMelNrf2IggrabPk.narrowPeak');
INSERT INTO "TFFM" VALUES(49,'TFFM0019',1,'MA0154',3,'EBF1',-19336.1,-19565.8,'wgEncodeAwgTfbsSydhGm12878Ebf1sc137065UniPk.narrowPeak');
INSERT INTO "TFFM" VALUES(50,'TFFM0072',1,'MA0161',1,'NFIC',-832.359,-539.417,'wgEncodeAwgTfbsHaibGm12878Nficsc81335V0422111UniPk.narrowPeak');
INSERT INTO "TFFM" VALUES(51,'TFFM0020',1,'MA0162',2,'EGR1',-17427.9,-17298.7,'wgEncodeAwgTfbsHaibK562Egr1V0416101UniPk.narrowPeak');
INSERT INTO "TFFM" VALUES(52,'TFFM0027',1,'MA0258',2,'ESR2',-8210.7,-8244.84,'ERbeta_GSE21770_U20S_DoxycyclineAndE2_hg18_processed');
INSERT INTO "TFFM" VALUES(53,'TFFM0004',1,'MA0461',2,'Atoh1',-9206.26,-9339.43,'Atoh1_21300888_cerebella_none_mm9');
INSERT INTO "TFFM" VALUES(54,'TFFM0005',1,'MA0462',1,'BATF::JUN',-14856.8,-15235.7,'wgEncodeAwgTfbsHaibGm12878BatfPcr1xUniPk.narrowPeak');
INSERT INTO "TFFM" VALUES(55,'TFFM0006',1,'MA0463',1,'Bcl6',-373.116,-433.261,'Bcl6_GSE16723_macrophages_unstimRep_mm9_processed');
INSERT INTO "TFFM" VALUES(56,'TFFM0007',1,'MA0464',2,'BHLHE40',-16754.1,-16552.9,'wgEncodeSydhTfbsCh12Bhlhe40nb100IggrabPk.narrowPeak');
INSERT INTO "TFFM" VALUES(57,'TFFM0008',1,'MA0465',1,'CDX2',-1826.5,-758.187,'Cdx2_GSE14586_jl_AM_mm9_processed');
INSERT INTO "TFFM" VALUES(58,'TFFM0010',1,'MA0466',2,'CEBPB',-88949.7,-90462.6,'wgEncodeAwgTfbsSydhImr90CebpbIggrabUniPk.narrowPeak');
INSERT INTO "TFFM" VALUES(59,'TFFM0013',1,'MA0467',1,'Crx',-2863.94,-2602.86,'Crx_GSE20012_C57BL6_WT_mm9_processed');
INSERT INTO "TFFM" VALUES(60,'TFFM0015',1,'MA0468',1,'DUX4',-19608.7,-19485.0,'Dux4_GSE33838_myoblast_transduced_hg18');
INSERT INTO "TFFM" VALUES(61,'TFFM0017',1,'MA0470',1,'E2F4',-3416.6,-3070.66,'wgEncodeAwgTfbsSydhMcf10aesE2f4TamHvdUniPk.narrowPeak');
INSERT INTO "TFFM" VALUES(62,'TFFM0018',1,'MA0471',1,'E2F6',-1776.36,-1117.37,'wgEncodeAwgTfbsHaibK562E2f6V0416102UniPk.narrowPeak');
INSERT INTO "TFFM" VALUES(63,'TFFM0021',1,'MA0472',2,'EGR2',-237.009,-232.572,'Egr2_GSE34254_NKT_none_mm9');
INSERT INTO "TFFM" VALUES(64,'TFFM0022',1,'MA0473',2,'ELF1',-15522.7,-15558.3,'wgEncodeAwgTfbsHaibK562Elf1sc631V0416102UniPk.narrowPeak');
INSERT INTO "TFFM" VALUES(65,'TFFM0025',1,'MA0474',2,'ERG',-7789.77,-7499.26,'Erg_GSE22178_jl_AM_mm9_processed');
INSERT INTO "TFFM" VALUES(66,'TFFM0031',1,'MA0475',2,'FLI1',-5995.65,-5756.35,'Fli1_GSE22178_jl_AM_mm9_processed');
INSERT INTO "TFFM" VALUES(67,'TFFM0032',1,'MA0476',1,'FOS',-80655.6,-80947.3,'wgEncodeAwgTfbsSydhMcf10aesCfosTam112hHvdUniPk.narrowPeak');
INSERT INTO "TFFM" VALUES(68,'TFFM0033',1,'MA0477',1,'FOSL1',-11797.2,-11859.3,'wgEncodeAwgTfbsHaibK562Fosl1sc183V0416101UniPk.narrowPeak');
INSERT INTO "TFFM" VALUES(69,'TFFM0034',1,'MA0478',1,'FOSL2',-23037.9,-23125.2,'wgEncodeAwgTfbsHaibA549Fosl2V0422111Etoh02UniPk.narrowPeak');
INSERT INTO "TFFM" VALUES(70,'TFFM0037',1,'MA0479',1,'FOXH1',-6525.23,-6509.51,'FOXH1_GSE29422_Endoderm_pool_hg18_processed');
INSERT INTO "TFFM" VALUES(71,'TFFM0038',1,'MA0480',1,'Foxo1',-1183.91,-1165.22,'Foxo1_GSE35024_pre-Bcells_IL-7_mm9');
INSERT INTO "TFFM" VALUES(72,'TFFM0043',1,'MA0482',1,'Gata4',-1851.06,-1672.33,'Gata4_GSE21529_jl_AM_mm9_processed');
INSERT INTO "TFFM" VALUES(73,'TFFM0044',1,'MA0483',1,'Gfi1b',-791.347,-690.761,'Gfi1b_GSE22178_jl_AM_mm9_processed');
INSERT INTO "TFFM" VALUES(74,'TFFM0046',1,'MA0484',1,'HNF4G',-9170.7,-9238.98,'wgEncodeAwgTfbsHaibHepg2Hnf4gsc6558V0416101UniPk.narrowPeak');
INSERT INTO "TFFM" VALUES(75,'TFFM0047',1,'MA0485',1,'Hoxc9',-5357.75,-5255.11,'Hoxc9_GSE30882_FLAG_mm9_-GSM766061_iTF.ES-MN_iFlag-Hoxc9_Day5-Dox.ChIP-seq_iFlag-Hoxc9_rep1-.peaks_processed');
INSERT INTO "TFFM" VALUES(76,'TFFM0048',1,'MA0486',2,'HSF1',-212.687,-211.618,'wgEncodeAwgTfbsSydhHepg2Hsf1ForsklnUniPk.narrowPeak');
INSERT INTO "TFFM" VALUES(77,'TFFM0050',1,'MA0488',1,'JUN',-16016.8,-16026.9,'wgEncodeAwgTfbsSydhHelas3CjunIggrabUniPk.narrowPeak');
INSERT INTO "TFFM" VALUES(78,'TFFM0051',1,'MA0489',1,'JUN(var.2)',-20020.3,-20114.9,'wgEncodeAwgTfbsSydhHuvecCjunUniPk.narrowPeak');
INSERT INTO "TFFM" VALUES(79,'TFFM0052',1,'MA0490',1,'JUNB',-7206.8,-7184.93,'wgEncodeAwgTfbsUchicagoK562EjunbUniPk.narrowPeak');
INSERT INTO "TFFM" VALUES(80,'TFFM0053',1,'MA0491',1,'JUND',-26424.0,-26468.2,'wgEncodeAwgTfbsSydhHelas3JundIggrabUniPk.narrowPeak');
INSERT INTO "TFFM" VALUES(81,'TFFM0054',1,'MA0492',1,'JUND(var.2)',-15481.8,-15486.1,'wgEncodeAwgTfbsSydhHepg2JundIggrabUniPk.narrowPeak');
INSERT INTO "TFFM" VALUES(82,'TFFM0055',1,'MA0493',1,'Klf1',-209.606,-222.114,'Klf1_GSE20478_jl_AM_mm9_processed');
INSERT INTO "TFFM" VALUES(83,'TFFM0057',1,'MA0495',1,'MAFF',-55765.1,-57109.2,'wgEncodeAwgTfbsSydhHepg2Maffm8194IggrabUniPk.narrowPeak');
INSERT INTO "TFFM" VALUES(84,'TFFM0058',1,'MA0496',1,'MAFK',-88249.8,-98820.5,'wgEncodeAwgTfbsSydhHepg2Mafkab50322IggrabUniPk.narrowPeak');
INSERT INTO "TFFM" VALUES(85,'TFFM0061',1,'MA0497',1,'MEF2C',-1443.25,-1344.67,'wgEncodeAwgTfbsHaibGm12878Mef2csc13268V0416101UniPk.narrowPeak');
INSERT INTO "TFFM" VALUES(86,'TFFM0062',1,'MA0498',2,'MEIS1',-1658.51,-1783.78,'Meis1_GSE22178_jl_AM_mm9_processed');
INSERT INTO "TFFM" VALUES(87,'TFFM0068',1,'MA0499',1,'Myod1',-22973.6,-22904.2,'wgEncodeCaltechTfbsC2c12Sc32758FCntrl32bE2p60hPcr2xPkRep1.narrowPeak');
INSERT INTO "TFFM" VALUES(88,'TFFM0069',1,'MA0500',1,'Myog',-11624.3,-11569.6,'wgEncodeCaltechTfbsC2c12Sc12732FCntrl32bE2p60hPcr2xPkRep1.narrowPeak');
INSERT INTO "TFFM" VALUES(89,'TFFM0075',1,'MA0502',1,'NFYB',-4734.94,-4701.08,'wgEncodeAwgTfbsSydhK562NfybUniPk.narrowPeak');
INSERT INTO "TFFM" VALUES(90,'TFFM0077',1,'MA0503',1,'Nkx2-5(var.2)',-1925.88,-1853.53,'Nkx2_5_GSE21529_jl_AM_mm9_processed');
INSERT INTO "TFFM" VALUES(91,'TFFM0079',1,'MA0504',1,'NR2C2',-343.576,-332.985,'wgEncodeAwgTfbsSydhHepg2Tr4UcdUniPk.narrowPeak');
INSERT INTO "TFFM" VALUES(92,'TFFM0081',1,'MA0505',1,'Nr5a2',-935.204,-870.948,'Nr5a2_GSE19019_jl_AM_mm8_processed');
INSERT INTO "TFFM" VALUES(93,'TFFM0082',1,'MA0506',1,'NRF1',-4980.72,-4948.99,'wgEncodeAwgTfbsSydhH1hescNrf1IggrabUniPk.narrowPeak');
INSERT INTO "TFFM" VALUES(94,'TFFM0085',1,'MA0507',1,'POU2F2',-1963.55,-1888.49,'wgEncodeAwgTfbsHaibGm12878Pou2f2Pcr1xUniPk.narrowPeak');
INSERT INTO "TFFM" VALUES(95,'TFFM0087',1,'MA0508',1,'PRDM1',-2726.03,-2658.44,'wgEncodeAwgTfbsSydhHelas3Prdm19115IggrabUniPk.narrowPeak');
INSERT INTO "TFFM" VALUES(96,'TFFM0089',1,'MA0509',1,'Rfx1',-549.083,-545.375,'Rfx1_GSE24165_jl_AM_mm8_processed');
INSERT INTO "TFFM" VALUES(97,'TFFM0090',1,'MA0510',2,'RFX5',-720.993,-722.168,'wgEncodeAwgTfbsSydhHepg2Rfx5200401194IggrabUniPk.narrowPeak');
INSERT INTO "TFFM" VALUES(98,'TFFM0092',1,'MA0511',2,'RUNX2',-370.881,-378.24,'RUNX2_GSE33889_jl_AM_processed_hg18');
INSERT INTO "TFFM" VALUES(99,'TFFM0094',1,'MA0512',2,'Rxra',-2658.03,-2574.75,'wgEncodeAwgTfbsHaibHepg2RxraPcr1xUniPk.narrowPeak');
INSERT INTO "TFFM" VALUES(100,'TFFM0096',1,'MA0514',1,'Sox3',-551.225,-575.911,'Sox3_GSE33059_neural-progenitor_none_mm9');
INSERT INTO "TFFM" VALUES(102,'TFFM0103',1,'MA0518',1,'Stat4',-1990.24,-1954.11,'Stat4_GSE22104_jl_AM_mm9_processed');
INSERT INTO "TFFM" VALUES(103,'TFFM0104',1,'MA0519',1,'Stat5a::Stat5b',-9764.24,-9708.52,'STAT5_GSE34986_MEF_OE-GH_mm9_processed');
INSERT INTO "TFFM" VALUES(104,'TFFM0105',1,'MA0520',1,'Stat6',-912.768,-848.059,'Stat6_GSE22105_jl_AM_mm9_processed');
INSERT INTO "TFFM" VALUES(105,'TFFM0107',1,'MA0521',1,'Tcf12',-9554.51,-9613.24,'wgEncodeCaltechTfbsC2c12Tcf12FCntrl50bE2p60hPcr1xPkRep1.narrowPeak');
INSERT INTO "TFFM" VALUES(106,'TFFM0108',1,'MA0522',2,'TCF3',-10522.0,-10485.7,'E2A_GSE21978_E2A---pre-pro-B-cells_tamoxifen--1-M-final-concentration--for-1-hr_mm8_processed');
INSERT INTO "TFFM" VALUES(107,'TFFM0109',1,'MA0523',1,'TCF7L2',-2020.91,-1947.2,'wgEncodeAwgTfbsSydhMcf7Tcf7l2UcdUniPk.narrowPeak');
INSERT INTO "TFFM" VALUES(108,'TFFM0117',1,'MA0524',2,'TFAP2C',-9305.86,-7591.03,'TFAP2C_GSE23852_jl_AM_hg18_processed');
INSERT INTO "TFFM" VALUES(109,'TFFM0120',1,'MA0525',2,'TP63',-10201.7,-10111.4,'TP63_GSE17611_REP1_jl_AM_hg18_processed');
INSERT INTO "TFFM" VALUES(110,'TFFM0123',1,'MA0526',1,'USF2',-10854.3,-10911.6,'wgEncodeAwgTfbsSydhHelas3Usf2IggmusUniPk.narrowPeak');
INSERT INTO "TFFM" VALUES(111,'TFFM0125',1,'MA0527',1,'ZBTB33',-1160.36,-1163.25,'wgEncodeAwgTfbsHaibK562Zbtb33Pcr1xUniPk.narrowPeak');
INSERT INTO "TFFM" VALUES(112,'TFFM0130',1,'MA0528',1,'ZNF263',-746.846,-1323.38,'wgEncodeAwgTfbsSydhHek293tZnf263UcdUniPk.narrowPeak');
INSERT INTO "TFFM" VALUES(113,'TFFM0028',1,'MA0592',2,'Esrra',-314.044,-330.674,'wgEncodeAwgTfbsSydhHepg2ErraForsklnUniPk.narrowPeak');
INSERT INTO "TFFM" VALUES(114,'TFFM0002',1,'MA0604',1,'Atf1',-4561.31,-5149.24,'wgEncodeAwgTfbsSydhK562Atf106325UniPk.narrowPeak');
INSERT INTO "TFFM" VALUES(115,'TFFM0003',1,'MA0605',1,'Atf3',-6175.84,-7070.5,'wgEncodeAwgTfbsHaibK562Atf3V0416101UniPk.narrowPeak');
INSERT INTO "TFFM" VALUES(118,'TFFM0093',1,'MA0684',1,'RUNX3',-23517.9,-23118.7,'wgEncodeAwgTfbsHaibGm12878Runx3sc101553V0422111UniPk.narrowPeak');
INSERT INTO "TFFM" VALUES(119,'TFFM0126',1,'MA0750',1,'ZBTB7A',-1038.42,-1079.48,'wgEncodeAwgTfbsHaibK562Zbtb7asc34508V0416101UniPk.narrowPeak');
INSERT INTO "TFFM" VALUES(120,'TFFM0065',1,'MA0777',1,'MYBL2',-206.123,-130.343,'wgEncodeAwgTfbsHaibHepg2Mybl2sc81192V0422111UniPk.narrowPeak');
INSERT INTO "TFFM" VALUES(121,'TFFM0110',1,'MA0809',1,'TEAD4',-11240.7,-10750.9,'wgEncodeAwgTfbsHaibH1hescTead4sc101184V0422111UniPk.narrowPeak');
INSERT INTO "TFFM" VALUES(122,'TFFM0112',1,'MA0810',1,'TFAP2A(var.2)',-4469.25,-4263.98,'wgEncodeAwgTfbsSydhHelas3Ap2alphaUniPk.narrowPeak');
INSERT INTO "TFFM" VALUES(123,'TFFM0114',1,'MA0811',1,'TFAP2B',-4826.54,-4206.81,'wgEncodeAwgTfbsSydhHelas3Ap2gammaUniPk.narrowPeak');
INSERT INTO "TFFM" VALUES(124,'TFFM0115',1,'MA0812',1,'TFAP2B(var.2)',-6376.2,-5855.31,'wgEncodeAwgTfbsSydhHelas3Ap2gammaUniPk.narrowPeak');
INSERT INTO "TFFM" VALUES(125,'TFFM0116',1,'MA0813',1,'TFAP2B(var.3)',-6834.85,-5694.96,'wgEncodeAwgTfbsSydhHelas3Ap2gammaUniPk.narrowPeak');
INSERT INTO "TFFM" VALUES(126,'TFFM0118',1,'MA0814',1,'TFAP2C(var.2)',-9745.79,-7426.44,'TFAP2C_GSE23852_jl_AM_hg18_processed');
INSERT INTO "TFFM" VALUES(127,'TFFM0011',1,'MA0836',1,'CEBPD',-2612.01,-2604.06,'wgEncodeAwgTfbsHaibHepg2Cebpdsc636V0416101UniPk.narrowPeak');
INSERT INTO "TFFM" VALUES(128,'TFFM0070',1,'MA0841',1,'NFE2',-3779.18,-3788.77,'wgEncodeAwgTfbsSydhK562Nfe2UniPk.narrowPeak');
INSERT INTO "TFFM" VALUES(129,'TFFM0121',1,'MA0861',1,'TP73',-2122.52,-2085.88,'Tp73beta_GSE15780_Saos-2_doxycyclin_hg18_processed');
INSERT INTO "TFFM" VALUES(130,'TFFM0113',1,'MA0872',1,'TFAP2A(var.3)',-5777.24,-5107.15,'wgEncodeAwgTfbsSydhHelas3Ap2alphaUniPk.narrowPeak');
INSERT INTO "TFFM" VALUES(131,'TFFM0158',1,'MA0022',1,'dl','','','None');
INSERT INTO "TFFM" VALUES(132,'TFFM0159',1,'MA0216',2,'cad','','','None');
INSERT INTO "TFFM" VALUES(133,'TFFM0160',1,'MA0530',1,'cnc::maf-S','','','None');
INSERT INTO "TFFM" VALUES(134,'TFFM0012',2,'MA0018',3,'CREB1',-1811.18,-1757.28,'GSE72082.creb1.hepg2');
INSERT INTO "TFFM" VALUES(135,'TFFM0041',2,'MA0036',3,'GATA2',-14039.4,-13754.6,'GSE73207.gata2.tf1');
INSERT INTO "TFFM" VALUES(136,'TFFM0042',2,'MA0037',3,'GATA3',-4580.25,-5035.73,'GSE65664.gata3.kelly');
INSERT INTO "TFFM" VALUES(137,'TFFM0056',2,'MA0039',3,'KLF4',-5156.48,-4795.18,'GSE36570.klf4.bj_induced');
INSERT INTO "TFFM" VALUES(138,'TFFM0057',2,'MA0495',2,'MAFF',-90025.0,-90246.2,'ENCSR000EEC.maff.hepg2');
INSERT INTO "TFFM" VALUES(139,'TFFM0058',2,'MA0496',2,'MAFK',-136120.0,-142020.0,'ENCSR000EEB.mafk.hepg2');
INSERT INTO "TFFM" VALUES(140,'TFFM0064',2,'MA0100',3,'MYB',-1386.96,-38.4391,'GSE59657.myb.jurkat');
INSERT INTO "TFFM" VALUES(141,'TFFM0066',2,'MA0147',3,'MYC',-4800.68,-4895.36,'GSE77356.myc.u2os_dox');
INSERT INTO "TFFM" VALUES(142,'TFFM0067',2,'MA0104',4,'MYCN',-6451.26,-4815.94,'GSE80151.mycn.shep21_dox_0h');
INSERT INTO "TFFM" VALUES(143,'TFFM0072',2,'MA0161',2,'NFIC',-6247.73,-6323.29,'ENCSR000BUT.nfic.ishikawa');
INSERT INTO "TFFM" VALUES(144,'TFFM0074',2,'MA0060',3,'NFYA',-2406.39,-2428.4,'ENCSR000EGR.nfya.k562');
INSERT INTO "TFFM" VALUES(145,'TFFM0087',2,'MA0508',2,'PRDM1',-2588.63,-2786.5,'ENCSR000ECY.prdm1.hela_s3');
INSERT INTO "TFFM" VALUES(146,'TFFM0123',2,'MA0526',2,'USF2',-11831.0,-11863.5,'ENCSR000ECW.usf2.hela_s3');
INSERT INTO "TFFM" VALUES(147,'TFFM0127',2,'MA0103',3,'ZEB1',-1499.6,-1497.19,'ENCSR000BVN.zeb1.hepg2');
INSERT INTO "TFFM" VALUES(148,'TFFM0131',1,'MA1100',1,'ASCL1',-21016.5,-20879.1,'GSE61197.ascl1.sclc_asclp');
INSERT INTO "TFFM" VALUES(149,'TFFM0132',1,'MA1101',1,'BACH2',-1221.86,-1278.49,'GSE69558.bach2.ocily7');
INSERT INTO "TFFM" VALUES(150,'TFFM0133',1,'MA1102',1,'CTCFL',-13881.2,-15422.9,'ENCSR000BNK.ctcfl.k562');
INSERT INTO "TFFM" VALUES(151,'TFFM0134',1,'MA0852',2,'FOXK1',-510.611,-497.585,'GSE51673.foxk1.hek293t');
INSERT INTO "TFFM" VALUES(152,'TFFM0135',1,'MA1103',1,'FOXK2',-1358.57,-1165.6,'ENCSR302AWT.foxk2.k562');
INSERT INTO "TFFM" VALUES(153,'TFFM0136',1,'MA0481',2,'FOXP1',-1731.12,-1659.02,'ERP010999.foxp1.sudhl6');
INSERT INTO "TFFM" VALUES(154,'TFFM0137',1,'MA1104',1,'GATA6',-11283.4,-11080.1,'GSE51705.gata6.ycc3');
INSERT INTO "TFFM" VALUES(155,'TFFM0138',1,'MA1105',1,'GRHL2',-24134.5,-25937.9,'GSE46194.grhl2.hbe');
INSERT INTO "TFFM" VALUES(156,'TFFM0139',1,'MA1106',1,'HIF1A',-731.473,-763.722,'GSE43109.hif1a.macrophage_hypo');
INSERT INTO "TFFM" VALUES(157,'TFFM0140',1,'MA1107',1,'KLF9',-6342.27,-6145.7,'ENCSR125ZYC.klf9.mcf7');
INSERT INTO "TFFM" VALUES(158,'TFFM0141',1,'MA0620',2,'MITF',-38700.2,-38700.2,'GSE61965.mitf.501mel');
INSERT INTO "TFFM" VALUES(159,'TFFM0142',1,'MA1108',1,'MXI1',-2642.99,-918.621,'ENCSR000ECU.mxi1.hela_s3');
INSERT INTO "TFFM" VALUES(160,'TFFM0143',1,'MA1109',1,'NEUROD1',-878.224,-891.193,'GSE69394.neurod1.ncih524');
INSERT INTO "TFFM" VALUES(161,'TFFM0144',1,'MA1111',1,'NR2F2',-1462.67,-1234.4,'GSE46237.nr2f2.wi38va13');
INSERT INTO "TFFM" VALUES(162,'TFFM0145',1,'MA1112',1,'NR4A1',-3633.56,-3597.0,'GSE79491.nr4a1.kasumi1');
INSERT INTO "TFFM" VALUES(163,'TFFM0146',1,'MA1113',1,'PBX2',-11379.3,-6893.72,'ENCSR979UVS.pbx2.k562');
INSERT INTO "TFFM" VALUES(164,'TFFM0147',1,'MA1114',1,'PBX3',-12893.2,-8682.2,'ENCSR000BVE.pbx3.sknsh');
INSERT INTO "TFFM" VALUES(165,'TFFM0148',1,'MA1115',1,'POU5F1',-1710.71,-1456.82,'ENCSR264RJX.pou5f1.esc');
INSERT INTO "TFFM" VALUES(166,'TFFM0149',1,'MA1116',1,'RBPJ',-2628.16,-2754.0,'GSE29498.rbpj.nhek');
INSERT INTO "TFFM" VALUES(167,'TFFM0150',1,'MA1119',1,'SIX2',-20277.6,-21169.7,'GSE75948.six2.kidney_fetal_17w');
INSERT INTO "TFFM" VALUES(168,'TFFM0151',1,'MA1153',1,'SMAD4',-576.277,-1267.8,'GSE29422.smad4.endoderm');
INSERT INTO "TFFM" VALUES(169,'TFFM0152',1,'MA0442',2,'SOX10',-721.63,-743.859,'GSE61965.sox10.501mel');
INSERT INTO "TFFM" VALUES(170,'TFFM0153',1,'MA1121',1,'TEAD2',-308.018,-332.059,'ENCSR635GTR.tead2.k562');
INSERT INTO "TFFM" VALUES(171,'TFFM0154',1,'MA1122',1,'TFDP1',-562.828,-566.744,'ENCSR224IKA.tfdp1.k562');
INSERT INTO "TFFM" VALUES(172,'TFFM0155',1,'MA1123',1,'TWIST1',-14475.0,-13896.3,'GSE80151.twist1.be2c');
INSERT INTO "TFFM" VALUES(173,'TFFM0156',1,'MA1124',1,'ZNF24',-740.898,-725.708,'ENCSR385AHH.znf24.k562');
INSERT INTO "TFFM" VALUES(174,'TFFM0157',1,'MA1125',1,'ZNF384',-1082.3,-1012.61,'ENCSR000DYP.znf384.gm12878');
INSERT INTO "TFFM" VALUES(175,'TFFM0161',1,'MA0004',1,'ARNT',-10113.5,-8010.69,'GSE59935.arnt.t47d_haegin2');
INSERT INTO "TFFM" VALUES(176,'TFFM0162',1,'MA0603',1,'ARNTL',-402.392,-373.002,'GSE44236.arntl.u2os');
INSERT INTO "TFFM" VALUES(177,'TFFM0163',1,'MA0833',1,'ATF4',-973.746,-936.027,'GSE68864.atf4.hmsc');
INSERT INTO "TFFM" VALUES(178,'TFFM0164',1,'MA0834',1,'ATF7',-5369.15,-5341.05,'ENCSR972ZBV.atf7.k562');
INSERT INTO "TFFM" VALUES(179,'TFFM0165',1,'MA0818',1,'BHLHE22',-7773.06,-7877.54,'GSE43876.bhlhe22.cal1');
INSERT INTO "TFFM" VALUES(180,'TFFM0166',1,'MA0838',1,'CEBPG',-5260.61,-5295.46,'ENCSR094ZCF.cebpg.mcf7');
INSERT INTO "TFFM" VALUES(181,'TFFM0167',1,'MA0839',1,'CREB3L1',-449.096,-71.2843,'ENCSR109YGM.creb3l1.k562');
INSERT INTO "TFFM" VALUES(182,'TFFM0168',1,'MA0609',1,'CREM',-3477.91,-2283.86,'ENCSR839XZU.crem.gm12878');
INSERT INTO "TFFM" VALUES(183,'TFFM0169',1,'MA0754',1,'CUX1',-2847.12,-2629.47,'ENCSR017CEO.cux1.mcf7');
INSERT INTO "TFFM" VALUES(184,'TFFM0170',1,'MA0640',1,'ELF3',-10252.7,-10074.5,'GSE64557.elf3.pdac_shctr');
INSERT INTO "TFFM" VALUES(185,'TFFM0171',1,'MA0800',1,'EOMES',-4029.45,-3871.58,'GSE26097.eomes.esc');
INSERT INTO "TFFM" VALUES(186,'TFFM0172',1,'MA0761',1,'ETV1',-10499.8,-9976.02,'GSE47120.etv1.lncap');
INSERT INTO "TFFM" VALUES(187,'TFFM0173',1,'MA0764',1,'ETV4',-5552.8,-5514.13,'ENCSR714YZG.etv4.hepg2');
INSERT INTO "TFFM" VALUES(188,'TFFM0174',1,'MA0645',1,'ETV6',-3197.36,-2804.12,'ENCSR626VUC.etv6.gm12878');
INSERT INTO "TFFM" VALUES(189,'TFFM0175',1,'MA0614',1,'FOXJ2',-263.899,-284.592,'ENCSR847LBF.foxj2.k562');
INSERT INTO "TFFM" VALUES(190,'TFFM0176',1,'MA0140',2,'GATA1::TAL1',-9538.62,-9650.37,'ENCSR106FRG.tal1.k562');
INSERT INTO "TFFM" VALUES(191,'TFFM0177',1,'MA0895',1,'HMBOX1',-3462.12,-3125.83,'ENCSR757IIU.hmbox1.k562');
INSERT INTO "TFFM" VALUES(192,'TFFM0178',1,'MA0153',2,'HNF1B',-2100.37,-2126.74,'ERP004206.hnf1b.esc_h9');
INSERT INTO "TFFM" VALUES(193,'TFFM0179',1,'MA0594',1,'HOXA9',-800.715,-761.749,'GSE38339.hoxa9.sem');
INSERT INTO "TFFM" VALUES(194,'TFFM0180',1,'MA0901',1,'HOXB13',-5995.15,-6079.33,'GSE56288.hoxb13.lncap');
INSERT INTO "TFFM" VALUES(195,'TFFM0181',1,'MA0051',1,'IRF2',-324.071,-302.174,'GSE70660.irf2.cd34_adult');
INSERT INTO "TFFM" VALUES(196,'TFFM0182',1,'MA1419',1,'IRF4',-1097.28,-1125.17,'GSE56857.irf4.ocily3_shctr');
INSERT INTO "TFFM" VALUES(197,'TFFM0183',1,'MA0599',1,'KLF5',-4481.37,-4574.71,'GSE51705.klf5.katoiii');
INSERT INTO "TFFM" VALUES(198,'TFFM0184',1,'MA0768',1,'LEF1',-224.821,-216.602,'GSE64758.lef1.esc_wnt3a');
INSERT INTO "TFFM" VALUES(199,'TFFM0185',1,'MA0700',1,'LHX2',-2746.12,-2800.72,'GSE60024.lhx2.retinal_pigment');
INSERT INTO "TFFM" VALUES(200,'TFFM0186',1,'MA0501',1,'MAF::NFE2',-870.835,-980.603,'GSE52953.maf.keratinocyte_epidermal_prolif');
INSERT INTO "TFFM" VALUES(201,'TFFM0187',1,'MA0117',2,'MAFB',-11168.7,-11586.8,'ERP004003.mafb.islet');
INSERT INTO "TFFM" VALUES(202,'TFFM0188',1,'MA0659',1,'MAFG',-63141.4,-63577.4,'ENCSR818DQV.mafg.k562');
INSERT INTO "TFFM" VALUES(203,'TFFM0189',1,'MA0660',1,'MEF2B',-1472.74,-1456.97,'GSE69558.mef2b.dohh2');
INSERT INTO "TFFM" VALUES(204,'TFFM0190',1,'MA0774',1,'MEIS2',-8158.05,-8285.61,'ENCSR851BNE.meis2.k562');
INSERT INTO "TFFM" VALUES(205,'TFFM0191',1,'MA0825',1,'MNT',-3875.1,-2436.14,'ENCSR663ZZZ.mnt.mcf7');
INSERT INTO "TFFM" VALUES(206,'TFFM0192',1,'MA0089',1,'NFE2L1',-2782.46,-4224.15,'ENCSR632SHZ.nfe2l1.k562');
INSERT INTO "TFFM" VALUES(207,'TFFM0193',1,'MA0778',1,'NFKB2',-13165.4,-13015.5,'GSE63736.nfkb2.l1236');
INSERT INTO "TFFM" VALUES(208,'TFFM0194',1,'MA0017',2,'NR2F1',-6627.73,-6578.91,'ENCSR970NKQ.nr2f1.k562');
INSERT INTO "TFFM" VALUES(209,'TFFM0195',1,'MA0677',1,'NR2F6',-6888.69,-5405.63,'ENCSR518WPL.nr2f6.hepg2');
INSERT INTO "TFFM" VALUES(210,'TFFM0196',1,'MA0679',1,'ONECUT1',-30898.8,-30919.4,'ERP004206.onecut1.esc_h9');
INSERT INTO "TFFM" VALUES(211,'TFFM0197',1,'MA0712',1,'OTX2',-3346.57,-3476.37,'GSE60024.otx2.retinal_pigment');
INSERT INTO "TFFM" VALUES(212,'TFFM0198',1,'MA0132',2,'PDX1',-6432.81,-7795.89,'ERP001456.pdx1.islet');
INSERT INTO "TFFM" VALUES(213,'TFFM0199',1,'MA0794',1,'PROX1',-503.252,-548.464,'GSE60390.prox1.sw480');
INSERT INTO "TFFM" VALUES(214,'TFFM0200',1,'MA0107',1,'RELA',-16276.3,-16621.2,'GSE64233.rela.sgbs_tnf');
INSERT INTO "TFFM" VALUES(215,'TFFM0201',1,'MA0513',1,'SMAD2',-969.093,-964.027,'GSE29422.smad2.endoderm');
INSERT INTO "TFFM" VALUES(216,'TFFM0202',1,'MA0795',1,'SMAD3',-365.7,-385.674,'GSE38103.smad3.lx2_calcipotriol_tgfb1');
INSERT INTO "TFFM" VALUES(217,'TFFM0203',1,'MA0745',1,'SNAI2',-41620.3,-41374.4,'GSE55421.snai2.keratinocyte_snai2_diff');
INSERT INTO "TFFM" VALUES(218,'TFFM0204',1,'MA0081',1,'SPIB',-3889.4,-6465.19,'GSE56857.spib.ocily3_shctr');
INSERT INTO "TFFM" VALUES(219,'TFFM0205',1,'MA0595',1,'SREBF1',-4833.73,-4846.69,'ENCSR197DJH.srebf1.mcf7');
INSERT INTO "TFFM" VALUES(220,'TFFM0206',1,'MA0829',1,'SREBF1(VAR.2)',-4837.8,-4891.19,'ENCSR197DJH.srebf1.mcf7');
INSERT INTO "TFFM" VALUES(221,'TFFM0207',1,'MA0517',1,'STAT2',-632.748,-618.7,'ENCSR000FBC.stat2.k562');
INSERT INTO "TFFM" VALUES(222,'TFFM0208',1,'MA0690',1,'TBX21',-2155.67,-1539.17,'ENCSR739IHN.tbx21.gm12878');
INSERT INTO "TFFM" VALUES(223,'TFFM0209',1,'MA0769',1,'TCF7',-1610.64,-1608.29,'ENCSR501DKS.tcf7.gm12878');
INSERT INTO "TFFM" VALUES(224,'TFFM0210',1,'MA0090',2,'TEAD1',-12801.8,-13599.3,'ERP008682.tead1.pancreas_12d');
INSERT INTO "TFFM" VALUES(225,'TFFM0211',1,'MA0815',1,'TFAP2C(VAR.3)',-36573.9,-36690.8,'GSE36351.tfap2c.skbr3');
INSERT INTO "TFFM" VALUES(226,'TFFM0212',1,'MA0691',1,'TFAP4',-15548.6,-15398.6,'ENCSR103SZL.tfap4.hepg2');
INSERT INTO "TFFM" VALUES(227,'TFFM0213',1,'MA0597',1,'THAP1',-123.544,-593.058,'ENCSR000BNN.thap1.k562');
INSERT INTO "TFFM" VALUES(228,'TFFM0214',1,'MA0844',1,'XBP1',-2134.98,-2944.27,'GSE49952.xbp1.mdamb231_hypo_gludep');
INSERT INTO "TFFM" VALUES(229,'TFFM0215',1,'MA0941',1,'ABF2',-7773.86,-7761.39,'GSE60143');
INSERT INTO "TFFM" VALUES(230,'TFFM0216',1,'MA0931',1,'ABI5',-14413.8,-14596.8,'GSE60143');
INSERT INTO "TFFM" VALUES(231,'TFFM0217',1,'MA1244',1,'ABR1',-1516.66,-1485.33,'GSE60143');
INSERT INTO "TFFM" VALUES(232,'TFFM0218',1,'MA1277',1,'Adof1',-3169.84,-3174.38,'GSE60143');
INSERT INTO "TFFM" VALUES(233,'TFFM0219',1,'MA0548',2,'AGL15',-3163.66,-3184.64,'GSE60143');
INSERT INTO "TFFM" VALUES(234,'TFFM0220',1,'MA1203',1,'AGL63',-31309.0,-31859.8,'GSE60143');
INSERT INTO "TFFM" VALUES(235,'TFFM0221',1,'MA1235',1,'AIL7',-847.427,-962.415,'GSE60143');
INSERT INTO "TFFM" VALUES(236,'TFFM0222',1,'MA0937',1,'NAC055',-13894.6,-13984.7,'GSE60143');
INSERT INTO "TFFM" VALUES(237,'TFFM0223',1,'MA0938',1,'NAC058',-13124.1,-13354.1,'GSE60143');
INSERT INTO "TFFM" VALUES(238,'TFFM0224',1,'MA1043',1,'NAC083',-14034.7,-13865.8,'GSE60143');
INSERT INTO "TFFM" VALUES(239,'TFFM0225',1,'MA1375',1,'ANL2',-12622.3,-12572.8,'GSE60143');
INSERT INTO "TFFM" VALUES(240,'TFFM0226',1,'MA1338',1,'AREB3',-14313.4,-14325.1,'GSE60143');
INSERT INTO "TFFM" VALUES(241,'TFFM0227',1,'MA1206',1,'ARF2',-5754.53,-5533.85,'GSE60143');
INSERT INTO "TFFM" VALUES(242,'TFFM0228',1,'MA1259',1,'AT1G01250',-1415.72,-1425.14,'GSE60143');
INSERT INTO "TFFM" VALUES(243,'TFFM0229',1,'MA1227',1,'AT1G12630',-7724.71,-7681.67,'GSE60143');
INSERT INTO "TFFM" VALUES(244,'TFFM0230',1,'MA1400',1,'At1g19000',-28937.6,-28467.2,'GSE60143');
INSERT INTO "TFFM" VALUES(245,'TFFM0231',1,'MA1234',1,'At1g19210',-7609.87,-7577.47,'GSE60143');
INSERT INTO "TFFM" VALUES(246,'TFFM0232',1,'MA1386',1,'At1g25550',-10037.4,-10086.4,'GSE60143');
INSERT INTO "TFFM" VALUES(247,'TFFM0233',1,'MA1247',1,'AT1G28160',-323.213,-304.412,'GSE60143');
INSERT INTO "TFFM" VALUES(248,'TFFM0234',1,'MA1263',1,'At1g36060',-581.742,-581.405,'GSE60143');
INSERT INTO "TFFM" VALUES(249,'TFFM0235',1,'MA1222',1,'AT1G44830',-1339.14,-1598.43,'GSE60143');
INSERT INTO "TFFM" VALUES(250,'TFFM0236',1,'MA1275',1,'AT1G47655',-760.155,-708.258,'GSE60143');
INSERT INTO "TFFM" VALUES(251,'TFFM0237',1,'MA1186',1,'At1g49010',-20858.0,-20224.1,'GSE60143');
INSERT INTO "TFFM" VALUES(252,'TFFM0238',1,'MA1165',1,'AT1G49560',-8761.23,-10010.1,'GSE60143');
INSERT INTO "TFFM" VALUES(253,'TFFM0239',1,'MA0981',1,'DOF1.8',-6921.98,-6467.29,'GSE60143');
INSERT INTO "TFFM" VALUES(254,'TFFM0240',1,'MA1390',1,'At1g68670',-8656.37,-9479.8,'GSE60143');
INSERT INTO "TFFM" VALUES(255,'TFFM0241',1,'MA1268',1,'AT1G69570',-2028.91,-1763.57,'GSE60143');
INSERT INTO "TFFM" VALUES(256,'TFFM0242',1,'MA1062',1,'TCP15',-2825.67,-2966.48,'GSE60143');
INSERT INTO "TFFM" VALUES(257,'TFFM0243',1,'MA1288',1,'At1g72010',-6907.88,-6896.35,'GSE60143');
INSERT INTO "TFFM" VALUES(258,'TFFM0244',1,'MA1353',1,'AT1G72740',-3732.66,-3574.02,'GSE60143');
INSERT INTO "TFFM" VALUES(259,'TFFM0245',1,'MA1397',1,'At1g74840',-18195.4,-18417.4,'GSE60143');
INSERT INTO "TFFM" VALUES(260,'TFFM0246',1,'MA1366',1,'AT1G76880',-399.329,-389.087,'GSE60143');
INSERT INTO "TFFM" VALUES(261,'TFFM0247',1,'MA1230',1,'AT1G77200',-13554.9,-13504.7,'GSE60143');
INSERT INTO "TFFM" VALUES(262,'TFFM0248',1,'MA1331',1,'At1g78700',-15437.1,-15454.3,'GSE60143');
INSERT INTO "TFFM" VALUES(263,'TFFM0249',1,'MA1384',1,'At2g01060',-15471.7,-15403.9,'GSE60143');
INSERT INTO "TFFM" VALUES(264,'TFFM0250',1,'MA1167',1,'At2g03500',-23525.6,-23659.7,'GSE60143');
INSERT INTO "TFFM" VALUES(265,'TFFM0251',1,'MA1380',1,'AT2G20110',-2241.81,-2239.42,'GSE60143');
INSERT INTO "TFFM" VALUES(266,'TFFM0252',1,'MA1272',1,'AT2G28810',-5572.71,-5025.89,'GSE60143');
INSERT INTO "TFFM" VALUES(267,'TFFM0253',1,'MA1245',1,'At2g33710',-3654.78,-3552.37,'GSE60143');
INSERT INTO "TFFM" VALUES(268,'TFFM0254',1,'MA1385',1,'AT2G40260',-6180.34,-6159.67,'GSE60143');
INSERT INTO "TFFM" VALUES(269,'TFFM0255',1,'MA1285',1,'At2g45680',-1088.89,-1109.07,'GSE60143');
INSERT INTO "TFFM" VALUES(270,'TFFM0256',1,'MA1168',1,'At3g04030',-26703.8,-25941.3,'GSE60143');
INSERT INTO "TFFM" VALUES(271,'TFFM0257',1,'MA1182',1,'At3g09600',-23327.9,-24473.0,'GSE60143');
INSERT INTO "TFFM" VALUES(272,'TFFM0258',1,'MA1191',1,'AT3G10113',-53915.0,-54135.2,'GSE60143');
INSERT INTO "TFFM" VALUES(273,'TFFM0259',1,'MA1188',1,'At3g11280',-1779.73,-1593.53,'GSE60143');
INSERT INTO "TFFM" VALUES(274,'TFFM0260',1,'MA1388',1,'At3g24120',-51990.0,-49502.2,'GSE60143');
INSERT INTO "TFFM" VALUES(275,'TFFM0261',1,'MA1270',1,'At3g45610',-11411.6,-10450.0,'GSE60143');
INSERT INTO "TFFM" VALUES(276,'TFFM0262',1,'MA1276',1,'AT3G52440',-6824.65,-6350.41,'GSE60143');
INSERT INTO "TFFM" VALUES(277,'TFFM0263',1,'MA1190',1,'At4g01280',-16756.2,-16936.8,'GSE60143');
INSERT INTO "TFFM" VALUES(278,'TFFM0264',1,'MA1237',1,'At4g16750',-19155.4,-18926.9,'GSE60143');
INSERT INTO "TFFM" VALUES(279,'TFFM0265',1,'MA1228',1,'AT4G18450',-196.246,-212.825,'GSE60143');
INSERT INTO "TFFM" VALUES(280,'TFFM0266',1,'MA1333',1,'At4g18890',-2198.45,-2219.98,'GSE60143');
INSERT INTO "TFFM" VALUES(281,'TFFM0267',1,'MA1265',1,'At4g31060',-2713.84,-2495.04,'GSE60143');
INSERT INTO "TFFM" VALUES(282,'TFFM0268',1,'MA1241',1,'At4g32800',-11146.1,-11106.4,'GSE60143');
INSERT INTO "TFFM" VALUES(283,'TFFM0269',1,'MA1332',1,'At4g36780',-21057.0,-21019.1,'GSE60143');
INSERT INTO "TFFM" VALUES(284,'TFFM0270',1,'MA1164',1,'AT4G37180',-13419.0,-13275.1,'GSE60143');
INSERT INTO "TFFM" VALUES(285,'TFFM0271',1,'MA1281',1,'AT5G02460',-8708.33,-8105.56,'GSE60143');
INSERT INTO "TFFM" VALUES(286,'TFFM0272',1,'MA1196',1,'At5g05790',-3201.35,-2933.91,'GSE60143');
INSERT INTO "TFFM" VALUES(287,'TFFM0273',1,'MA1287',1,'At5g08330',-9349.45,-9397.47,'GSE60143');
INSERT INTO "TFFM" VALUES(288,'TFFM0274',1,'MA1399',1,'At5g08520',-10116.0,-10106.2,'GSE60143');
INSERT INTO "TFFM" VALUES(289,'TFFM0275',1,'MA1226',1,'At5g18450',-1361.9,-1269.14,'GSE60143');
INSERT INTO "TFFM" VALUES(290,'TFFM0276',1,'MA1389',1,'At5g29000',-11649.7,-11602.0,'GSE60143');
INSERT INTO "TFFM" VALUES(291,'TFFM0277',1,'MA1163',1,'AT5G45580',-21936.5,-21760.5,'GSE60143');
INSERT INTO "TFFM" VALUES(292,'TFFM0278',1,'MA1398',1,'At5g47390',-28860.5,-28379.0,'GSE60143');
INSERT INTO "TFFM" VALUES(293,'TFFM0279',1,'MA1183',1,'At5g52660',-6480.35,-6632.36,'GSE60143');
INSERT INTO "TFFM" VALUES(294,'TFFM0280',1,'MA1195',1,'AT5G56840',-17968.7,-17780.7,'GSE60143');
INSERT INTO "TFFM" VALUES(295,'TFFM0281',1,'MA1189',1,'AT5G61620',-9457.29,-8750.27,'GSE60143');
INSERT INTO "TFFM" VALUES(296,'TFFM0282',1,'MA0983',1,'DOF5.6',-9595.01,-7057.36,'GSE60143');
INSERT INTO "TFFM" VALUES(297,'TFFM0283',1,'MA1267',1,'AT5G66940',-5278.49,-4811.74,'GSE60143');
INSERT INTO "TFFM" VALUES(298,'TFFM0284',1,'MA1212',1,'ATHB13',-41624.1,-40865.2,'GSE60143');
INSERT INTO "TFFM" VALUES(299,'TFFM0285',1,'MA1026',2,'ATHB15',-11414.3,-11383.6,'GSE60143');
INSERT INTO "TFFM" VALUES(300,'TFFM0286',1,'MA1211',1,'ATHB18',-1949.45,-1929.64,'GSE60143');
INSERT INTO "TFFM" VALUES(301,'TFFM0287',1,'MA1213',1,'ATHB21',-15825.2,-15825.2,'GSE60143');
INSERT INTO "TFFM" VALUES(302,'TFFM0288',1,'MA1327',1,'ATHB23',-16661.6,-16596.5,'GSE60143');
INSERT INTO "TFFM" VALUES(303,'TFFM0289',1,'MA1330',1,'ATHB24',-4084.94,-4074.15,'GSE60143');
INSERT INTO "TFFM" VALUES(304,'TFFM0290',1,'MA1329',1,'ATHB25',-19424.4,-19400.0,'GSE60143');
INSERT INTO "TFFM" VALUES(305,'TFFM0291',1,'MA1326',1,'ATHB33',-18160.9,-17836.6,'GSE60143');
INSERT INTO "TFFM" VALUES(306,'TFFM0292',1,'MA1328',1,'ATHB34',-3542.5,-3541.59,'GSE60143');
INSERT INTO "TFFM" VALUES(307,'TFFM0293',1,'MA1214',1,'ATHB40',-31516.7,-31571.6,'GSE60143');
INSERT INTO "TFFM" VALUES(308,'TFFM0294',1,'MA0110',2,'ATHB-5',-32701.0,-32557.3,'GSE60143');
INSERT INTO "TFFM" VALUES(309,'TFFM0295',1,'MA1215',1,'ATHB53',-25506.2,-25034.5,'GSE60143');
INSERT INTO "TFFM" VALUES(310,'TFFM0296',1,'MA0953',1,'ATHB-6',-12875.4,-13599.8,'GSE60143');
INSERT INTO "TFFM" VALUES(311,'TFFM0297',1,'MA0954',2,'ATHB7',-23983.2,-22794.5,'GSE60143');
INSERT INTO "TFFM" VALUES(312,'TFFM0298',1,'MA1359',1,'bHLH31',-2560.31,-2503.26,'GSE60143');
INSERT INTO "TFFM" VALUES(313,'TFFM0299',1,'MA1357',1,'bHLH80',-22680.7,-22618.4,'GSE60143');
INSERT INTO "TFFM" VALUES(314,'TFFM0300',1,'MA0964',1,'BIM1',-924.7,-887.257,'GSE60143');
INSERT INTO "TFFM" VALUES(315,'TFFM0301',1,'MA0965',1,'BIM2',-32018.6,-31920.2,'GSE60143');
INSERT INTO "TFFM" VALUES(316,'TFFM0302',1,'MA1404',1,'BPC1',-133.717,-25.3623,'GSE60143');
INSERT INTO "TFFM" VALUES(317,'TFFM0303',1,'MA1349',1,'bZIP16',-5826.26,-5832.45,'GSE60143');
INSERT INTO "TFFM" VALUES(318,'TFFM0304',1,'MA1344',1,'bZIP28',-2772.91,-2764.39,'GSE60143');
INSERT INTO "TFFM" VALUES(319,'TFFM0305',1,'MA1340',1,'bZIP3',-15987.4,-16014.8,'GSE60143');
INSERT INTO "TFFM" VALUES(320,'TFFM0306',1,'MA1337',1,'bZIP44',-8389.09,-8389.09,'GSE60143');
INSERT INTO "TFFM" VALUES(321,'TFFM0307',1,'MA1345',1,'bZIP48',-1793.1,-1797.78,'GSE60143');
INSERT INTO "TFFM" VALUES(322,'TFFM0308',1,'MA1342',1,'bZIP50',-10879.2,-10867.9,'GSE60143');
INSERT INTO "TFFM" VALUES(323,'TFFM0309',1,'MA1343',1,'bZIP52',-14894.7,-14927.4,'GSE60143');
INSERT INTO "TFFM" VALUES(324,'TFFM0310',1,'MA1341',1,'bZIP53',-18395.5,-18442.6,'GSE60143');
INSERT INTO "TFFM" VALUES(326,'TFFM0312',1,'MA1197',1,'CAMTA1',-5873.81,-5763.96,'GSE60143');
INSERT INTO "TFFM" VALUES(327,'TFFM0313',1,'MA1224',1,'CBF1',-13054.9,-12829.4,'GSE60143');
INSERT INTO "TFFM" VALUES(328,'TFFM0314',1,'MA1217',1,'CBF2',-8662.71,-8711.44,'GSE60143');
INSERT INTO "TFFM" VALUES(329,'TFFM0315',1,'MA0971',1,'DREB1A',-10448.2,-10569.3,'GSE60143');
INSERT INTO "TFFM" VALUES(330,'TFFM0316',1,'MA1218',1,'CBF4',-30622.7,-30391.3,'GSE60143');
INSERT INTO "TFFM" VALUES(331,'TFFM0317',1,'MA0974',1,'CDF3',-3376.93,-3088.23,'GSE60143');
INSERT INTO "TFFM" VALUES(332,'TFFM0318',1,'MA1219',1,'CEJ1',-22622.9,-23503.6,'GSE60143');
INSERT INTO "TFFM" VALUES(333,'TFFM0319',1,'MA1279',1,'COG1',-7559.38,-7087.91,'GSE60143');
INSERT INTO "TFFM" VALUES(334,'TFFM0320',1,'MA1271',1,'DAG2',-15998.0,-14135.4,'GSE60143');
INSERT INTO "TFFM" VALUES(335,'TFFM0321',1,'MA1376',1,'DEAR3',-8741.49,-8660.22,'GSE60143');
INSERT INTO "TFFM" VALUES(336,'TFFM0322',1,'MA1251',1,'DEAR5',-5285.24,-5191.52,'GSE60143');
INSERT INTO "TFFM" VALUES(337,'TFFM0323',1,'MA0982',1,'DOF2.4',-8197.43,-7820.61,'GSE60143');
INSERT INTO "TFFM" VALUES(338,'TFFM0324',1,'MA1273',1,'dof4.2',-386.1,-362.472,'GSE60143');
INSERT INTO "TFFM" VALUES(339,'TFFM0325',1,'MA1269',1,'dof4.5',-4762.08,-4167.4,'GSE60143');
INSERT INTO "TFFM" VALUES(340,'TFFM0326',1,'MA1243',1,'DREB19',-8441.31,-8382.83,'GSE60143');
INSERT INTO "TFFM" VALUES(341,'TFFM0327',1,'MA1401',1,'EPR1',-88429.4,-88215.8,'GSE60143');
INSERT INTO "TFFM" VALUES(342,'TFFM0328',1,'MA1240',1,'ERF10',-3068.23,-2882.92,'GSE60143');
INSERT INTO "TFFM" VALUES(343,'TFFM0329',1,'MA1000',2,'ERF105',-4027.28,-3838.15,'GSE60143');
INSERT INTO "TFFM" VALUES(344,'TFFM0330',1,'MA1001',1,'ERF11',-6851.39,-6578.11,'GSE60143');
INSERT INTO "TFFM" VALUES(345,'TFFM0331',1,'MA1231',1,'ERF15',-11427.6,-11037.4,'GSE60143');
INSERT INTO "TFFM" VALUES(346,'TFFM0332',1,'MA1262',1,'ERF2',-270.926,-273.373,'GSE60143');
INSERT INTO "TFFM" VALUES(347,'TFFM0333',1,'MA1005',1,'ERF3',-1520.5,-1514.71,'GSE60143');
INSERT INTO "TFFM" VALUES(348,'TFFM0334',1,'MA1238',1,'ERF38',-6871.19,-6949.48,'GSE60143');
INSERT INTO "TFFM" VALUES(349,'TFFM0335',1,'MA0992',1,'ERF4',-4700.44,-5179.13,'GSE60143');
INSERT INTO "TFFM" VALUES(350,'TFFM0336',1,'MA1225',1,'ERF5',-214.086,-228.406,'GSE60143');
INSERT INTO "TFFM" VALUES(351,'TFFM0337',1,'MA0993',1,'ERF7',-12017.9,-11716.2,'GSE60143');
INSERT INTO "TFFM" VALUES(352,'TFFM0338',1,'MA0994',1,'ERF8',-4030.4,-4059.95,'GSE60143');
INSERT INTO "TFFM" VALUES(353,'TFFM0339',1,'MA1264',1,'ESE1',-792.473,-862.519,'GSE60143');
INSERT INTO "TFFM" VALUES(354,'TFFM0340',1,'MA1236',1,'ESE3',-1715.43,-1598.62,'GSE60143');
INSERT INTO "TFFM" VALUES(355,'TFFM0341',1,'MA1382',1,'FAR1',-1467.79,-1397.12,'GSE60143');
INSERT INTO "TFFM" VALUES(356,'TFFM0342',1,'MA0565',1,'FUS3',-3440.59,-3414.66,'GSE60143');
INSERT INTO "TFFM" VALUES(357,'TFFM0343',1,'MA1014',1,'GATA11',-6576.8,-6591.3,'GSE60143');
INSERT INTO "TFFM" VALUES(358,'TFFM0344',1,'MA1323',1,'GATA19',-168.37,-178.533,'GSE60143');
INSERT INTO "TFFM" VALUES(359,'TFFM0345',1,'MA1351',1,'GBF3',-17756.6,-17806.5,'GSE60143');
INSERT INTO "TFFM" VALUES(360,'TFFM0346',1,'MA1334',1,'GBF6',-24993.7,-24951.8,'GSE60143');
INSERT INTO "TFFM" VALUES(361,'TFFM0347',1,'MA1208',1,'GT2',-7466.26,-7296.74,'GSE60143');
INSERT INTO "TFFM" VALUES(362,'TFFM0348',1,'MA1207',1,'GT3a',-1257.11,-1250.17,'GSE60143');
INSERT INTO "TFFM" VALUES(363,'TFFM0349',1,'MA1198',1,'HAT2',-11154.9,-10977.7,'GSE60143');
INSERT INTO "TFFM" VALUES(364,'TFFM0350',1,'MA1369',1,'HDG1',-17417.2,-17117.8,'GSE60143');
INSERT INTO "TFFM" VALUES(365,'TFFM0351',1,'MA1371',1,'IDD4',-22562.5,-22137.6,'GSE60143');
INSERT INTO "TFFM" VALUES(366,'TFFM0352',1,'MA1374',1,'IDD7',-10957.5,-10806.9,'GSE60143');
INSERT INTO "TFFM" VALUES(367,'TFFM0353',1,'MA1156',1,'JKD',-4470.69,-4475.39,'GSE60143');
INSERT INTO "TFFM" VALUES(368,'TFFM0354',1,'MA1187',1,'LCL1',-10590.1,-11198.0,'GSE60143');
INSERT INTO "TFFM" VALUES(369,'TFFM0355',1,'MA1246',1,'LEP',-156.15,-141.083,'GSE60143');
INSERT INTO "TFFM" VALUES(370,'TFFM0356',1,'MA1185',1,'LHY1',-33625.7,-34819.5,'GSE60143');
INSERT INTO "TFFM" VALUES(371,'TFFM0357',1,'MA0952',1,'ATHB-51',-39944.0,-40877.4,'GSE60143');
INSERT INTO "TFFM" VALUES(372,'TFFM0358',1,'MA1173',1,'MYB101',-251.914,-222.994,'GSE60143');
INSERT INTO "TFFM" VALUES(373,'TFFM0359',1,'MA1176',1,'MYB119',-12450.7,-10653.1,'GSE60143');
INSERT INTO "TFFM" VALUES(374,'TFFM0360',1,'MA1292',1,'MYB27',-10388.8,-10001.3,'GSE60143');
INSERT INTO "TFFM" VALUES(375,'TFFM0361',1,'MA1391',1,'MYB33',-7249.87,-6908.99,'GSE60143');
INSERT INTO "TFFM" VALUES(376,'TFFM0362',1,'MA1178',1,'MYB3R1',-17444.4,-17408.6,'GSE60143');
INSERT INTO "TFFM" VALUES(377,'TFFM0363',1,'MA1180',1,'MYB3R4',-2964.68,-2960.51,'GSE60143');
INSERT INTO "TFFM" VALUES(378,'TFFM0364',1,'MA1172',1,'MYB3R5',-7365.29,-7381.88,'GSE60143');
INSERT INTO "TFFM" VALUES(379,'TFFM0365',1,'MA1174',1,'MYB56',-1558.67,-1518.6,'GSE60143');
INSERT INTO "TFFM" VALUES(380,'TFFM0366',1,'MA1293',1,'MYB57',-42254.3,-41968.6,'GSE60143');
INSERT INTO "TFFM" VALUES(381,'TFFM0367',1,'MA1177',1,'MYB65',-2797.61,-2634.01,'GSE60143');
INSERT INTO "TFFM" VALUES(382,'TFFM0368',1,'MA1393',1,'MYB70',-6003.76,-5822.87,'GSE60143');
INSERT INTO "TFFM" VALUES(383,'TFFM0369',1,'MA1394',1,'MYB73',-5712.99,-5581.65,'GSE60143');
INSERT INTO "TFFM" VALUES(384,'TFFM0370',1,'MA1395',1,'MYB77',-26166.7,-25668.3,'GSE60143');
INSERT INTO "TFFM" VALUES(385,'TFFM0371',1,'MA1175',1,'MYB81',-2590.64,-2511.85,'GSE60143');
INSERT INTO "TFFM" VALUES(386,'TFFM0372',1,'MA1392',1,'MYB98',-11090.3,-11033.5,'GSE60143');
INSERT INTO "TFFM" VALUES(387,'TFFM0373',1,'MA1045',1,'NAC043',-6215.68,-6038.34,'GSE60143');
INSERT INTO "TFFM" VALUES(388,'TFFM0374',1,'MA1278',1,'OBP1',-5320.55,-5000.74,'GSE60143');
INSERT INTO "TFFM" VALUES(389,'TFFM0375',1,'MA1274',1,'OBP3',-5564.61,-5113.08,'GSE60143');
INSERT INTO "TFFM" VALUES(390,'TFFM0376',1,'MA1280',1,'OBP4',-15462.1,-14742.3,'GSE60143');
INSERT INTO "TFFM" VALUES(391,'TFFM0377',1,'MA1378',1,'PLT3',-750.17,-719.694,'GSE60143');
INSERT INTO "TFFM" VALUES(392,'TFFM0378',1,'MA1216',1,'RAP21',-2597.9,-2590.11,'GSE60143');
INSERT INTO "TFFM" VALUES(393,'TFFM0379',1,'MA1249',1,'Rap210',-16854.4,-16803.6,'GSE60143');
INSERT INTO "TFFM" VALUES(394,'TFFM0380',1,'MA1266',1,'RAP211',-2031.2,-1933.84,'GSE60143');
INSERT INTO "TFFM" VALUES(395,'TFFM0381',1,'MA1256',1,'RAP212',-6957.58,-6850.07,'GSE60143');
INSERT INTO "TFFM" VALUES(396,'TFFM0382',1,'MA1221',1,'RAP26',-1337.57,-1326.16,'GSE60143');
INSERT INTO "TFFM" VALUES(397,'TFFM0383',1,'MA0582',1,'RAV1',-13949.1,-13726.6,'GSE60143');
INSERT INTO "TFFM" VALUES(398,'TFFM0384',1,'MA1184',1,'RVE1',-51697.4,-52015.8,'GSE60143');
INSERT INTO "TFFM" VALUES(399,'TFFM0385',1,'MA1159',1,'SGR5',-5342.97,-5327.28,'GSE60143');
INSERT INTO "TFFM" VALUES(400,'TFFM0386',1,'MA1379',1,'SOL1',-4228.87,-4167.08,'GSE60143');
INSERT INTO "TFFM" VALUES(401,'TFFM0387',1,'MA1055',1,'SPL1',-8360.32,-8236.5,'GSE60143');
INSERT INTO "TFFM" VALUES(402,'TFFM0388',1,'MA1321',1,'SPL13',-1860.81,-1895.85,'GSE60143');
INSERT INTO "TFFM" VALUES(403,'TFFM0389',1,'MA0586',2,'SPL14',-6627.65,-6627.65,'GSE60143');
INSERT INTO "TFFM" VALUES(404,'TFFM0390',1,'MA1059',2,'SPL5',-19736.1,-19686.9,'GSE60143');
INSERT INTO "TFFM" VALUES(405,'TFFM0391',1,'MA1322',1,'SPL9',-41985.3,-41877.0,'GSE60143');
INSERT INTO "TFFM" VALUES(406,'TFFM0392',1,'MA1372',1,'STZ',-12618.1,-11668.6,'GSE60143');
INSERT INTO "TFFM" VALUES(407,'TFFM0393',1,'MA0555',1,'SVP',-8859.18,-8836.29,'GSE60143');
INSERT INTO "TFFM" VALUES(408,'TFFM0394',1,'MA1355',1,'TBP3',-12769.4,-12701.4,'GSE60143');
INSERT INTO "TFFM" VALUES(409,'TFFM0395',1,'MA1065',1,'TCP20',-2424.07,-2759.12,'GSE60143');
INSERT INTO "TFFM" VALUES(410,'TFFM0396',1,'MA1286',1,'TCP24',-10268.4,-10268.4,'GSE60143');
INSERT INTO "TFFM" VALUES(411,'TFFM0397',1,'MA1289',1,'TCP3',-4623.46,-4641.67,'GSE60143');
INSERT INTO "TFFM" VALUES(412,'TFFM0398',1,'MA1291',1,'TCP7',-3292.41,-3304.6,'GSE60143');
INSERT INTO "TFFM" VALUES(413,'TFFM0399',1,'MA1162',1,'TCX2',-5748.96,-5458.89,'GSE60143');
INSERT INTO "TFFM" VALUES(414,'TFFM0400',1,'MA0588',1,'TGA1',-12953.1,-12947.2,'GSE60143');
INSERT INTO "TFFM" VALUES(415,'TFFM0401',1,'MA1346',1,'TGA10',-1578.41,-1578.41,'GSE60143');
INSERT INTO "TFFM" VALUES(416,'TFFM0402',1,'MA1068',1,'TGA2',-6289.55,-6688.75,'GSE60143');
INSERT INTO "TFFM" VALUES(417,'TFFM0403',1,'MA1336',1,'TGA3',-9717.31,-9706.31,'GSE60143');
INSERT INTO "TFFM" VALUES(418,'TFFM0404',1,'MA1335',1,'TGA4',-5895.62,-6029.49,'GSE60143');
INSERT INTO "TFFM" VALUES(419,'TFFM0405',1,'MA1047',1,'TGA5',-5858.99,-6115.63,'GSE60143');
INSERT INTO "TFFM" VALUES(420,'TFFM0406',1,'MA1069',1,'TGA6',-25890.0,-26072.4,'GSE60143');
INSERT INTO "TFFM" VALUES(421,'TFFM0407',1,'MA1348',1,'TGA9',-9994.43,-9804.64,'GSE60143');
INSERT INTO "TFFM" VALUES(422,'TFFM0408',1,'MA1220',1,'TINY',-3318.37,-3295.27,'GSE60143');
INSERT INTO "TFFM" VALUES(423,'TFFM0409',1,'MA1352',1,'TRP1',-200.991,-199.022,'GSE60143');
INSERT INTO "TFFM" VALUES(424,'TFFM0410',1,'MA1356',1,'TRP2',-238.539,-210.532,'GSE60143');
INSERT INTO "TFFM" VALUES(425,'TFFM0411',1,'MA1314',1,'WRKY14',-10530.1,-10530.1,'GSE60143');
INSERT INTO "TFFM" VALUES(426,'TFFM0412',1,'MA1076',1,'WRKY15',-47156.4,-47744.0,'GSE60143');
INSERT INTO "TFFM" VALUES(427,'TFFM0413',1,'MA1077',1,'WRKY18',-38236.5,-38211.6,'GSE60143');
INSERT INTO "TFFM" VALUES(428,'TFFM0414',1,'MA1295',1,'WRKY20',-4675.65,-4696.8,'GSE60143');
INSERT INTO "TFFM" VALUES(429,'TFFM0415',1,'MA1079',1,'WRKY21',-3188.67,-3334.43,'GSE60143');
INSERT INTO "TFFM" VALUES(430,'TFFM0416',1,'MA1303',1,'WRKY22',-65415.1,-65522.9,'GSE60143');
INSERT INTO "TFFM" VALUES(431,'TFFM0417',1,'MA1315',1,'WRKY24',-20057.8,-20124.4,'GSE60143');
INSERT INTO "TFFM" VALUES(432,'TFFM0418',1,'MA1081',1,'WRKY25',-11982.3,-12341.5,'GSE60143');
INSERT INTO "TFFM" VALUES(433,'TFFM0419',1,'MA1318',1,'WRKY27',-8300.39,-8351.75,'GSE60143');
INSERT INTO "TFFM" VALUES(434,'TFFM0420',1,'MA1311',1,'WRKY28',-19313.4,-19182.5,'GSE60143');
INSERT INTO "TFFM" VALUES(435,'TFFM0421',1,'MA1298',1,'WRKY29',-3437.04,-3407.81,'GSE60143');
INSERT INTO "TFFM" VALUES(436,'TFFM0422',1,'MA1309',1,'WRKY3',-1243.19,-1225.73,'GSE60143');
INSERT INTO "TFFM" VALUES(437,'TFFM0423',1,'MA1301',1,'WRKY33',-11383.7,-11201.1,'GSE60143');
INSERT INTO "TFFM" VALUES(438,'TFFM0424',1,'MA1087',1,'WRKY45',-21481.9,-22836.7,'GSE60143');
INSERT INTO "TFFM" VALUES(439,'TFFM0425',1,'MA1317',1,'WRKY50',-31467.5,-27501.7,'GSE60143');
INSERT INTO "TFFM" VALUES(440,'TFFM0426',1,'MA1305',1,'WRKY55',-19476.2,-19359.0,'GSE60143');
INSERT INTO "TFFM" VALUES(441,'TFFM0427',1,'MA1302',1,'WRKY65',-22711.5,-22848.2,'GSE60143');
INSERT INTO "TFFM" VALUES(442,'TFFM0428',1,'MA1313',1,'WRKY7',-4533.21,-4552.91,'GSE60143');
INSERT INTO "TFFM" VALUES(443,'TFFM0429',1,'MA1308',1,'WRKY70',-21819.7,-21739.5,'GSE60143');
INSERT INTO "TFFM" VALUES(444,'TFFM0430',1,'MA1316',1,'WRKY71',-23440.4,-23207.7,'GSE60143');
INSERT INTO "TFFM" VALUES(445,'TFFM0431',1,'MA1093',1,'WRKY75',-54406.4,-56578.6,'GSE60143');
INSERT INTO "TFFM" VALUES(446,'TFFM0432',1,'MA1094',1,'WRKY8',-55963.1,-55997.6,'GSE60143');
INSERT INTO "TFFM" VALUES(447,'TFFM0003',2,'MA0605',2,'ATF3',-10781.5,-10844.4,'CistromeDB_64076');
INSERT INTO "TFFM" VALUES(448,'TFFM0006',2,'MA0463',2,'BCL6',-4242.59,-4201.42,'CistromeDB_88598');
INSERT INTO "TFFM" VALUES(449,'TFFM0017',2,'MA0470',2,'E2F4',-2387.5,-1922.92,'CistromeDB_46000');
INSERT INTO "TFFM" VALUES(450,'TFFM0020',2,'MA0162',3,'EGR1',-23701.4,-21904.4,'CistromeDB_46298');
INSERT INTO "TFFM" VALUES(451,'TFFM0035',2,'MA0148',4,'FOXA1',-123884.0,-105383.0,'ReMap2020_FOXA1');
INSERT INTO "TFFM" VALUES(452,'TFFM0047',2,'MA0485',2,'HOXC9',-6893.44,-6823.14,'CistromeDB_5980');
INSERT INTO "TFFM" VALUES(454,'TFFM0076',2,'MA0063',2,'NKX2-5',-3363.69,-3303.98,'ReMap2020_NKX2-5');
INSERT INTO "TFFM" VALUES(455,'TFFM0084',2,'MA0014',3,'PAX5',-4255.38,-4987.03,'CistromeDB_71142');
INSERT INTO "TFFM" VALUES(456,'TFFM0089',2,'MA0509',2,'RFX1',-24533.3,-24722.3,'ReMap2020_RFX1');
INSERT INTO "TFFM" VALUES(457,'TFFM0097',2,'MA0079',4,'SP1',-8599.0,-14057.9,'CistromeDB_70247');
INSERT INTO "TFFM" VALUES(458,'TFFM0098',2,'MA0516',2,'SP2',-2381.67,-2135.17,'ReMap2020_SP2');
INSERT INTO "TFFM" VALUES(459,'TFFM0126',2,'MA0750',2,'ZBTB7A',-3515.99,-4014.83,'CistromeDB_82591');
INSERT INTO "TFFM" VALUES(460,'TFFM0131',2,'MA1100',2,'ASCL1',-40944.4,-40958.0,'ReMap2020_ASCL1');
INSERT INTO "TFFM" VALUES(461,'TFFM0132',2,'MA1101',2,'BACH2',-5326.8,-4068.53,'CistromeDB_37004');
INSERT INTO "TFFM" VALUES(462,'TFFM0145',2,'MA1112',2,'NR4A1',-3172.24,-3096.33,'CistromeDB_68310');
INSERT INTO "TFFM" VALUES(463,'TFFM0179',2,'MA0594',2,'HOXA9',-984.036,-784.87,'ReMap2020_HOXA9');
INSERT INTO "TFFM" VALUES(464,'TFFM0180',2,'MA0901',2,'HOXB13',-31636.7,-31023.0,'ReMap2020_HOXB13');
INSERT INTO "TFFM" VALUES(465,'TFFM0203',2,'MA0745',2,'SNAI2',-40784.1,-40552.6,'ReMap2020_SNAI2');
INSERT INTO "TFFM" VALUES(466,'TFFM0204',2,'MA0081',2,'SPIB',-18520.8,-18655.0,'ReMap2020_SPIB');
INSERT INTO "TFFM" VALUES(467,'TFFM0433',1,'MA0165',1,'ABD-B',-191.394,-254.6,'ChIP-atlas_SRX1056717');
INSERT INTO "TFFM" VALUES(468,'TFFM0434',1,'MA0265',1,'ABF1',-448.565,-452.932,'GTRD_EXP042142');
INSERT INTO "TFFM" VALUES(469,'TFFM0435',1,'MA0570',2,'ABF1',-2527.29,-2596.76,'ReMap2020_ABF1');
INSERT INTO "TFFM" VALUES(470,'TFFM0436',1,'MA0930',1,'ABF3',-2400.84,-2637.83,'ReMap2020_ABF3');
INSERT INTO "TFFM" VALUES(471,'TFFM0437',1,'MA0005',2,'AG',-525.922,-482.967,'ReMap2020_AG');
INSERT INTO "TFFM" VALUES(472,'TFFM0438',1,'MA0940',1,'AP1',-307.484,-288.023,'GTRD_EXP041211');
INSERT INTO "TFFM" VALUES(473,'TFFM0439',1,'MA0947',1,'ARR14',-1325.26,-619.099,'ReMap2020_ARR14');
INSERT INTO "TFFM" VALUES(474,'TFFM0440',1,'MA0816',1,'ASCL2',-3423.88,-3416.25,'CistromeDB_43425');
INSERT INTO "TFFM" VALUES(476,'TFFM0442',1,'MA1192',1,'AT5G58900',-7201.53,-7132.43,'ReMap2020_AT5G58900');
INSERT INTO "TFFM" VALUES(478,'TFFM0444',1,'MA0954',1,'ATHB-7',-2300.71,-2232.11,'ReMap2020_ATHB-7');
INSERT INTO "TFFM" VALUES(479,'TFFM0445',1,'MA0573',1,'ATHB-9',-837.894,-858.346,'ReMap2020_ATHB-9');
INSERT INTO "TFFM" VALUES(480,'TFFM0446',1,'MA0835',1,'BATF3',-324.683,-294.241,'ReMap2020_BATF3');
INSERT INTO "TFFM" VALUES(481,'TFFM0447',1,'MA0731',1,'BCL6B',-844.929,-808.787,'ReMap2020_BCL6B');
INSERT INTO "TFFM" VALUES(482,'TFFM0448',1,'MA0529',2,'BEAF-32',-4263.08,-4379.07,'GTRD_EXP045573');
INSERT INTO "TFFM" VALUES(483,'TFFM0449',1,'MA0607',1,'BHLHA15',-20743.3,-22879.7,'CistromeDB_76695');
INSERT INTO "TFFM" VALUES(484,'TFFM0450',1,'MA0636',1,'BHLHE41',-4102.9,-4060.53,'CistromeDB_73557');
INSERT INTO "TFFM" VALUES(485,'TFFM0451',1,'MA0537',1,'BLMP-1',-217.856,-175.41,'ChIP-atlas_SRX043994');
INSERT INTO "TFFM" VALUES(486,'TFFM0452',1,'MA0281',1,'CBF1',-601.876,-617.85,'GTRD_EXP041561');
INSERT INTO "TFFM" VALUES(487,'TFFM0453',1,'MA0972',1,'CCA1',-1130.82,-1081.44,'GTRD_EXP041387');
INSERT INTO "TFFM" VALUES(488,'TFFM0454',1,'MA1444',1,'CEBP-1',-353.216,-308.718,'GTRD_EXP043481');
INSERT INTO "TFFM" VALUES(489,'TFFM0455',1,'MA0837',1,'CEBPE',-10349.2,-10459.8,'CistromeDB_86161');
INSERT INTO "TFFM" VALUES(490,'TFFM0456',1,'MA1445',1,'CEH-28',-1287.45,-1282.21,'GTRD_EXP043554');
INSERT INTO "TFFM" VALUES(491,'TFFM0457',1,'MA0921',1,'CEH-48',-259.084,-191.209,'GTRD_EXP043500');
INSERT INTO "TFFM" VALUES(493,'TFFM0459',1,'MA0819',1,'CLOCK',-610.927,-579.789,'CistromeDB_37829');
INSERT INTO "TFFM" VALUES(494,'TFFM0460',1,'MA0976',1,'CRF4',-451.421,-515.647,'ReMap2020_CRF4');
INSERT INTO "TFFM" VALUES(495,'TFFM0461',1,'MA0531',1,'CTCF',-1389.77,-1442.63,'ChIP-atlas_SRX085404');
INSERT INTO "TFFM" VALUES(496,'TFFM0462',1,'MA1446',1,'DAF-16',-830.41,-721.95,'GTRD_EXP043739');
INSERT INTO "TFFM" VALUES(497,'TFFM0463',1,'MA0186',1,'DFD',-157.851,-230.744,'ChIP-atlas_SRX026861');
INSERT INTO "TFFM" VALUES(498,'TFFM0464',1,'MA1603',1,'DMRT1',-20086.9,-20401.8,'CistromeDB_53674');
INSERT INTO "TFFM" VALUES(500,'TFFM0466',1,'MA0978',1,'DREB1E',-8264.03,-8222.77,'ReMap2020_DREB1E');
INSERT INTO "TFFM" VALUES(501,'TFFM0467',1,'MA1456',1,'DREF',-1536.95,-1589.86,'GTRD_EXP045933');
INSERT INTO "TFFM" VALUES(502,'TFFM0468',1,'MA1604',1,'EBF2',-44936.2,-46597.2,'CistromeDB_76872');
INSERT INTO "TFFM" VALUES(504,'TFFM0470',1,'MA0541',1,'EFL-1',-1257.41,-640.076,'GTRD_EXP043788');
INSERT INTO "TFFM" VALUES(505,'TFFM0471',1,'MA0598',2,'EHF',-9586.75,-9242.2,'ReMap2020_EHF');
INSERT INTO "TFFM" VALUES(506,'TFFM0472',1,'MA0641',1,'ELF4',-10202.7,-9892.65,'CistromeDB_75190');
INSERT INTO "TFFM" VALUES(507,'TFFM0473',1,'MA0136',2,'ELF5',-21348.3,-19686.9,'CistromeDB_69103');
INSERT INTO "TFFM" VALUES(508,'TFFM0474',1,'MA0759',1,'ELK3',-2212.12,-2203.18,'CistromeDB_50434');
INSERT INTO "TFFM" VALUES(510,'TFFM0476',1,'MA0760',1,'ERF',-1896.42,-1805.36,'ReMap2020_ERF');
INSERT INTO "TFFM" VALUES(511,'TFFM0477',1,'MA0995',1,'ERF039',-801.106,-865.07,'ReMap2020_ERF039');
INSERT INTO "TFFM" VALUES(512,'TFFM0478',1,'MA0996',1,'ERF043',-1960.91,-1995.84,'ReMap2020_ERF043');
INSERT INTO "TFFM" VALUES(513,'TFFM0479',1,'MA0762',1,'ETV2',-910.106,-907.539,'CistromeDB_52260');
INSERT INTO "TFFM" VALUES(514,'TFFM0480',1,'MA0765',1,'ETV5',-5470.85,-5322.65,'ReMap2020_ETV5');
INSERT INTO "TFFM" VALUES(515,'TFFM0481',1,'MA0557',1,'FHY3',-472.436,-492.348,'ReMap2020_FHY3');
INSERT INTO "TFFM" VALUES(516,'TFFM0482',1,'MA0446',1,'FKH',-235.151,-250.126,'GTRD_EXP044255');
INSERT INTO "TFFM" VALUES(517,'TFFM0483',1,'MA0558',1,'FLC',-305.639,-294.925,'ReMap2020_FLC');
INSERT INTO "TFFM" VALUES(518,'TFFM0484',1,'MA1448',1,'FOS-1',-402.208,-527.979,'GTRD_EXP043742');
INSERT INTO "TFFM" VALUES(520,'TFFM0486',1,'MA1606',1,'FOXF1',-18458.1,-17995.2,'ReMap2020_FOXF1');
INSERT INTO "TFFM" VALUES(521,'TFFM0487',1,'MA1607',1,'FOXL2',-7789.41,-7339.39,'CistromeDB_53403');
INSERT INTO "TFFM" VALUES(522,'TFFM0488',1,'MA0157',2,'FOXO3',-1163.36,-1114.43,'CistromeDB_33267');
INSERT INTO "TFFM" VALUES(523,'TFFM0489',1,'MA1324',1,'GATA20',-9919.95,-10918.6,'ReMap2020_GATA20');
INSERT INTO "TFFM" VALUES(524,'TFFM0490',1,'MA0303',1,'GCN4',-732.728,-718.729,'ChIP-atlas_SRX3433196');
INSERT INTO "TFFM" VALUES(525,'TFFM0491',1,'MA0038',2,'GFI1',-1410.08,-1429.84,'ReMap2020_GFI1');
INSERT INTO "TFFM" VALUES(526,'TFFM0492',1,'MA0735',1,'GLIS1',-10169.5,-8115.65,'ReMap2020_GLIS1');
INSERT INTO "TFFM" VALUES(527,'TFFM0493',1,'MA0736',1,'GLIS2',-2081.2,-1974.24,'ReMap2020_GLIS2');
INSERT INTO "TFFM" VALUES(528,'TFFM0494',1,'MA0862',1,'GMEB2',-475.681,-520.266,'ReMap2020_GMEB2');
INSERT INTO "TFFM" VALUES(529,'TFFM0495',1,'MA1457',1,'GRH',-2549.04,-2605.41,'ChIP-atlas_SRX1840073');
INSERT INTO "TFFM" VALUES(530,'TFFM0496',1,'MA0447',1,'GT',-1876.54,-1612.86,'GTRD_EXP045753');
INSERT INTO "TFFM" VALUES(532,'TFFM0498',1,'MA1210',1,'HAT22',-2944.01,-2869.18,'ReMap2020_HAT22');
INSERT INTO "TFFM" VALUES(533,'TFFM0499',1,'MA0049',1,'HB',-434.548,-10.7234,'GTRD_EXP045755');
INSERT INTO "TFFM" VALUES(534,'TFFM0500',1,'MA0043',2,'HLF',-110463.0,-110479.0,'CistromeDB_63808');
INSERT INTO "TFFM" VALUES(535,'TFFM0501',1,'MA0545',1,'HLH-1',-718.055,-748.898,'ChIP-atlas_SRX043858');
INSERT INTO "TFFM" VALUES(536,'TFFM0502',1,'MA1449',1,'HLH-30',-1362.85,-1304.21,'GTRD_EXP043915');
INSERT INTO "TFFM" VALUES(537,'TFFM0503',1,'MA0046',2,'HNF1A',-12481.0,-12577.0,'CistromeDB_82019');
INSERT INTO "TFFM" VALUES(538,'TFFM0504',1,'MA0650',2,'HOXA13',-5749.51,-5611.71,'CistromeDB_72967');
INSERT INTO "TFFM" VALUES(539,'TFFM0505',1,'MA1499',1,'HOXB4',-1138.99,-1322.29,'CistromeDB_8665');
INSERT INTO "TFFM" VALUES(540,'TFFM0506',1,'MA0909',2,'HOXD13',-3673.47,-3307.66,'CistromeDB_72966');
INSERT INTO "TFFM" VALUES(541,'TFFM0507',1,'MA1458',1,'HSF',-1959.98,-2100.19,'GTRD_EXP045453');
INSERT INTO "TFFM" VALUES(542,'TFFM0508',1,'MA0551',1,'HY5',-6116.78,-6009.8,'ReMap2020_HY5');
INSERT INTO "TFFM" VALUES(543,'TFFM0509',1,'MA1508',1,'IKZF1',-2081.52,-1926.98,'CistromeDB_73238');
INSERT INTO "TFFM" VALUES(545,'TFFM0511',1,'MA0652',1,'IRF8',-13515.9,-12414.5,'CistromeDB_43539');
INSERT INTO "TFFM" VALUES(546,'TFFM0512',1,'MA1608',1,'ISL1',-20314.9,-20466.5,'CistromeDB_73071');
INSERT INTO "TFFM" VALUES(547,'TFFM0513',1,'MA1027',1,'KAN1',-422.16,-450.867,'ReMap2020_KAN1');
INSERT INTO "TFFM" VALUES(548,'TFFM0514',1,'MA0742',1,'KLF12',-1357.12,-1183.21,'ReMap2020_KLF12');
INSERT INTO "TFFM" VALUES(549,'TFFM0515',1,'MA1513',1,'KLF15',-3991.41,-3835.42,'CistromeDB_65197');
INSERT INTO "TFFM" VALUES(550,'TFFM0516',1,'MA0741',1,'KLF16',-3110.79,-3293.68,'CistromeDB_64425');
INSERT INTO "TFFM" VALUES(551,'TFFM0517',1,'MA1516',1,'KLF3',-1249.82,-923.186,'CistromeDB_41408');
INSERT INTO "TFFM" VALUES(552,'TFFM0518',1,'MA1517',1,'KLF6',-435.567,-438.602,'ReMap2020_KLF6');
INSERT INTO "TFFM" VALUES(553,'TFFM0519',1,'MA0452',2,'KR',-781.265,-602.12,'GTRD_EXP045757');
INSERT INTO "TFFM" VALUES(554,'TFFM0520',1,'MA0590',1,'LFY',-3213.13,-3223.24,'ReMap2020_LFY');
INSERT INTO "TFFM" VALUES(555,'TFFM0521',1,'MA1450',1,'LIN-54',-923.883,-1048.52,'ChIP-atlas_SRX059233');
INSERT INTO "TFFM" VALUES(556,'TFFM0522',1,'MA1459',1,'M1BP',-1956.1,-1979.31,'GTRD_EXP046329');
INSERT INTO "TFFM" VALUES(557,'TFFM0523',1,'MA1520',1,'MAF',-38251.1,-37861.6,'CistromeDB_67258');
INSERT INTO "TFFM" VALUES(558,'TFFM0524',1,'MA1522',1,'MAZ',-9313.32,-9409.79,'ReMap2020_MAZ');
INSERT INTO "TFFM" VALUES(559,'TFFM0525',1,'MA0773',1,'MEF2D',-2408.19,-2371.97,'CistromeDB_52522');
INSERT INTO "TFFM" VALUES(560,'TFFM0526',1,'MA0801',1,'MGA',-3355.43,-3893.97,'ReMap2020_MGA');
INSERT INTO "TFFM" VALUES(561,'TFFM0527',1,'MA0663',1,'MLX',-1804.6,-1879.91,'ReMap2020_MLX');
INSERT INTO "TFFM" VALUES(562,'TFFM0528',1,'MA1170',1,'MYB118',-5482.68,-5554.35,'ReMap2020_MYB118');
INSERT INTO "TFFM" VALUES(563,'TFFM0529',1,'MA1038',1,'MYB3',-870.251,-823.149,'ReMap2020_MYB3');
INSERT INTO "TFFM" VALUES(565,'TFFM0531',1,'MA0056',1,'MZF1',-2816.2,-6527.83,'CistromeDB_39122');
INSERT INTO "TFFM" VALUES(566,'TFFM0532',1,'MA1044',1,'NAC92',-1921.29,-1948.86,'ReMap2020_NAC92');
INSERT INTO "TFFM" VALUES(567,'TFFM0533',1,'MA0668',1,'NEUROD2',-39463.1,-40051.5,'CistromeDB_37946');
INSERT INTO "TFFM" VALUES(568,'TFFM0534',1,'MA0669',1,'NEUROG2',-25934.6,-25772.8,'ReMap2020_NEUROG2');
INSERT INTO "TFFM" VALUES(569,'TFFM0535',1,'MA0624',1,'NFATC1',-6433.97,-6522.85,'CistromeDB_84317');
INSERT INTO "TFFM" VALUES(570,'TFFM0536',1,'MA0089',2,'NFE2L1',-6134.43,-6185.57,'ReMap2020_NFE2L1');
INSERT INTO "TFFM" VALUES(571,'TFFM0537',1,'MA0670',1,'NFIA',-3351.73,-3097.53,'ReMap2020_NFIA');
INSERT INTO "TFFM" VALUES(573,'TFFM0539',1,'MA0025',1,'NFIL3',-7814.58,-6883.45,'ReMap2020_NFIL3');
INSERT INTO "TFFM" VALUES(576,'TFFM0542',1,'MA1535',1,'NR2C1',-2032.11,-2012.82,'ReMap2020_NR2C1');
INSERT INTO "TFFM" VALUES(577,'TFFM0543',1,'MA1540',1,'NR5A1',-1283.49,-1297.98,'CistromeDB_88938');
INSERT INTO "TFFM" VALUES(578,'TFFM0544',1,'MA1541',1,'NR6A1',-5461.15,-3305.01,'CistromeDB_35811');
INSERT INTO "TFFM" VALUES(579,'TFFM0545',1,'MA0198',1,'ODSH',-279.473,-255.195,'GTRD_EXP044286');
INSERT INTO "TFFM" VALUES(580,'TFFM0546',1,'MA0756',1,'ONECUT2',-3894.56,-3938.27,'CistromeDB_73016');
INSERT INTO "TFFM" VALUES(582,'TFFM0548',1,'MA1545',1,'OVOL2',-365.489,-379.39,'CistromeDB_44448');
INSERT INTO "TFFM" VALUES(583,'TFFM0549',1,'MA0237',2,'PAN',-217.969,-97.4282,'ChIP-atlas_SRX467060');
INSERT INTO "TFFM" VALUES(584,'TFFM0550',1,'MA0680',1,'PAX7',-27006.4,-27220.3,'CistromeDB_9183');
INSERT INTO "TFFM" VALUES(585,'TFFM0551',1,'MA0070',1,'PBX1',-4367.67,-3802.35,'CistromeDB_67294');
INSERT INTO "TFFM" VALUES(586,'TFFM0552',1,'MA0546',1,'PHA-4',-480.548,-221.392,'GTRD_EXP042313');
INSERT INTO "TFFM" VALUES(587,'TFFM0553',1,'MA1460',1,'PHO',-2673.37,-2784.62,'ChIP-atlas_SRX681817');
INSERT INTO "TFFM" VALUES(588,'TFFM0554',1,'MA0681',1,'PHOX2B',-56026.7,-55230.8,'ReMap2020_PHOX2B');
INSERT INTO "TFFM" VALUES(589,'TFFM0555',1,'MA0552',1,'PIF1',-1160.52,-1210.69,'ReMap2020_PIF1');
INSERT INTO "TFFM" VALUES(590,'TFFM0556',1,'MA0560',1,'PIF3',-619.035,-641.404,'ReMap2020_PIF3');
INSERT INTO "TFFM" VALUES(591,'TFFM0557',1,'MA0561',1,'PIF4',-2595.65,-2646.92,'ReMap2020_PIF4');
INSERT INTO "TFFM" VALUES(592,'TFFM0558',1,'MA0562',1,'PIF5',-1256.02,-1298.88,'ReMap2020_PIF5');
INSERT INTO "TFFM" VALUES(593,'TFFM0559',1,'MA0682',2,'PITX1',-3142.81,-3161.41,'CistromeDB_36824');
INSERT INTO "TFFM" VALUES(594,'TFFM0560',1,'MA0782',1,'PKNOX1',-12160.5,-13581.4,'CistromeDB_62762');
INSERT INTO "TFFM" VALUES(595,'TFFM0561',1,'MA0163',1,'PLAG1',-8443.98,-7808.2,'ReMap2020_PLAG1');
INSERT INTO "TFFM" VALUES(596,'TFFM0562',1,'MA0627',1,'POU2F3',-30846.7,-30315.0,'ReMap2020_POU2F3');
INSERT INTO "TFFM" VALUES(597,'TFFM0563',1,'MA0787',1,'POU3F2',-1345.15,-1359.28,'CistromeDB_34544');
INSERT INTO "TFFM" VALUES(599,'TFFM0565',1,'MA1616',1,'PRDM15',-2052.78,-2196.99,'CistromeDB_82758');
INSERT INTO "TFFM" VALUES(601,'TFFM0567',1,'MA1618',1,'PTF1A',-19229.0,-19289.6,'CistromeDB_36846');
INSERT INTO "TFFM" VALUES(602,'TFFM0568',1,'MA0359',1,'RAP1',-418.367,-466.06,'GTRD_EXP041855');
INSERT INTO "TFFM" VALUES(603,'TFFM0569',1,'MA0980',1,'RAP2-10',-2897.92,-2910.08,'ReMap2020_RAP2-10');
INSERT INTO "TFFM" VALUES(604,'TFFM0570',1,'MA1052',1,'RAP2-6',-273.629,-320.586,'ReMap2020_RAP2-6');
INSERT INTO "TFFM" VALUES(605,'TFFM0571',1,'MA0729',1,'RARA',-1877.52,-1998.22,'CistromeDB_8929');
INSERT INTO "TFFM" VALUES(606,'TFFM0572',1,'MA1621',1,'RBPJL',-4459.69,-4329.75,'CistromeDB_40276');
INSERT INTO "TFFM" VALUES(607,'TFFM0573',1,'MA0363',1,'REB1',-732.083,-751.939,'GTRD_EXP042143');
INSERT INTO "TFFM" VALUES(608,'TFFM0574',1,'MA1415',1,'REF6',-2618.38,-2530.55,'GTRD_EXP041541');
INSERT INTO "TFFM" VALUES(609,'TFFM0575',1,'MA1117',1,'RELB',-12027.0,-16331.9,'CistromeDB_76402');
INSERT INTO "TFFM" VALUES(610,'TFFM0576',1,'MA0600',2,'RFX2',-6274.98,-6659.84,'CistromeDB_58298');
INSERT INTO "TFFM" VALUES(611,'TFFM0577',1,'MA0798',1,'RFX3',-6197.4,-6167.31,'CistromeDB_56036');
INSERT INTO "TFFM" VALUES(612,'TFFM0578',1,'MA1151',1,'RORC',-2129.68,-1944.35,'CistromeDB_40129');
INSERT INTO "TFFM" VALUES(613,'TFFM0579',1,'MA0855',1,'RXRB',-3211.34,-3249.87,'ReMap2020_RXRB');
INSERT INTO "TFFM" VALUES(614,'TFFM0580',1,'MA0743',1,'SCRT1',-88772.1,-88787.6,'ReMap2020_SCRT1');
INSERT INTO "TFFM" VALUES(615,'TFFM0581',1,'MA0744',1,'SCRT2',-57067.6,-57255.3,'ReMap2020_SCRT2');
INSERT INTO "TFFM" VALUES(616,'TFFM0582',1,'MA0563',1,'Sep-03',-419.438,-429.561,'GTRD_EXP041281');
INSERT INTO "TFFM" VALUES(617,'TFFM0583',1,'MA0547',1,'SKN-1',-206.03,-180.401,'ChIP-atlas_SRX044012');
INSERT INTO "TFFM" VALUES(618,'TFFM0584',1,'MA0544',1,'SNPC-4',-581.424,-618.645,'GTRD_EXP043582');
INSERT INTO "TFFM" VALUES(619,'TFFM0585',1,'MA0554',1,'SOC1',-412.455,-420.873,'ReMap2020_SOC1');
INSERT INTO "TFFM" VALUES(620,'TFFM0586',1,'MA1120',1,'SOX13',-27.038,-340.13,'ReMap2020_SOX13');
INSERT INTO "TFFM" VALUES(621,'TFFM0587',1,'MA0078',1,'SOX17',-567.368,-827.401,'CistromeDB_33732');
INSERT INTO "TFFM" VALUES(622,'TFFM0588',1,'MA0515',1,'SOX6',-440.441,-551.747,'ReMap2020_SOX6');
INSERT INTO "TFFM" VALUES(624,'TFFM0590',1,'MA0746',2,'SP3',-389.895,-258.952,'ReMap2020_SP3');
INSERT INTO "TFFM" VALUES(625,'TFFM0591',1,'MA0685',1,'SP4',-2140.85,-2015.56,'CistromeDB_65111');
INSERT INTO "TFFM" VALUES(626,'TFFM0592',1,'MA0686',1,'SPDEF',-381.414,-413.401,'ReMap2020_SPDEF');
INSERT INTO "TFFM" VALUES(627,'TFFM0593',1,'MA1623',1,'STAT2',-1747.08,-1789.25,'CistromeDB_51912');
INSERT INTO "TFFM" VALUES(628,'TFFM0594',1,'MA1624',1,'STAT5A',-19785.8,-19616.0,'CistromeDB_69144');
INSERT INTO "TFFM" VALUES(629,'TFFM0595',1,'MA1625',1,'STAT5B',-5467.05,-5466.28,'CistromeDB_33687');
INSERT INTO "TFFM" VALUES(630,'TFFM0596',1,'MA0533',1,'SU(HW)',-4029.69,-4101.08,'GTRD_EXP045637');
INSERT INTO "TFFM" VALUES(631,'TFFM0597',1,'MA0804',1,'TBX19',-280.363,-277.348,'CistromeDB_51967');
INSERT INTO "TFFM" VALUES(632,'TFFM0598',1,'MA1566',1,'TBX3',-233.846,-219.612,'ReMap2020_TBX3');
INSERT INTO "TFFM" VALUES(633,'TFFM0599',1,'MA0807',1,'TBX5',-1240.82,-1213.68,'CistromeDB_72907');
INSERT INTO "TFFM" VALUES(634,'TFFM0600',1,'MA0832',1,'TCF21',-17225.5,-17221.3,'CistromeDB_52496');
INSERT INTO "TFFM" VALUES(635,'TFFM0601',1,'MA0830',1,'TCF4',-30077.9,-30159.8,'CistromeDB_72366');
INSERT INTO "TFFM" VALUES(637,'TFFM0603',1,'MA0808',1,'TEAD3',-4441.51,-4577.33,'ReMap2020_TEAD3');
INSERT INTO "TFFM" VALUES(638,'TFFM0604',1,'MA0145',3,'TFCP2',-5224.49,-5237.68,'CistromeDB_433');
INSERT INTO "TFFM" VALUES(639,'TFFM0605',1,'MA0831',2,'TFE3',-28631.4,-29450.1,'CistromeDB_67394');
INSERT INTO "TFFM" VALUES(640,'TFFM0606',1,'MA0796',1,'TGIF1',-9720.82,-9777.49,'CistromeDB_50144');
INSERT INTO "TFFM" VALUES(642,'TFFM0608',1,'MA1573',1,'THAP11',-314.459,-299.423,'CistromeDB_51613');
INSERT INTO "TFFM" VALUES(643,'TFFM0609',1,'MA1574',1,'THRB',-3137.61,-2364.64,'CistromeDB_43321');
INSERT INTO "TFFM" VALUES(646,'TFFM0612',1,'MA0205',2,'TRL',-2776.81,-2390.53,'ChIP-atlas_SRX1032402');
INSERT INTO "TFFM" VALUES(647,'TFFM0613',1,'MA0249',2,'TWI',-3126.09,-3022.25,'ChIP-atlas_SRX1032414');
INSERT INTO "TFFM" VALUES(648,'TFFM0614',1,'MA1443',1,'UNC-30',-216.897,-212.021,'GTRD_EXP040429');
INSERT INTO "TFFM" VALUES(650,'TFFM0616',1,'MA1578',1,'VEZF1',-1308.63,-1011.77,'ReMap2020_VEZF1');
INSERT INTO "TFFM" VALUES(651,'TFFM0617',1,'MA1462',1,'VFL',-11659.2,-11611.4,'ChIP-atlas_SRX084384');
INSERT INTO "TFFM" VALUES(652,'TFFM0618',1,'MA1083',1,'WRKY30',-3964.64,-3968.72,'ReMap2020_WRKY30');
INSERT INTO "TFFM" VALUES(653,'TFFM0619',1,'MA1085',2,'WRKY40',-725.409,-714.972,'GTRD_EXP041474');
INSERT INTO "TFFM" VALUES(654,'TFFM0620',1,'MA1627',1,'WT1',-15445.5,-15741.7,'ReMap2020_WT1');
INSERT INTO "TFFM" VALUES(655,'TFFM0621',1,'MA0748',1,'YY2',-179.241,-270.932,'ReMap2020_YY2');
INSERT INTO "TFFM" VALUES(656,'TFFM0622',1,'MA0698',1,'ZBTB18',-909.348,-924.874,'ReMap2020_ZBTB18');
INSERT INTO "TFFM" VALUES(657,'TFFM0623',1,'MA1579',1,'ZBTB26',-830.086,-826.401,'CistromeDB_65121');
INSERT INTO "TFFM" VALUES(658,'TFFM0624',1,'MA1581',1,'ZBTB6',-5078.14,-4480.04,'ReMap2020_ZBTB6');
INSERT INTO "TFFM" VALUES(659,'TFFM0625',1,'MA0256',1,'ZEN',-463.708,-354.239,'GTRD_EXP046018');
INSERT INTO "TFFM" VALUES(661,'TFFM0627',1,'MA1583',1,'ZFP57',-4913.07,-4623.89,'CistromeDB_73979');
INSERT INTO "TFFM" VALUES(662,'TFFM0628',1,'MA1629',1,'ZIC2',-8890.4,-9107.57,'CistromeDB_75817');
INSERT INTO "TFFM" VALUES(664,'TFFM0630',1,'MA1585',1,'ZKSCAN1',-1433.46,-3642.5,'ReMap2020_ZKSCAN1');
INSERT INTO "TFFM" VALUES(666,'TFFM0632',1,'MA1587',1,'ZNF135',-401.852,-437.486,'CistromeDB_77174');
INSERT INTO "TFFM" VALUES(667,'TFFM0633',1,'MA1588',1,'ZNF136',-2902.37,-3798.65,'CistromeDB_73974');
INSERT INTO "TFFM" VALUES(668,'TFFM0634',1,'MA1589',1,'ZNF140',-1063.88,-1056.02,'CistromeDB_65113');
INSERT INTO "TFFM" VALUES(671,'TFFM0637',1,'MA1630',1,'ZNF281',-952.841,-874.057,'ReMap2020_ZNF281');
INSERT INTO "TFFM" VALUES(672,'TFFM0638',1,'MA1154',1,'ZNF282',-511.469,-419.595,'CistromeDB_77149');
INSERT INTO "TFFM" VALUES(673,'TFFM0639',1,'MA1593',1,'ZNF317',-7548.4,-7514.49,'ReMap2020_ZNF317');
INSERT INTO "TFFM" VALUES(674,'TFFM0640',1,'MA1594',1,'ZNF382',-7032.18,-6945.19,'CistromeDB_65138');
INSERT INTO "TFFM" VALUES(676,'TFFM0642',1,'MA1596',1,'ZNF460',-639.803,-482.144,'CistromeDB_77114');
INSERT INTO "TFFM" VALUES(677,'TFFM0643',1,'MA1597',1,'ZNF528',-495.262,-534.407,'CistromeDB_73944');
INSERT INTO "TFFM" VALUES(679,'TFFM0645',1,'MA1599',1,'ZNF682',-930.362,-802.685,'CistromeDB_77061');
INSERT INTO "TFFM" VALUES(680,'TFFM0646',1,'MA1600',1,'ZNF684',-263.522,-265.869,'ReMap2020_ZNF684');
INSERT INTO "TFFM" VALUES(681,'TFFM0647',1,'MA1601',1,'ZNF75D',-3426.4,-3525.55,'CistromeDB_77048');
INSERT INTO "TFFM" VALUES(682,'TFFM0648',1,'MA1602',1,'ZSCAN29',-269.502,-259.498,'ReMap2020_ZSCAN29');
INSERT INTO "TFFM" VALUES(684,'TFFM0008',2,'MA0465',2,'CDX2',-4889.8,-3091.34,'ReMap2020_CDX2');
INSERT INTO "TFFM" VALUES(685,'TFFM0009',2,'MA0102',4,'CEBPA',-73218.6,-71802.1,'CistromeDB_1374');
INSERT INTO "TFFM" VALUES(686,'TFFM0011',2,'MA0836',2,'CEBPD',-24444.7,-24482.1,'CistromeDB_85611');
INSERT INTO "TFFM" VALUES(687,'TFFM0019',2,'MA0154',4,'EBF1',-24633.8,-24579.5,'ReMap2020_EBF1');
INSERT INTO "TFFM" VALUES(688,'TFFM0020',3,'MA0162',4,'EGR1',-10039.3,-7590.85,'ReMap2020_EGR1');
INSERT INTO "TFFM" VALUES(689,'TFFM0022',2,'MA0473',3,'ELF1',-19276.9,-17712.9,'ReMap2020_ELF1');
INSERT INTO "TFFM" VALUES(690,'TFFM0028',2,'MA0592',3,'ESRRA',-7099.99,-7058.9,'ReMap2020_ESRRA');
INSERT INTO "TFFM" VALUES(691,'TFFM0033',2,'MA0477',2,'FOSL1',-37946.5,-37712.5,'ReMap2020_FOSL1');
INSERT INTO "TFFM" VALUES(692,'TFFM0036',2,'MA0047',3,'FOXA2',-59252.4,-48436.9,'ReMap2020_FOXA2');
INSERT INTO "TFFM" VALUES(693,'TFFM0039',2,'MA0062',3,'GABPA',-13451.9,-7520.96,'ReMap2020_GABPA');
INSERT INTO "TFFM" VALUES(694,'TFFM0040',2,'MA0035',4,'GATA1',-59415.2,-56441.0,'ReMap2020_GATA1');
INSERT INTO "TFFM" VALUES(695,'TFFM0043',2,'MA0482',2,'GATA4',-7047.77,-5437.77,'ReMap2020_GATA4');
INSERT INTO "TFFM" VALUES(696,'TFFM0045',2,'MA0114',4,'HNF4A',-23092.5,-28481.5,'ReMap2020_HNF4A');
INSERT INTO "TFFM" VALUES(697,'TFFM0052',2,'MA0490',2,'JUNB',-58253.5,-58339.8,'ReMap2020_JUNB');
INSERT INTO "TFFM" VALUES(698,'TFFM0053',2,'MA0491',2,'JUND',-47638.6,-47256.6,'ReMap2020_JUND');
INSERT INTO "TFFM" VALUES(699,'TFFM0056',3,'MA0039',4,'KLF4',-7419.56,-6853.89,'CistromeDB_33718');
INSERT INTO "TFFM" VALUES(700,'TFFM0058',3,'MA0496',3,'MAFK',-124343.0,-134652.0,'ReMap2020_MAFK');
INSERT INTO "TFFM" VALUES(701,'TFFM0060',2,'MA0052',4,'MEF2A',-8449.06,-8331.2,'CistromeDB_52907');
INSERT INTO "TFFM" VALUES(702,'TFFM0068',2,'MA0499',2,'MYOD1',-54540.1,-54679.8,'ReMap2020_MYOD1');
INSERT INTO "TFFM" VALUES(703,'TFFM0069',2,'MA0500',2,'MYOG',-24693.3,-24897.7,'CistromeDB_34971');
INSERT INTO "TFFM" VALUES(704,'TFFM0075',2,'MA0502',2,'NFYB',-7125.92,-6450.76,'ReMap2020_NFYB');
INSERT INTO "TFFM" VALUES(705,'TFFM0087',3,'MA0508',3,'PRDM1',-4342.82,-4167.54,'CistromeDB_55304');
INSERT INTO "TFFM" VALUES(706,'TFFM0093',2,'MA0684',2,'RUNX3',-33405.2,-32244.7,'ReMap2020_RUNX3');
INSERT INTO "TFFM" VALUES(707,'TFFM0095',2,'MA0143',4,'SOX2',-9412.72,-9056.28,'CistromeDB_67317');
INSERT INTO "TFFM" VALUES(708,'TFFM0099',2,'MA0080',5,'SPI1',-183148.0,-176829.0,'ReMap2020_SPI1');
INSERT INTO "TFFM" VALUES(709,'TFFM0110',2,'MA0809',2,'TEAD4',-22342.5,-22205.9,'ReMap2020_TEAD4');
INSERT INTO "TFFM" VALUES(710,'TFFM0111',2,'MA0003',4,'TFAP2A',-15260.2,-14171.3,'CistromeDB_74421');
INSERT INTO "TFFM" VALUES(711,'TFFM0122',2,'MA0093',3,'USF1',-97025.0,-96697.2,'ReMap2020_USF1');
INSERT INTO "TFFM" VALUES(712,'TFFM0123',3,'MA0526',3,'USF2',-52743.1,-52350.3,'ReMap2020_USF2');
INSERT INTO "TFFM" VALUES(713,'TFFM0130',2,'MA0528',2,'ZNF263',-6001.14,-3593.03,'ReMap2020_ZNF263');
INSERT INTO "TFFM" VALUES(714,'TFFM0133',2,'MA1102',2,'CTCFL',-11171.5,-13937.8,'CistromeDB_46293');
INSERT INTO "TFFM" VALUES(715,'TFFM0135',2,'MA1103',2,'FOXK2',-842.407,-689.175,'CistromeDB_63240');
INSERT INTO "TFFM" VALUES(716,'TFFM0137',2,'MA1104',2,'GATA6',-16638.3,-15911.3,'CistromeDB_87381');
INSERT INTO "TFFM" VALUES(717,'TFFM0138',2,'MA1105',2,'GRHL2',-18530.4,-4375.95,'ReMap2020_GRHL2');
INSERT INTO "TFFM" VALUES(718,'TFFM0141',2,'MA0620',3,'MITF',-41312.6,-40904.8,'ReMap2020_MITF');
INSERT INTO "TFFM" VALUES(719,'TFFM0142',2,'MA1108',2,'MXI1',-6997.91,-5489.47,'ReMap2020_MXI1');
INSERT INTO "TFFM" VALUES(720,'TFFM0146',2,'MA1113',2,'PBX2',-11798.6,-10842.1,'ReMap2020_PBX2');
INSERT INTO "TFFM" VALUES(721,'TFFM0155',2,'MA1123',2,'TWIST1',-19404.2,-19306.2,'ReMap2020_TWIST1');
INSERT INTO "TFFM" VALUES(722,'TFFM0163',2,'MA0833',2,'ATF4',-25281.8,-25527.4,'ReMap2020_ATF4');
INSERT INTO "TFFM" VALUES(723,'TFFM0170',2,'MA0640',2,'ELF3',-12325.0,-11126.7,'ReMap2020_ELF3');
INSERT INTO "TFFM" VALUES(724,'TFFM0172',2,'MA0761',2,'ETV1',-26623.2,-11638.5,'ReMap2020_ETV1');
INSERT INTO "TFFM" VALUES(725,'TFFM0173',2,'MA0764',2,'ETV4',-5408.93,-5298.6,'ReMap2020_ETV4');
INSERT INTO "TFFM" VALUES(726,'TFFM0185',2,'MA0700',2,'LHX2',-3102.0,-3069.65,'CistromeDB_50899');
INSERT INTO "TFFM" VALUES(727,'TFFM0188',2,'MA0659',2,'MAFG',-42114.5,-46397.0,'ReMap2020_MAFG');
INSERT INTO "TFFM" VALUES(728,'TFFM0196',2,'MA0679',2,'ONECUT1',-45615.4,-45369.6,'ReMap2020_ONECUT1');
INSERT INTO "TFFM" VALUES(729,'TFFM0197',2,'MA0712',2,'OTX2',-45580.6,-44343.9,'ReMap2020_OTX2');
INSERT INTO "TFFM" VALUES(730,'TFFM0209',2,'MA0769',2,'TCF7',-3974.85,-2345.83,'ReMap2020_TCF7');
INSERT INTO "TFFM" VALUES(731,'TFFM0210',2,'MA0090',3,'TEAD1',-53709.6,-52968.6,'ReMap2020_TEAD1');
INSERT INTO "TFFM" VALUES(732,'TFFM0229',2,'MA1227',2,'ERF027',-12031.3,-11898.6,'ReMap2020_ERF027');
INSERT INTO "TFFM" VALUES(733,'TFFM0242',2,'MA1062',2,'TCP15',-1094.93,-1087.55,'ReMap2020_TCP15');
INSERT INTO "TFFM" VALUES(734,'TFFM0253',2,'MA1245',2,'AT2G33710',-627.098,-597.646,'ReMap2020_AT2G33710');
INSERT INTO "TFFM" VALUES(735,'TFFM0267',2,'MA1265',2,'ERF015',-610.479,-646.735,'ReMap2020_ERF015');
INSERT INTO "TFFM" VALUES(736,'TFFM0278',2,'MA1398',2,'KUA1',-1500.82,-1604.77,'ReMap2020_KUA1');
INSERT INTO "TFFM" VALUES(737,'TFFM0290',2,'MA1329',2,'ZHD1',-626.638,-600.641,'ReMap2020_ZHD1');
INSERT INTO "TFFM" VALUES(738,'TFFM0294',2,'MA0110',3,'ATHB-5',-2430.84,-2273.55,'ReMap2020_ATHB-5');
INSERT INTO "TFFM" VALUES(739,'TFFM0317',2,'MA0974',2,'CDF3',-586.493,-545.165,'ReMap2020_CDF3');
INSERT INTO "TFFM" VALUES(740,'TFFM0330',2,'MA1001',2,'ERF11',-400.308,-352.497,'ReMap2020_ERF11');
INSERT INTO "TFFM" VALUES(741,'TFFM0333',2,'MA1005',2,'ERF3',-495.944,-496.348,'ReMap2020_ERF3');
INSERT INTO "TFFM" VALUES(742,'TFFM0335',2,'MA0992',2,'ERF4',-420.752,-475.597,'ReMap2020_ERF4');
INSERT INTO "TFFM" VALUES(743,'TFFM0342',2,'MA0565',2,'FUS3',-765.452,-784.759,'ReMap2020_FUS3');
INSERT INTO "TFFM" VALUES(744,'TFFM0361',2,'MA1391',2,'MYB33',-300.725,-309.04,'ReMap2020_MYB33');
INSERT INTO "TFFM" VALUES(745,'TFFM0369',2,'MA1394',2,'MYB73',-934.801,-939.836,'ReMap2020_MYB73');
INSERT INTO "TFFM" VALUES(746,'TFFM0395',2,'MA1065',2,'TCP20',-1407.65,-1380.04,'ReMap2020_TCP20');
INSERT INTO "TFFM" VALUES(747,'TFFM0405',2,'MA1047',2,'TGA5',-3077.71,-3101.96,'ReMap2020_TGA5');
INSERT INTO "TFFM" VALUES(748,'TFFM0412',2,'MA1076',2,'WRKY15',-1033.28,-1032.14,'ReMap2020_WRKY15');
INSERT INTO "TFFM" VALUES(749,'TFFM0420',2,'MA1311',2,'WRKY28',-1168.58,-1164.21,'ReMap2020_WRKY28');
INSERT INTO "TFFM" VALUES(750,'TFFM0460',2,'MA0976',2,'CRF4',-495.791,-466.895,'ReMap2020_CRF4');
INSERT INTO "TFFM" VALUES(751,'TFFM0471',2,'MA0598',3,'EHF',-8834.64,-8590.58,'ReMap2020_EHF');
INSERT INTO "TFFM" VALUES(752,'TFFM0477',2,'MA0995',2,'ERF039',-833.412,-897.187,'ReMap2020_ERF039');
INSERT INTO "TFFM" VALUES(753,'TFFM0480',2,'MA0765',2,'ETV5',-3491.0,-2969.52,'ReMap2020_ETV5');
INSERT INTO "TFFM" VALUES(754,'TFFM0500',2,'MA0043',3,'HLF',-110322.0,-110213.0,'CistromeDB_63808');
INSERT INTO "TFFM" VALUES(755,'TFFM0531',2,'MA0056',2,'MZF1',-9956.44,-8446.94,'CistromeDB_39098');
INSERT INTO "TFFM" VALUES(756,'TFFM0539',2,'MA0025',2,'NFIL3',-7253.87,-6497.02,'ReMap2020_NFIL3');
INSERT INTO "TFFM" VALUES(757,'TFFM0554',2,'MA0681',2,'PHOX2B',-48158.0,-46857.0,'ReMap2020_PHOX2B');
INSERT INTO "TFFM" VALUES(758,'TFFM0560',2,'MA0782',2,'PKNOX1',-28150.9,-26370.9,'ReMap2020_PKNOX1');
INSERT INTO "TFFM" VALUES(759,'TFFM0562',2,'MA0627',2,'POU2F3',-31685.8,-31570.3,'ReMap2020_POU2F3');
INSERT INTO "TFFM" VALUES(760,'TFFM0569',2,'MA0980',2,'RAP2-10',-2889.54,-2842.09,'ReMap2020_RAP2-10');
INSERT INTO "TFFM" VALUES(761,'TFFM0577',2,'MA0798',2,'RFX3',-6635.42,-6586.38,'CistromeDB_56036');
INSERT INTO "TFFM" VALUES(762,'TFFM0580',2,'MA0743',2,'SCRT1',-88227.0,-88451.1,'ReMap2020_SCRT1');
INSERT INTO "TFFM" VALUES(763,'TFFM0581',2,'MA0744',2,'SCRT2',-56382.9,-56310.4,'ReMap2020_SCRT2');
INSERT INTO "TFFM" VALUES(764,'TFFM0601',2,'MA0830',2,'TCF4',-13867.4,-12992.7,'ReMap2020_TCF4');
INSERT INTO "TFFM" VALUES(765,'TFFM0621',2,'MA0748',2,'YY2',-398.929,-329.743,'ReMap2020_YY2');
INSERT INTO "TFFM" VALUES(766,'TFFM0647',1,'MA1659',1,'ABF4',-4241.86,-4214.43,'ReMap2020_ABF4');
INSERT INTO "TFFM" VALUES(767,'TFFM0648',1,'MA1663',1,'ANAC050',-18801.8,-19064.4,'ReMap2020_ANAC050');
INSERT INTO "TFFM" VALUES(768,'TFFM0649',1,'MA1660',1,'ANAC13',-4941.77,-4925.77,'ReMap2020_ANAC13');
INSERT INTO "TFFM" VALUES(769,'TFFM0650',1,'MA1661',1,'AT-GTL1',-939.603,-890.733,'ReMap2020_AT-GTL1');
INSERT INTO "TFFM" VALUES(770,'TFFM0651',1,'MA1662',1,'AT3G10030',-956.459,-1031.62,'ReMap2020_AT3G10030');
INSERT INTO "TFFM" VALUES(771,'TFFM0652',1,'MA1365',2,'AT5G47660',-8057.51,-7845.66,'ReMap2020_AT5G47660');
INSERT INTO "TFFM" VALUES(772,'TFFM0653',1,'MA1632',1,'ATF2',-74692.5,-74475.6,'ReMap2020_ATF2');
INSERT INTO "TFFM" VALUES(773,'TFFM0654',1,'MA1633',1,'BACH1',-3482.7,-3307.9,'CistromeDB_45690');
INSERT INTO "TFFM" VALUES(774,'TFFM0655',1,'MA1634',1,'BATF',-13533.0,-11833.4,'ReMap2020_BATF');
INSERT INTO "TFFM" VALUES(775,'TFFM0656',1,'MA0835',2,'BATF3',-6660.29,-6627.07,'ReMap2020_BATF3');
INSERT INTO "TFFM" VALUES(776,'TFFM0657',1,'MA0968',2,'BZIP68',-6774.14,-6723.16,'ReMap2020_BZIP68');
INSERT INTO "TFFM" VALUES(777,'TFFM0658',1,'MA1700',1,'CLAMP',-229.442,-264.835,'GTRD_EXP040909');
INSERT INTO "TFFM" VALUES(778,'TFFM0659',1,'MA1668',1,'DPBF3',-4398.36,-4385.08,'ReMap2020_DPBF3');
INSERT INTO "TFFM" VALUES(779,'TFFM0660',1,'MA1669',1,'DREB1B',-3639.04,-3530.68,'ReMap2020_DREB1B');
INSERT INTO "TFFM" VALUES(780,'TFFM0661',1,'MA1670',1,'DREB1C',-23166.7,-23184.2,'ReMap2020_DREB1C');
INSERT INTO "TFFM" VALUES(781,'TFFM0662',1,'MA1637',1,'EBF3',-13196.8,-12036.9,'CistromeDB_76849');
INSERT INTO "TFFM" VALUES(782,'TFFM0663',1,'MA1701',1,'ELT-2',-374.846,-385.958,'GTRD_EXP043487');
INSERT INTO "TFFM" VALUES(783,'TFFM0664',1,'MA1233',2,'ERF021',-1934.33,-1813.92,'ReMap2020_ERF021');
INSERT INTO "TFFM" VALUES(784,'TFFM0665',1,'MA1223',1,'ERF035',-12685.8,-12685.8,'ReMap2020_ERF035');
INSERT INTO "TFFM" VALUES(785,'TFFM0666',1,'MA1671',1,'ERF118',-516.326,-544.211,'ReMap2020_ERF118');
INSERT INTO "TFFM" VALUES(786,'TFFM0667',1,'MA1683',1,'FOXA3',-5909.45,-5329.49,'ReMap2020_FOXA3');
INSERT INTO "TFFM" VALUES(787,'TFFM0668',1,'MA1672',1,'GBF2',-5655.27,-5689.45,'ReMap2020_GBF2');
INSERT INTO "TFFM" VALUES(788,'TFFM0669',1,'MA1368',2,'GT-4',-845.342,-844.826,'ReMap2020_GT-4');
INSERT INTO "TFFM" VALUES(789,'TFFM0670',1,'MA1638',1,'HAND2',-6106.33,-4885.38,'ReMap2020_HAND2');
INSERT INTO "TFFM" VALUES(790,'TFFM0671',1,'MA1664',1,'HSFA6B',-2540.12,-2523.12,'ReMap2020_HSFA6B');
INSERT INTO "TFFM" VALUES(791,'TFFM0672',1,'MA1665',1,'HSFB2A',-978.272,-1004.12,'ReMap2020_HSFB2A');
INSERT INTO "TFFM" VALUES(792,'TFFM0673',1,'MA1666',1,'HSFB2B',-3614.8,-3650.12,'ReMap2020_HSFB2B');
INSERT INTO "TFFM" VALUES(793,'TFFM0674',1,'MA1667',1,'HSFC1',-3659.65,-3852.61,'ReMap2020_HSFC1');
INSERT INTO "TFFM" VALUES(794,'TFFM0675',1,'MA1673',1,'LBD18',-2359.21,-2523.21,'ReMap2020_LBD18');
INSERT INTO "TFFM" VALUES(795,'TFFM0676',1,'MA1641',1,'MYF5',-56708.1,-56875.5,'CistromeDB_67908');
INSERT INTO "TFFM" VALUES(796,'TFFM0677',1,'MA1674',1,'NAC017',-4108.33,-4125.93,'ReMap2020_NAC017');
INSERT INTO "TFFM" VALUES(797,'TFFM0678',1,'MA1675',1,'NAC029',-1702.0,-1698.6,'ReMap2020_NAC029');
INSERT INTO "TFFM" VALUES(798,'TFFM0679',1,'MA1676',1,'NAC062',-4192.15,-4180.5,'ReMap2020_NAC062');
INSERT INTO "TFFM" VALUES(799,'TFFM0680',1,'MA1677',1,'NAC078',-8016.56,-7896.28,'ReMap2020_NAC078');
INSERT INTO "TFFM" VALUES(800,'TFFM0681',1,'MA1643',1,'NFIB',-13377.9,-13362.8,'ReMap2020_NFIB');
INSERT INTO "TFFM" VALUES(801,'TFFM0682',1,'MA1644',1,'NFYC',-2212.89,-2092.54,'ReMap2020_NFYC');
INSERT INTO "TFFM" VALUES(802,'TFFM0683',1,'MA1645',1,'NKX2-2',-11918.1,-11414.9,'ReMap2020_NKX2-2');
INSERT INTO "TFFM" VALUES(803,'TFFM0684',1,'MA1678',1,'NTL8',-3562.56,-3518.45,'ReMap2020_NTL8');
INSERT INTO "TFFM" VALUES(804,'TFFM0686',1,'MA1166',1,'PHL12',-4196.94,-4164.94,'ReMap2020_PHL12');
INSERT INTO "TFFM" VALUES(805,'TFFM0687',1,'MA1703',1,'PQM-1',-1476.23,-1437.41,'GTRD_EXP043491');
INSERT INTO "TFFM" VALUES(806,'TFFM0688',1,'MA1647',1,'PRDM4',-615.116,-730.63,'CistromeDB_37710');
INSERT INTO "TFFM" VALUES(807,'TFFM0689',1,'MA1679',1,'RAP2-1',-733.061,-727.33,'ReMap2020_RAP2-1');
INSERT INTO "TFFM" VALUES(808,'TFFM0690',1,'MA1680',1,'RVE7',-2277.46,-2292.95,'ReMap2020_RVE7');
INSERT INTO "TFFM" VALUES(809,'TFFM0691',1,'MA1681',1,'SRM1',-2241.22,-2201.56,'ReMap2020_SRM1');
INSERT INTO "TFFM" VALUES(810,'TFFM0692',1,'MA1682',1,'TCX3',-281.413,-318.356,'ReMap2020_TCX3');
INSERT INTO "TFFM" VALUES(811,'TFFM0693',1,'MA1649',1,'ZBTB12',-1469.4,-1551.54,'ReMap2020_ZBTB12');
INSERT INTO "TFFM" VALUES(812,'TFFM0694',1,'MA1650',1,'ZBTB14',-973.655,-796.071,'ReMap2020_ZBTB14');
INSERT INTO "TFFM" VALUES(813,'TFFM0695',1,'MA1651',1,'ZFP42',-2200.86,-2227.09,'ReMap2020_ZFP42');
INSERT INTO "TFFM" VALUES(814,'TFFM0696',1,'MA1704',1,'ZIP-8',-3494.12,-3614.48,'GTRD_EXP043824');
INSERT INTO "TFFM" VALUES(815,'TFFM0697',1,'MA1652',1,'ZKSCAN5',-1955.73,-1760.49,'ReMap2020_ZKSCAN5');
INSERT INTO "TFFM" VALUES(816,'TFFM0698',1,'MA1653',1,'ZNF148',-3360.59,-2567.83,'ReMap2020_ZNF148');
INSERT INTO "TFFM" VALUES(817,'TFFM0699',1,'MA1654',1,'ZNF16',-669.077,-663.192,'ReMap2020_ZNF16');
INSERT INTO "TFFM" VALUES(818,'TFFM0700',1,'MA1655',1,'ZNF341',-1529.97,-1242.06,'ReMap2020_ZNF341');
INSERT INTO "TFFM" VALUES(819,'TFFM0701',1,'MA1656',1,'ZNF449',-1216.79,-1217.7,'CistromeDB_65165');
INSERT INTO "TFFM" VALUES(820,'TFFM0702',1,'MA1657',1,'ZNF652',-2754.12,-2656.05,'ReMap2020_ZNF652');
CREATE INDEX "idx_TFFM_BASE_ID" ON "TFFM" (`BASE_ID`,`VERSION`);
CREATE INDEX "idx_TFFM_MATRIX_BASE_ID" ON "TFFM" (`MATRIX_BASE_ID`,`MATRIX_VERSION`);
COMMIT;
